{"id":100,"date":"2022-12-15T18:54:22","date_gmt":"2022-12-15T18:54:22","guid":{"rendered":"http:\/\/petworld.ma\/?post_type=product&#038;p=100"},"modified":"2026-03-12T16:28:45","modified_gmt":"2026-03-12T16:28:45","slug":"royal-canin-chiot-yorkshire-terrier-15-kg","status":"publish","type":"product","link":"https:\/\/petworld.ma\/index.php\/produit\/royal-canin-chiot-yorkshire-terrier-15-kg\/","title":{"rendered":"Royal Canin Chiot Yorkshire Terrier 1.5 Kg"},"content":{"rendered":"<div>\n<div>\n<h2>Aliment complet pour chiens &#8211; Sp\u00e9cialement con\u00e7u pour un Chiot Yorkshire Terrier, de 2 \u00e0 10 mois.<\/h2>\n<\/div>\n<\/div>\n<div>\n<div data-gtm-vis-first-on-screen-40760133_376=\"411858\" data-gtm-vis-first-on-screen-40760133_379=\"411858\" data-gtm-vis-has-fired-40760133_376=\"1\" data-gtm-vis-has-fired-40760133_379=\"1\" data-gtm-vis-recent-on-screen-40760133_376=\"411858\" data-gtm-vis-recent-on-screen-40760133_379=\"411858\" data-gtm-vis-total-visible-time-40760133_376=\"500\" data-gtm-vis-total-visible-time-40760133_379=\"500\" data-tms=\"Product description\">\n<p>ROYAL CANIN\u00ae Yorkshire Terrier Puppy est sp\u00e9cialement formul\u00e9 pour r\u00e9pondre \u00e0 tous les besoins nutritionnels de votre jeune Yorkshire Terrier et convient aux chiots de moins de 10 mois. \u00a0 Le syst\u00e8me immunitaire de votre jeune Yorkshire Terrier est encore immature et se d\u00e9veloppe progressivement, c\u2019est pourquoi ROYAL CANIN\u00ae Yorkshire Terrier Puppy contient un complexe d\u2019antioxydants (dont la vitamine E) pour renforcer les d\u00e9fenses naturelles de votre chiot tout au long de cette phase cl\u00e9 de croissance. \u00a0 La formule ROYAL CANIN\u00ae Yorkshire Terrier Puppy est enrichie en acides gras om\u00e9ga-3 (EPA et DHA) et en acides gras om\u00e9ga-6 (provenant de l\u2019huile de bourrache), ainsi qu\u2019en biotine pour pr\u00e9server la sant\u00e9 du pelage de votre chiot. \u00a0 ROYAL CANIN\u00ae Yorkshire Terrier Puppy contribue \u00e9galement \u00e0 soutenir sa sant\u00e9 digestive \u00e0 l\u2019aide de nutriments incluant des prot\u00e9ines de haute qualit\u00e9 hautement digestibles (L.I.P.) et des pr\u00e9biotiques (FOS) pour favoriser le bon \u00e9quilibre de la flore intestinale. \u00a0 De plus, les croquettes exclusives de ROYAL CANIN\u00ae Yorkshire Terrier Puppy renforcent l\u2019hygi\u00e8ne dentaire de votre chiot en ralentissant la formation de tartre.<\/p>\n<p><strong>BENEFICES :<\/strong><\/p>\n<div data-gtm-vis-first-on-screen-40760133_376=\"411858\" data-gtm-vis-first-on-screen-40760133_379=\"411858\" data-gtm-vis-has-fired-40760133_376=\"1\" data-gtm-vis-has-fired-40760133_379=\"1\" data-gtm-vis-recent-on-screen-40760133_376=\"411858\" data-gtm-vis-recent-on-screen-40760133_379=\"411858\" data-gtm-vis-total-visible-time-40760133_376=\"500\" data-gtm-vis-total-visible-time-40760133_379=\"500\" data-tms=\"Product description\">\n<ul>\n<li>\n<div>Soutien du syst\u00e8me immunitaire<\/div>\n<div>La croissance est une \u00e9tape essentielle dans la vie d\u2019un chien : c\u2019est le moment des grands changements, des d\u00e9couvertes et des nouvelles rencontres.\u00a0Durant cette p\u00e9riode cl\u00e9, le syst\u00e8me immunitaire du chiot se construit progressivement. Yorkshire Terrier Puppy aide \u00e0 soutenir les d\u00e9fenses naturelles du chiot notamment gr\u00e2ce \u00e0 un complexe d\u2019antioxydants comprenant de la vitamine E.<\/div>\n<\/li>\n<li>\n<div>Sant\u00e9 du pelage<\/div>\n<div>Cette formule exclusive contribue au maintien de la sant\u00e9 du long pelage du Yorkshire Terrier. Enrichi avec des teneurs adapt\u00e9es en acides gras om\u00e9ga 3 (EPA et DHA), acides gras om\u00e9ga 6, huile de bourrache et biotine.<\/div>\n<\/li>\n<li>\n<div>Sant\u00e9 digestive<\/div>\n<div>Combinaison de nutriments avec des prot\u00e9ines de haute qualit\u00e9 (L.I.P.*) et des pr\u00e9biotiques (FOS) pour favoriser la sant\u00e9 digestive et l\u2019\u00e9quilibre de la flore intestinale, contribuant ainsi \u00e0 la bonne qualit\u00e9 des selles. *Prot\u00e9ines s\u00e9lectionn\u00e9es pour leur tr\u00e8s haute digestibilit\u00e9.<\/div>\n<\/li>\n<li>\n<div>Croquette exclusive : sant\u00e9 bucco-dentaire<\/div>\n<div>Cette formule aide \u00e0 r\u00e9duire le risque de formation de tartre gr\u00e2ce \u00e0 des ch\u00e9lateurs de calcium.<\/div>\n<\/li>\n<\/ul>\n<p>INFORMATIONS NUTRITIONELLES :<\/p>\n<div data-gtm-vis-first-on-screen-40760133_376=\"411858\" data-gtm-vis-first-on-screen-40760133_379=\"411858\" data-gtm-vis-has-fired-40760133_376=\"1\" data-gtm-vis-has-fired-40760133_379=\"1\" data-gtm-vis-recent-on-screen-40760133_376=\"411858\" data-gtm-vis-recent-on-screen-40760133_379=\"411858\" data-gtm-vis-total-visible-time-40760133_376=\"500\" data-gtm-vis-total-visible-time-40760133_379=\"500\" data-tms=\"Product description\">\n<p>\u00a0Composition : prot\u00e9ines de volaille d\u00e9shydrat\u00e9es, riz, farine de ma\u00efs, graisses animales, isolat de prot\u00e9ines v\u00e9g\u00e9tales*, pulpe de betterave, hydrolysat de prot\u00e9ines animales, sels min\u00e9raux, huile de soja, huile de poisson, levures et composants de levures, fructo-oligo-saccharides (0,34 %), hydrolysat de levures (source de manno-oligosaccharides), huile de bourrache, extraits de levure (source de b\u00eata-glucans), extrait de rose d\u2019Inde (source de lut\u00e9ine).<\/p>\n<p>Additifs (au kg) : Additifs nutritionnels : Vitamine A : 29000 UI, Vitamine D3 : 800 UI, Vitamine E : 590 mg, E1 (Fer) : 39 mg, E2 (Iode) : 3,9 mg, E4 (Cuivre) : 12 mg, E5 (Mangan\u00e8se) : 51 mg, E6 (Zinc) : 106 mg, E8 (S\u00e9l\u00e9nium) : 0,08 mg, Biotine : 3 mg &#8211; Additifs technologiques : Clinoptilolite d\u2019origine s\u00e9dimentaire : 10 g &#8211; Additifs sensoriels : Extrait de yucca : 125 mg &#8211; Conservateurs &#8211; Antioxyg\u00e8nes.<\/p>\n<p>Constituants analytiques : Prot\u00e9ine : 29,0 % &#8211; Teneur en mati\u00e8res grasses : 20,0 % &#8211; Cendres brutes : 7,7 % &#8211; Cellulose brute : 1,3 % &#8211; Au kg : EPA\/DHA : 3,0 g &#8211; Acides gras om\u00e9ga 6 : 38 g.<\/p>\n<p>*L.I.P. : prot\u00e9ine s\u00e9lectionn\u00e9e pour sa tr\u00e8s haute digestibilit\u00e9.<\/p>\n<p>Mode d\u2019emploi : voir tableau. Num\u00e9ro de lot et d\u2019identifiant usine, \u00e0 utiliser de pr\u00e9f\u00e9rence avant : voir sur l\u2019emballage. \u00c0 conserver dans un endroit sec et frais.<\/p>\n<div data-gtm-vis-first-on-screen-40760133_376=\"411858\" data-gtm-vis-first-on-screen-40760133_379=\"411858\" data-gtm-vis-has-fired-40760133_376=\"1\" data-gtm-vis-has-fired-40760133_379=\"1\" data-gtm-vis-total-visible-time-40760133_376=\"500\" data-gtm-vis-total-visible-time-40760133_379=\"500\" data-tms=\"Product description\">\n<div>\n<div>\n<div>\n<div>\n<div><a href=\"https:\/\/wa.me\/212708052510\" target=\"_blank\" rel=\"noopener noreferrer\"><img decoding=\"async\" class=\"fr-fic fr-dib aligncenter\" src=\"https:\/\/cdn.youcan.shop\/stores\/d0742d556df94ddbc7ae4c9810aff04b\/others\/xQzaKaYPjCKi8gARuXFEc44jurmWbofqAI6N9An6.png\" width=\"326\" height=\"86\" data-fr-image-pasted=\"true\" data-name=\"stores\/d0742d556df94ddbc7ae4c9810aff04b\/others\/xQzaKaYPjCKi8gARuXFEc44jurmWbofqAI6N9An6.png\" \/><\/a><\/div>\n<\/div>\n<\/div>\n<\/div>\n<\/div>\n<\/div>\n<\/div>\n<\/div>\n<\/div>\n<\/div>\n","protected":false},"excerpt":{"rendered":"<p>Aliment complet pour chiens &#8211; Sp\u00e9cialement con\u00e7u pour un Chiot Yorkshire Terrier, de 2 \u00e0 10 mois. ROYAL CANIN\u00ae Yorkshire Terrier Puppy est sp\u00e9cialement formul\u00e9 pour r\u00e9pondre \u00e0 tous les besoins nutritionnels de votre jeune Yorkshire Terrier et convient aux chiots de moins de 10 mois. \u00a0 Le syst\u00e8me immunitaire de votre jeune Yorkshire Terrier [&#8230;]\n","protected":false},"featured_media":347,"template":"","meta":{"jetpack_publicize_message":"","jetpack_publicize_feature_enabled":true,"jetpack_social_post_already_shared":false,"jetpack_social_options":{"image_generator_settings":{"template":"highway","default_image_id":0,"font":"","enabled":false},"version":2}},"product_brand":[],"product_cat":[26],"product_tag":[],"class_list":{"0":"post-100","1":"product","2":"type-product","3":"status-publish","4":"has-post-thumbnail","6":"product_cat-croquettes","8":"first","9":"onbackorder","10":"sale","11":"taxable","12":"shipping-taxable","13":"purchasable","14":"product-type-simple"},"supplier_id":5587,"supplier_sku":"7123","barcode":null,"atum_controlled":true,"out_stock_date":"2026-03-12 16:28:44","out_stock_threshold":null,"inheritable":false,"inbound_stock":0,"stock_on_hold":0,"sold_today":0,"sales_last_days":0,"reserved_stock":0,"customer_returns":0,"warehouse_damage":0,"lost_in_post":0,"other_logs":0,"out_stock_days":45,"lost_sales":0,"has_location":false,"update_date":"2026-04-27T00:14:18","atum_locations":[],"atum_stock_status":"onbackorder","restock_status":false,"low_stock_amount":1,"sales_update_date":"2026-04-27T00:14:18","calc_backorders":0,"jetpack_publicize_connections":[],"jetpack_sharing_enabled":true,"batches":[{"id":"809","date_created":"2024-11-12 13:36:50","date_expiry":"2025-10-19 00:00:00","user_id":"1","batch_number":"RCYorkChiot191025","location":"","quantity":"1.0000","quantity_available":"0.0000","units":"1","status":"archived","order_ids":"[24207]","supplier":"Royal Canin","po":{"id":"786","date_created":"2024-11-12 13:36:51","batch_id":"809","po_number":"","supplier":"Royal Canin","cost":null,"regular_price":null,"sale_price":null,"price_margin":null,"price_discount":null}},{"id":"2891","date_created":"2025-04-10 20:25:50","date_expiry":"2025-12-01 00:00:00","user_id":"1","batch_number":"RCYorkChiot011225","location":"","quantity":"1.0000","quantity_available":"0.0000","units":"1","status":"archived","order_ids":"[30924]","supplier":"Royal Canin","po":{"id":"2857","date_created":"2025-04-10 20:25:51","batch_id":"2891","po_number":"","supplier":"Royal Canin","cost":null,"regular_price":null,"sale_price":null,"price_margin":null,"price_discount":null}}],"_links":{"self":[{"href":"https:\/\/petworld.ma\/index.php\/wp-json\/wp\/v2\/product\/100","targetHints":{"allow":["GET"]}}],"collection":[{"href":"https:\/\/petworld.ma\/index.php\/wp-json\/wp\/v2\/product"}],"about":[{"href":"https:\/\/petworld.ma\/index.php\/wp-json\/wp\/v2\/types\/product"}],"wp:featuredmedia":[{"embeddable":true,"href":"https:\/\/petworld.ma\/index.php\/wp-json\/wp\/v2\/media\/347"}],"wp:attachment":[{"href":"https:\/\/petworld.ma\/index.php\/wp-json\/wp\/v2\/media?parent=100"}],"wp:term":[{"taxonomy":"product_brand","embeddable":true,"href":"https:\/\/petworld.ma\/index.php\/wp-json\/wp\/v2\/product_brand?post=100"},{"taxonomy":"product_cat","embeddable":true,"href":"https:\/\/petworld.ma\/index.php\/wp-json\/wp\/v2\/product_cat?post=100"},{"taxonomy":"product_tag","embeddable":true,"href":"https:\/\/petworld.ma\/index.php\/wp-json\/wp\/v2\/product_tag?post=100"}],"curies":[{"name":"wp","href":"https:\/\/api.w.org\/{rel}","templated":true}]}}