{"id":10070,"date":"2024-07-17T15:06:49","date_gmt":"2024-07-17T15:06:49","guid":{"rendered":"https:\/\/petworld.ma\/?post_type=product&#038;p=10070"},"modified":"2026-04-22T09:36:49","modified_gmt":"2026-04-22T09:36:49","slug":"brit-care-mini-grain-free-adult-lamb-agneau-2kg","status":"publish","type":"product","link":"https:\/\/petworld.ma\/index.php\/produit\/brit-care-mini-grain-free-adult-lamb-agneau-2kg\/","title":{"rendered":"Brit Care Dog Grain Free Mini Adult Lamb ( Petite Race \u00e0 l&rsquo;Agneau) 2kg"},"content":{"rendered":"<div class=\"hidden-xs\">\n<p style=\"font-weight: 400;\">Formule hypoallerg\u00e9nique, sans c\u00e9r\u00e9ales pour chiens sensibles de races Mini.<\/p>\n<\/div>\n<p><b><strong>Composition:<\/strong><\/b><\/p>\n<p>farine de viande d\u2019agneau (30\u00a0%), prot\u00e9ines d\u2019agneau frais (15\u00a0%), pois jaunes, graisse de poulet (conserv\u00e9e par des tocoph\u00e9rols), pois chiches, sarrasin, pommes s\u00e9ch\u00e9es, graine de lin (3\u00a0%), huile de saumon (2\u00a0%), levure de bi\u00e8re, algues (0,5\u00a0%,\u00a0<em>Ascophyllum nodosum<\/em>), coquilles de crustac\u00e9s hydrolys\u00e9es (source de glucosamine, 260\u00a0mg\/kg), myrtilles (230\u00a0mg\/kg, source de polyph\u00e9nols 70\u00a0mg\/kg &amp; flavono\u00efdes 30\u00a0mg\/kg), extrait de cartilage (source de chondro\u00eftine, 160\u00a0mg\/kg), manno-oligosaccharides (150\u00a0mg\/kg), herbes et fruits (romarin, agrumes, curcuma, 150\u00a0mg\/kg), fructo-oligosaccharides (100\u00a0mg\/kg),\u00a0<em>Yucca schidigera\u00a0<\/em>(100\u00a0mg\/kg), inuline (90\u00a0mg\/kg), chardon-marie (75\u00a0mg\/kg), argousier (75\u00a0mg\/kg), camomille (30\u00a0mg\/kg), clous de girofle (30\u00a0mg\/kg), sauge (25\u00a0mg\/kg).<\/p>\n<p><b><strong>Composants analytiques:<\/strong><\/b><\/p>\n<p>prot\u00e9ine brute 29,0\u00a0%, teneur en mati\u00e8res grasses 18,0\u00a0%, humidit\u00e9 10,0\u00a0%, cendres brutes 8,4\u00a0%, cellulose brute 2,5\u00a0%, calcium 1,6\u00a0%, phosphore 1,3\u00a0%, acides gras Om\u00e9ga-3 1,1\u00a0%, acides gras Om\u00e9ga-6 2,3\u00a0%.<\/p>\n<p><b><strong>Ingr\u00e9dients:<\/strong><\/b><\/p>\n<p>vitamine\u00a0A (3a672a) 20\u00a0000\u00a0UI\u00a0; vitamine\u00a0D<sub>3<\/sub>\u00a0(E671) 1\u00a0500\u00a0UI\u00a0; vitamine\u00a0E (\u03b1-tocoph\u00e9rol) (3a700) 500\u00a0mg\u00a0; vitamine\u00a0C (3a312) 300\u00a0mg\u00a0; chlorure de choline (3a890) 700\u00a0mg\u00a0; taurine (3a370) 200\u00a0mg\u00a0; biotine (3a880) 3\u00a0mg\u00a0; vitamine\u00a0B<sub>1<\/sub>\u00a0(3a821) 1\u00a0mg\u00a0; vitamine\u00a0B<sub>2<\/sub>\u00a04\u00a0mg\u00a0; niacinamide (3a315) 12\u00a0mg\u00a0; D-pantoth\u00e9nate de calcium (3a841) 10\u00a0mg\u00a0; vitamine\u00a0B<sub>6<\/sub>\u00a0(3a831) 1\u00a0mg\u00a0; acide folique (3a316) 0,5\u00a0mg\u00a0; vitamine\u00a0B<sub>12<\/sub>\u00a00,04\u00a0mg\u00a0; ch\u00e9late de zinc d\u2019acides amin\u00e9s, hydrat\u00e9 100\u00a0mg\u00a0; sulfate ferreux, monohydrat\u00e9 80\u00a0mg\u00a0; oxyde manganeux 40\u00a0mg\u00a0; iodure de potassium 0,75\u00a0mg\u00a0; ch\u00e9late cuivreux d\u2019acides amin\u00e9s, hydrat\u00e9 15\u00a0mg\u00a0; forme organique du s\u00e9l\u00e9nium produite par\u00a0<em>Saccharomyces cerevisiae<\/em>\u00a0CNCM I-3060 0,2\u00a0mg.<\/p>\n<p><b><strong>Metabolizable energy:<\/strong><\/b><\/p>\n<p>3,880 kcal\/kg<\/p>\n","protected":false},"excerpt":{"rendered":"<p style=\"font-weight: 400;\">Formule hypoallerg\u00e9nique, sans c\u00e9r\u00e9ales pour chiens adultes de races Mini. Aliment complet pour chiens<\/p>\n<p style=\"font-weight: 400;\">Aliment complet pour chiens.<\/p>\n","protected":false},"featured_media":10071,"template":"","meta":{"jetpack_publicize_message":"","jetpack_publicize_feature_enabled":true,"jetpack_social_post_already_shared":true,"jetpack_social_options":{"image_generator_settings":{"template":"highway","default_image_id":0,"font":"","enabled":false},"version":2}},"product_brand":[],"product_cat":[26],"product_tag":[],"class_list":{"0":"post-10070","1":"product","2":"type-product","3":"status-publish","4":"has-post-thumbnail","6":"product_cat-croquettes","8":"first","9":"instock","10":"taxable","11":"shipping-taxable","12":"purchasable","13":"product-type-simple"},"supplier_id":5590,"supplier_sku":"","barcode":null,"atum_controlled":true,"out_stock_date":null,"out_stock_threshold":null,"inheritable":false,"inbound_stock":0,"stock_on_hold":0,"sold_today":0,"sales_last_days":0,"reserved_stock":0,"customer_returns":0,"warehouse_damage":0,"lost_in_post":0,"other_logs":0,"out_stock_days":0,"lost_sales":0,"has_location":false,"update_date":"2026-04-26T00:13:54","atum_locations":[],"atum_stock_status":"instock","restock_status":false,"low_stock_amount":3,"sales_update_date":"2026-04-26T00:13:54","calc_backorders":null,"jetpack_publicize_connections":[],"jetpack_sharing_enabled":true,"batches":[{"id":"1461","date_created":"2024-12-31 22:32:03","date_expiry":"2026-01-28 00:00:00","user_id":"2760","batch_number":"BritCareMiniGrainFreeAdultLamb2KG","location":"","quantity":"9.0000","quantity_available":"0.0000","units":"1","status":"archived","order_ids":"[25470,26222,26693,27525,29153,29169]","supplier":"Brit","po":{"id":"1435","date_created":"2024-12-31 22:32:06","batch_id":"1461","po_number":"","supplier":"Brit","cost":null,"regular_price":null,"sale_price":null,"price_margin":null,"price_discount":null}},{"id":"5945","date_created":"2025-10-30 23:48:04","date_expiry":"2027-03-01 00:00:00","user_id":"2760","batch_number":"BritCareMiniGrainFreeAdultLamb2KG010327","location":"","quantity":"6.0000","quantity_available":"0.0000","units":"1","status":"archived","order_ids":"[31256,31347,31805,33523,35602]","supplier":" BRIT","po":{"id":"5883","date_created":"2025-10-30 23:48:04","batch_id":"5945","po_number":"","supplier":" BRIT","cost":null,"regular_price":null,"sale_price":null,"price_margin":null,"price_discount":null}},{"id":"6567","date_created":"2025-12-09 14:29:07","date_expiry":"2027-05-30 00:00:00","user_id":"2760","batch_number":"BritCareMiniGrainFreeAdultLamb2KG300527","location":"","quantity":"2.0000","quantity_available":"0.0000","units":"1","status":"archived","order_ids":"[39451]","supplier":" BRIT","po":{"id":"6512","date_created":"2025-12-09 14:29:08","batch_id":"6567","po_number":"","supplier":" BRIT","cost":null,"regular_price":null,"sale_price":null,"price_margin":null,"price_discount":null}},{"id":"7029","date_created":"2026-01-02 10:26:32","date_expiry":"2027-05-02 00:00:00","user_id":"2760","batch_number":"BritCareMiniGrainFreeAdultLamb2KG020527","location":"","quantity":"6.0000","quantity_available":"0.0000","units":"1","status":"archived","order_ids":"[35602,36081,36783,37413,38734,38913]","supplier":"Brit","po":{"id":"6968","date_created":"2026-01-02 10:26:33","batch_id":"7029","po_number":"","supplier":"Brit","cost":null,"regular_price":null,"sale_price":null,"price_margin":null,"price_discount":null}},{"id":"8991","date_created":"2026-04-22 09:36:48","date_expiry":"2027-06-17 00:00:00","user_id":"2760","batch_number":"BritCareMiniGrainFreeAdultLamb2KG170627","location":"","quantity":"3.0000","quantity_available":"3.0000","units":"1","status":"active","order_ids":null,"supplier":" BRIT","po":{"id":"8915","date_created":"2026-04-22 09:36:49","batch_id":"8991","po_number":"","supplier":" BRIT","cost":null,"regular_price":null,"sale_price":null,"price_margin":null,"price_discount":null}}],"_links":{"self":[{"href":"https:\/\/petworld.ma\/index.php\/wp-json\/wp\/v2\/product\/10070","targetHints":{"allow":["GET"]}}],"collection":[{"href":"https:\/\/petworld.ma\/index.php\/wp-json\/wp\/v2\/product"}],"about":[{"href":"https:\/\/petworld.ma\/index.php\/wp-json\/wp\/v2\/types\/product"}],"wp:featuredmedia":[{"embeddable":true,"href":"https:\/\/petworld.ma\/index.php\/wp-json\/wp\/v2\/media\/10071"}],"wp:attachment":[{"href":"https:\/\/petworld.ma\/index.php\/wp-json\/wp\/v2\/media?parent=10070"}],"wp:term":[{"taxonomy":"product_brand","embeddable":true,"href":"https:\/\/petworld.ma\/index.php\/wp-json\/wp\/v2\/product_brand?post=10070"},{"taxonomy":"product_cat","embeddable":true,"href":"https:\/\/petworld.ma\/index.php\/wp-json\/wp\/v2\/product_cat?post=10070"},{"taxonomy":"product_tag","embeddable":true,"href":"https:\/\/petworld.ma\/index.php\/wp-json\/wp\/v2\/product_tag?post=10070"}],"curies":[{"name":"wp","href":"https:\/\/api.w.org\/{rel}","templated":true}]}}