{"id":10081,"date":"2024-07-18T08:30:08","date_gmt":"2024-07-18T08:30:08","guid":{"rendered":"https:\/\/petworld.ma\/?post_type=product&#038;p=10081"},"modified":"2026-04-08T11:23:17","modified_gmt":"2026-04-08T11:23:17","slug":"brit-care-dog-functional-snack-antiparasitic-salmon-saumon-150g","status":"publish","type":"product","link":"https:\/\/petworld.ma\/index.php\/produit\/brit-care-dog-functional-snack-antiparasitic-salmon-saumon-150g\/","title":{"rendered":"Brit Care Dog Functional Snack Antiparasitic Salmon (Saumon) 150g"},"content":{"rendered":"<div class=\"hidden-xs\">\n<div class=\"hidden-xs\">\n<div class=\"hidden-xs\">Compl\u00e9ment alimentaire pour chiens. Friandise \u00e0 p\u00e2te molle.<\/div>\n<div><\/div>\n<p><strong>Saumon enrichi en camomille<\/strong><\/p>\n<div class=\"benefits\">\n<div class=\"benefits__item\"><img decoding=\"async\" src=\"https:\/\/brit-petfood.com\/file\/nodes\/pictograms\/antiparasitic.png\" alt=\"\" width=\"47\" height=\"48\" \/>Effet antiparasitaire. Enrichi avec une combinaison d&rsquo;aromates ayant un effet antiparasitaire.<\/div>\n<div class=\"benefits__item\"><img decoding=\"async\" src=\"https:\/\/brit-petfood.com\/file\/nodes\/pictograms\/grain-free.png\" alt=\"\" width=\"47\" height=\"48\" \/>Sans c\u00e9r\u00e9ales &amp; sans pommes de terre.<\/div>\n<div class=\"benefits__item\"><img decoding=\"async\" src=\"https:\/\/brit-petfood.com\/file\/nodes\/pictograms\/fulvin.png\" alt=\"\" width=\"47\" height=\"48\" \/>Les acides fulviques favorisent l&rsquo;absorption des nutriments.<\/div>\n<div class=\"benefits__item\"><img decoding=\"async\" src=\"https:\/\/brit-petfood.com\/file\/nodes\/pictograms\/cantalope.png\" alt=\"\" width=\"47\" height=\"48\" \/>Extrait de melon en tant que source d&rsquo;antioxydants.<\/div>\n<div class=\"benefits__item\"><img decoding=\"async\" src=\"https:\/\/brit-petfood.com\/file\/nodes\/pictograms\/cross.png\" alt=\"\" width=\"47\" height=\"48\" \/>Du collag\u00e8ne pour r\u00e9g\u00e9n\u00e9rer l&rsquo;appareil locomoteur. Des lactobacilles tyndallis\u00e9s pour une microflore intestinale saine.<\/div>\n<div class=\"benefits__item\"><img decoding=\"async\" src=\"https:\/\/brit-petfood.com\/file\/nodes\/icon-made-in-eu.png\" alt=\"\" width=\"47\" height=\"48\" \/>Fabriqu\u00e9 dans l\u2019UE\u00a0<b><\/b><\/div>\n<div><\/div>\n<\/div>\n<p><strong>POURQUOI LA CAMOMILLE?<\/strong>Depuis des si\u00e8cles, la camomille est utilis\u00e9e pour ses effets curatifs. Il s&rsquo;agit d&rsquo;une source naturelle d&rsquo;antioxydants ayant des propri\u00e9t\u00e9s antiseptiques et antiparasitaires.<\/p>\n<p><strong>SAUMON<\/strong>Une source d&rsquo;acides gras om\u00e9ga-3 qui renforcent le syst\u00e8me immunitaire et qui aident \u00e0 inhiber les processus infectieux dans l&rsquo;organisme.<\/p>\n<p class=\"composition\"><strong>Composition:<\/strong>\u00a0saumon d\u00e9shydrat\u00e9 (26\u00a0%), potiron (20%), amidon de l\u00e9gumes liquide (14\u00a0%), lentille rouge (13\u00a0%), prot\u00e9ines de saumon* (10\u00a0%), jus de saumon* (5\u00a0%), collag\u00e8ne* (4\u00a0%), ail des ours s\u00e9ch\u00e9 (1,8\u00a0%), camomille s\u00e9ch\u00e9e (1,5\u00a0%), menthe s\u00e9ch\u00e9e (1,5\u00a0%), huile de saumon (1\u00a0%), fenouil s\u00e9ch\u00e9 (0,5\u00a0%), ortie s\u00e9ch\u00e9e (0,5\u00a0%), acide fulvique (0,5\u00a0%), min\u00e9raux, cannelle s\u00e9ch\u00e9e (0,2\u00a0%), extrait de melon (0,01\u00a0%), Lactobacillus acidophilus HA \u2013 122 inactiv\u00e9 (15&#215;109 cellules\/kg). *hydrolys\u00e9.<\/p>\n<p><strong>Composants analytiques:<\/strong>\u00a0prot\u00e9ine brute 28,0 %, teneur en mati\u00e8res grasses 4,8 %, humidit\u00e9 17,0 %, cendres brutes 6,8 %, cellulose brute 1,0 %, calcium 1,1 %, phosphore 0,8\u00a0%, sodium 0,8 %, om\u00e9ga-3 0,35 %, om\u00e9ga-6 0,45 %.<\/p>\n<p><strong>Ingr\u00e9dients:<\/strong>\u00a0vitamine C (3a312) 300 mg. Contient des agents conservateurs approuv\u00e9s par l&rsquo;Union europ\u00e9enne : acide citrique (E 330), acide DL-malique (E 296).<\/p>\n<p><strong>Metabolizable energy:<\/strong>\u00a03 140 kcal\/kg<\/p>\n<\/div>\n<\/div>\n","protected":false},"excerpt":{"rendered":"<p class=\"hidden-xs\">Compl\u00e9ment alimentaire pour chiens. Friandise \u00e0 p\u00e2te molle.<\/p>\n","protected":false},"featured_media":10082,"template":"","meta":{"jetpack_publicize_message":"","jetpack_publicize_feature_enabled":true,"jetpack_social_post_already_shared":true,"jetpack_social_options":{"image_generator_settings":{"template":"highway","default_image_id":0,"font":"","enabled":false},"version":2}},"product_brand":[],"product_cat":[26,39],"product_tag":[],"class_list":{"0":"post-10081","1":"product","2":"type-product","3":"status-publish","4":"has-post-thumbnail","6":"product_cat-croquettes","7":"product_cat-friandises-et-pates-pour-chien","9":"first","10":"instock","11":"taxable","12":"shipping-taxable","13":"purchasable","14":"product-type-simple"},"supplier_id":5590,"supplier_sku":"","barcode":null,"atum_controlled":true,"out_stock_date":null,"out_stock_threshold":null,"inheritable":false,"inbound_stock":0,"stock_on_hold":0,"sold_today":0,"sales_last_days":0,"reserved_stock":0,"customer_returns":0,"warehouse_damage":0,"lost_in_post":0,"other_logs":0,"out_stock_days":0,"lost_sales":0,"has_location":false,"update_date":"2026-04-28T00:15:44","atum_locations":[],"atum_stock_status":"instock","restock_status":false,"low_stock_amount":20,"sales_update_date":"2026-04-28T00:15:44","calc_backorders":null,"jetpack_publicize_connections":[],"jetpack_sharing_enabled":true,"batches":[{"id":"820","date_created":"2024-11-15 09:56:00","date_expiry":"2026-02-22 00:00:00","user_id":"2760","batch_number":"BritSnackAntipara220226","location":"","quantity":"20.0000","quantity_available":"0.0000","units":"1","status":"archived","order_ids":"[14745,14772,15012,15445,15848,16696,16753,16805,17219,17336,17431,17447]","supplier":"Brit","po":{"id":"797","date_created":"2024-11-15 09:56:01","batch_id":"820","po_number":"","supplier":"Brit","cost":null,"regular_price":null,"sale_price":null,"price_margin":null,"price_discount":null}},{"id":"1450","date_created":"2024-12-31 21:59:12","date_expiry":"2026-06-22 00:00:00","user_id":"2760","batch_number":"BritSnackAntipara220626","location":"","quantity":"20.0000","quantity_available":"0.0000","units":"1","status":"archived","order_ids":"[17447,17555,17770,17803,17881,17961,17981,17939,18185,18224,18719,18914,19020,19170,19620,20075,20897]","supplier":"Brit","po":{"id":"1423","date_created":"2024-12-31 21:59:14","batch_id":"1450","po_number":"","supplier":"Brit","cost":null,"regular_price":null,"sale_price":null,"price_margin":null,"price_discount":null}},{"id":"1956","date_created":"2025-02-11 21:46:06","date_expiry":"2026-06-22 00:00:00","user_id":"2760","batch_number":"BritSnackAntipara220626NEW","location":"","quantity":"20.0000","quantity_available":"0.0000","units":"1","status":"archived","order_ids":"[20967,21452,21866,22007,22526,22812,22949,23222,23378,23510,23552,23831,23968,24810,24895]","supplier":"Brit","po":{"id":"1928","date_created":"2025-02-11 21:46:09","batch_id":"1956","po_number":"","supplier":"Brit","cost":null,"regular_price":null,"sale_price":null,"price_margin":null,"price_discount":null}},{"id":"3843","date_created":"2025-06-05 08:27:30","date_expiry":"2026-09-22 00:00:00","user_id":"2760","batch_number":"BritSnackAntipara220926NEW","location":"","quantity":"10.0000","quantity_available":"0.0000","units":"1","status":"archived","order_ids":"[25267,25359,26128,26679,27187,27955,28015,28563,28882]","supplier":"Brit","po":{"id":"3807","date_created":"2025-06-05 08:27:30","batch_id":"3843","po_number":"","supplier":"Brit","cost":null,"regular_price":null,"sale_price":null,"price_margin":null,"price_discount":null}},{"id":"5434","date_created":"2025-09-20 19:38:14","date_expiry":"2026-11-28 00:00:00","user_id":"2760","batch_number":"BritSnackAntipara281126","location":"","quantity":"10.0000","quantity_available":"3.0000","units":"1","status":"active","order_ids":"[29221,29607,29617,29854,30141,31020,31064,32761,33145,33269,33832,33841,34099,34427,35764,37109,37233,37918,38408,39172]","supplier":"Brit","po":{"id":"5391","date_created":"2025-09-20 19:38:15","batch_id":"5434","po_number":"","supplier":"Brit","cost":null,"regular_price":null,"sale_price":null,"price_margin":null,"price_discount":null}},{"id":"6582","date_created":"2025-12-09 16:54:02","date_expiry":"2027-01-30 00:00:00","user_id":"2760","batch_number":"BritSnackAntipara300127","location":"","quantity":"20.0000","quantity_available":"20.0000","units":"1","status":"active","order_ids":"[31883,32595]","supplier":"Brit","po":{"id":"6527","date_created":"2025-12-09 16:54:03","batch_id":"6582","po_number":"","supplier":"Brit","cost":null,"regular_price":null,"sale_price":null,"price_margin":null,"price_discount":null}}],"_links":{"self":[{"href":"https:\/\/petworld.ma\/index.php\/wp-json\/wp\/v2\/product\/10081","targetHints":{"allow":["GET"]}}],"collection":[{"href":"https:\/\/petworld.ma\/index.php\/wp-json\/wp\/v2\/product"}],"about":[{"href":"https:\/\/petworld.ma\/index.php\/wp-json\/wp\/v2\/types\/product"}],"wp:featuredmedia":[{"embeddable":true,"href":"https:\/\/petworld.ma\/index.php\/wp-json\/wp\/v2\/media\/10082"}],"wp:attachment":[{"href":"https:\/\/petworld.ma\/index.php\/wp-json\/wp\/v2\/media?parent=10081"}],"wp:term":[{"taxonomy":"product_brand","embeddable":true,"href":"https:\/\/petworld.ma\/index.php\/wp-json\/wp\/v2\/product_brand?post=10081"},{"taxonomy":"product_cat","embeddable":true,"href":"https:\/\/petworld.ma\/index.php\/wp-json\/wp\/v2\/product_cat?post=10081"},{"taxonomy":"product_tag","embeddable":true,"href":"https:\/\/petworld.ma\/index.php\/wp-json\/wp\/v2\/product_tag?post=10081"}],"curies":[{"name":"wp","href":"https:\/\/api.w.org\/{rel}","templated":true}]}}