{"id":10098,"date":"2024-07-18T09:44:37","date_gmt":"2024-07-18T09:44:37","guid":{"rendered":"https:\/\/petworld.ma\/?post_type=product&#038;p=10098"},"modified":"2026-03-30T19:18:22","modified_gmt":"2026-03-30T19:18:22","slug":"carnilove-cat-mousse-turkey-and-salmont-dinde-et-saumon-100g","status":"publish","type":"product","link":"https:\/\/petworld.ma\/index.php\/produit\/carnilove-cat-mousse-turkey-and-salmont-dinde-et-saumon-100g\/","title":{"rendered":"Carnilove Cat Mousse Turkey and Salmon (Dinde et Saumon) 100g"},"content":{"rendered":"<div class=\"container pt-30\">\n<div class=\"row\">\n<div class=\"col-12\">\n<div class=\"container pt-30\">\n<div class=\"row\">\n<div class=\"col-10\">\n<div class=\"container pt-30\">\n<div class=\"row\">\n<div class=\"col-10\">\n<p><img loading=\"lazy\" decoding=\"async\" class=\"benefits_icon\" src=\"https:\/\/carnilove.com\/assets\/front\/images\/grain-free-potato-free.png\" width=\"100\" height=\"99\" \/>CARNILOVE \u00c0 LA VIANDE BLANCHE DE DINDE ET AU SAUMON POUR CHATS ADULTES. ALIMENT COMPLET HUMIDE SUPERPREMIUM POUR CHATS ADULTES.<\/p>\n<h2>COMPOSITION<\/h2>\n<p>viande de dinde, foie de dinde, c\u0153urs de dinde 35 %, bouillon, saumon 20 %, airelles 1 %, min\u00e9raux 1 %, huile de saumon 0,1 %.<\/p>\n<h2>ADDITIFS NUTRITIONNELS POUR 1 KG<\/h2>\n<p>vitamine D3 (E671) 300 UI, vitamine E (3a700) 150 mg, taurine (3a370) 650 mg, calcium 0,2%, phosphore 0,3%, sodium 0,2%, biotine (3a880) 0,3 mg, ch\u00e9late cuivreux d&rsquo;acides amin\u00e9s, hydrat\u00e9 (3b405) 0,6 mg, ch\u00e9late ferreux d&rsquo;acides amin\u00e9s, hydrat\u00e9 (3b106) 12 mg, iodure de potassium (3b201) 1 mg, ch\u00e9late de mangan\u00e8se d&rsquo;acides amin\u00e9s, hydrat\u00e9 (3b504) 2,5 mg, ch\u00e9late de zinc d&rsquo;acides amin\u00e9s, hydrat\u00e9 (3b606) 15 mg.<\/p>\n<h2>COMPOSANT ANALYTIQUES POUR 1 KG<\/h2>\n<p>Prot\u00e9ine brute 10,6%, Mati\u00e8res grasses brutes 6,5%, Cendres brutes 2,3%, Cellulose brute 0,4%, Humidit\u00e9 79%, Calcium 0,2%, Phosphore 0,3%, Sodium 0,3%.<\/p>\n<h2>\u00c9NERGIE M\u00c9TABOLISABLE<\/h2>\n<p>1040 kcal\/kg<\/p>\n<\/div>\n<\/div>\n<\/div>\n<\/div>\n<\/div>\n<\/div>\n<\/div>\n<\/div>\n<\/div>\n","protected":false},"excerpt":{"rendered":"<p>CARNILOVE \u00c0 LA VIANDE BLANCHE DE DINDE ET AU SAUMON POUR CHATS ADULTES. ALIMENT COMPLET HUMIDE SUPERPREMIUM POUR CHATS ADULTES.<\/p>\n","protected":false},"featured_media":10091,"template":"","meta":{"jetpack_publicize_message":"","jetpack_publicize_feature_enabled":true,"jetpack_social_post_already_shared":true,"jetpack_social_options":{"image_generator_settings":{"template":"highway","default_image_id":0,"font":"","enabled":false},"version":2}},"product_brand":[],"product_cat":[41],"product_tag":[],"class_list":{"0":"post-10098","1":"product","2":"type-product","3":"status-publish","4":"has-post-thumbnail","6":"product_cat-friandises-et-pate-pour-chat","8":"first","9":"instock","10":"taxable","11":"shipping-taxable","12":"purchasable","13":"product-type-simple"},"supplier_id":7839,"supplier_sku":"","barcode":null,"atum_controlled":true,"out_stock_date":null,"out_stock_threshold":null,"inheritable":false,"inbound_stock":0,"stock_on_hold":0,"sold_today":0,"sales_last_days":0,"reserved_stock":0,"customer_returns":0,"warehouse_damage":0,"lost_in_post":0,"other_logs":0,"out_stock_days":0,"lost_sales":0,"has_location":false,"update_date":"2026-04-23T00:11:53","atum_locations":[],"atum_stock_status":"instock","restock_status":false,"low_stock_amount":20,"sales_update_date":"2026-04-23T00:11:53","calc_backorders":null,"jetpack_publicize_connections":[],"jetpack_sharing_enabled":true,"batches":[{"id":"46","date_created":"2024-09-12 17:45:01","date_expiry":"2027-02-16 00:00:00","user_id":"2760","batch_number":"2024.6","location":"","quantity":"36.0000","quantity_available":"0.0000","units":"1","status":"archived","order_ids":"[11637,11936,12118,13511,13964,15230,15454,15990]","supplier":"Carnilove","po":{"id":"43","date_created":"2024-09-12 17:45:06","batch_id":"46","po_number":"","supplier":"Carnilove","cost":null,"regular_price":null,"sale_price":null,"price_margin":null,"price_discount":null}},{"id":"8178","date_created":"2026-03-11 15:06:34","date_expiry":"2028-11-30 00:00:00","user_id":"2760","batch_number":"11\/2028","location":"","quantity":"120.0000","quantity_available":"113.0000","units":"1","status":"active","order_ids":"[38173,38560]","supplier":"Carnilove","po":{"id":"8116","date_created":"2026-03-11 15:06:34","batch_id":"8178","po_number":"","supplier":"Carnilove","cost":null,"regular_price":null,"sale_price":null,"price_margin":null,"price_discount":null}}],"_links":{"self":[{"href":"https:\/\/petworld.ma\/index.php\/wp-json\/wp\/v2\/product\/10098","targetHints":{"allow":["GET"]}}],"collection":[{"href":"https:\/\/petworld.ma\/index.php\/wp-json\/wp\/v2\/product"}],"about":[{"href":"https:\/\/petworld.ma\/index.php\/wp-json\/wp\/v2\/types\/product"}],"wp:featuredmedia":[{"embeddable":true,"href":"https:\/\/petworld.ma\/index.php\/wp-json\/wp\/v2\/media\/10091"}],"wp:attachment":[{"href":"https:\/\/petworld.ma\/index.php\/wp-json\/wp\/v2\/media?parent=10098"}],"wp:term":[{"taxonomy":"product_brand","embeddable":true,"href":"https:\/\/petworld.ma\/index.php\/wp-json\/wp\/v2\/product_brand?post=10098"},{"taxonomy":"product_cat","embeddable":true,"href":"https:\/\/petworld.ma\/index.php\/wp-json\/wp\/v2\/product_cat?post=10098"},{"taxonomy":"product_tag","embeddable":true,"href":"https:\/\/petworld.ma\/index.php\/wp-json\/wp\/v2\/product_tag?post=10098"}],"curies":[{"name":"wp","href":"https:\/\/api.w.org\/{rel}","templated":true}]}}