{"id":10373,"date":"2024-07-28T13:31:31","date_gmt":"2024-07-28T13:31:31","guid":{"rendered":"https:\/\/petworld.ma\/?post_type=product&#038;p=10373"},"modified":"2026-05-12T14:32:33","modified_gmt":"2026-05-12T14:32:33","slug":"catisfactions-friandises-pour-chat-et-chaton-60g-boeuf-poulet-saumon-canard-fromage","status":"publish","type":"product","link":"https:\/\/petworld.ma\/index.php\/produit\/catisfactions-friandises-pour-chat-et-chaton-60g-boeuf-poulet-saumon-canard-fromage\/","title":{"rendered":"Catisfactions Friandises pour chat et chaton 60g (Boeuf | Poulet | Saumon | Canard | Fromage | Herbe a chat)"},"content":{"rendered":"<div class=\"product-section description-section\">\n<div class=\"single-description fr-view\">\n<div class=\"product-section description-section\">\n<div class=\"single-description fr-view\">\n<div>Aliment compl\u00e9mentaire pour chats adultes et chatons de plus de 8 semaines. D\u00e9licieuses friandises CATISFACTIONS\u2122 craquantes \u00e0 l\u2019ext\u00e9rieur et tendres \u00e0 l&rsquo;int\u00e9rieur pour lesquelles les chats feraient n\u2019importe quoi ! Non, nous n\u2019utilisons pas de truc secret ou de la magie pour les rendre si d\u00e9licieuses ; mais tous plein d\u2019ingr\u00e9dients que les chats adorent. Allez, secouez le sachet et vous verrez votre chat accourir !<br \/>\nMoins de 2 kcal par friandise, ces friandises sont sans ar\u00f4me artificiel.Friandise pour chat mise au point avec nos nutritionnistes et nos v\u00e9t\u00e9rinaires du centre de recherche WALTHAM\u00ae &#8211; Principale r\u00e9f\u00e9rence mondiale pour la nutrition et le bien-\u00eatre des animaux de compagnie.<\/div>\n<div>\n<ul class=\"accInnerList\">\n<li><img decoding=\"async\" class=\"lazy entered loaded\" src=\"https:\/\/www.catisfactions.fr\/cdn-cgi\/image\/format=auto,q=90\/sites\/g\/files\/fnmzdf4696\/files\/migrate-product-files\/images\/otwwpv5lcfmsqxwfk3nv.png\" alt=\"Friandises pour chat adulte et pour chaton de plus de 8 semaines\" data-src=\"\/cdn-cgi\/image\/format=auto,q=90\/sites\/g\/files\/fnmzdf4696\/files\/migrate-product-files\/images\/otwwpv5lcfmsqxwfk3nv.png\" data-ll-status=\"loaded\" \/>Friandises pour chat adulte et pour chaton de plus de 8 semaines<\/li>\n<li><img decoding=\"async\" class=\"lazy entered loaded\" src=\"https:\/\/www.catisfactions.fr\/cdn-cgi\/image\/format=auto,q=90\/sites\/g\/files\/fnmzdf4696\/files\/migrate-product-files\/images\/ibngjdwaktqavg40hgin.png\" alt=\"Craquantes \u00e0 l'ext\u00e9rieur avec un d\u00e9licieux c\u0153ur tendre\" data-src=\"\/cdn-cgi\/image\/format=auto,q=90\/sites\/g\/files\/fnmzdf4696\/files\/migrate-product-files\/images\/ibngjdwaktqavg40hgin.png\" data-ll-status=\"loaded\" \/>Craquantes \u00e0 l&rsquo;ext\u00e9rieur avec un d\u00e9licieux c\u0153ur tendre<\/li>\n<li><img decoding=\"async\" class=\"lazy entered loaded\" src=\"https:\/\/www.catisfactions.fr\/cdn-cgi\/image\/format=auto,q=90\/sites\/g\/files\/fnmzdf4696\/files\/migrate-product-files\/images\/ilsjpsdyelaqjuolmqoj.png\" alt=\"Moins de 2 calories par friandise\" data-src=\"\/cdn-cgi\/image\/format=auto,q=90\/sites\/g\/files\/fnmzdf4696\/files\/migrate-product-files\/images\/ilsjpsdyelaqjuolmqoj.png\" data-ll-status=\"loaded\" \/>Moins de 2 calories par friandise<\/li>\n<li><img decoding=\"async\" class=\"lazy entered loaded\" src=\"https:\/\/www.catisfactions.fr\/cdn-cgi\/image\/format=auto,q=90\/sites\/g\/files\/fnmzdf4696\/files\/migrate-product-files\/images\/cxyqao8ufqk07zazcg1w.png\" alt=\"Sans ar\u00f4me artificiel\" data-src=\"\/cdn-cgi\/image\/format=auto,q=90\/sites\/g\/files\/fnmzdf4696\/files\/migrate-product-files\/images\/cxyqao8ufqk07zazcg1w.png\" data-ll-status=\"loaded\" \/>Sans ar\u00f4me artificiel<\/li>\n<li><img decoding=\"async\" class=\"lazy entered loaded\" src=\"https:\/\/www.catisfactions.fr\/cdn-cgi\/image\/format=auto,q=90\/sites\/g\/files\/fnmzdf4696\/files\/migrate-product-files\/images\/xwvpijm8zkh6ntdg1ufg.png\" alt=\"Sachet refermable pour une meilleure conservation\" data-src=\"\/cdn-cgi\/image\/format=auto,q=90\/sites\/g\/files\/fnmzdf4696\/files\/migrate-product-files\/images\/xwvpijm8zkh6ntdg1ufg.png\" data-ll-status=\"loaded\" \/>Sachet refermable pour une meilleure conservation<\/li>\n<\/ul>\n<\/div>\n<h1><strong>Ingr\u00e9dients<\/strong><\/h1>\n<div>\n<p>C\u00e9r\u00e9ales, sous-produits d\u2019origine v\u00e9g\u00e9tale, huiles et graisses, viandes et sous-produits animaux (dont b\u0153uf 4%), substances min\u00e9rales, extraits de prot\u00e9ines v\u00e9g\u00e9tales<\/p>\n<\/div>\n<\/div>\n<\/div>\n<\/div>\n<\/div>\n","protected":false},"excerpt":{"rendered":"<p>Aliment compl\u00e9mentaire pour chats adultes et chatons de plus de 8 semaines. D\u00e9licieuses friandises CATISFACTIONS\u2122 craquantes \u00e0 l\u2019ext\u00e9rieur et tendres \u00e0 l&rsquo;int\u00e9rieur pour lesquelles les chats feraient n\u2019importe quoi ! Non, nous n\u2019utilisons pas de truc secret ou de la magie pour les rendre si d\u00e9licieuses ; mais tous plein d\u2019ingr\u00e9dients que les chats adorent. [&#8230;]\n","protected":false},"featured_media":10380,"template":"","meta":{"jetpack_publicize_message":"","jetpack_publicize_feature_enabled":true,"jetpack_social_post_already_shared":true,"jetpack_social_options":{"image_generator_settings":{"template":"highway","default_image_id":0,"font":"","enabled":false},"version":2}},"product_brand":[],"product_cat":[41],"product_tag":[],"class_list":{"0":"post-10373","1":"product","2":"type-product","3":"status-publish","4":"has-post-thumbnail","6":"product_cat-friandises-et-pate-pour-chat","8":"first","9":"instock","10":"taxable","11":"shipping-taxable","12":"purchasable","13":"product-type-variable"},"supplier_id":null,"supplier_sku":"","barcode":null,"atum_controlled":true,"out_stock_date":null,"out_stock_threshold":null,"inheritable":true,"inbound_stock":0,"stock_on_hold":17,"sold_today":2,"sales_last_days":62,"reserved_stock":0,"customer_returns":0,"warehouse_damage":0,"lost_in_post":0,"other_logs":0,"out_stock_days":0,"lost_sales":0,"has_location":false,"update_date":"2026-05-12T14:32:35","atum_locations":[],"atum_stock_status":"instock","restock_status":false,"low_stock_amount":"","sales_update_date":"2026-04-29T21:57:51","calc_backorders":null,"jetpack_publicize_connections":[],"jetpack_sharing_enabled":true,"batches":[],"_links":{"self":[{"href":"https:\/\/petworld.ma\/index.php\/wp-json\/wp\/v2\/product\/10373","targetHints":{"allow":["GET"]}}],"collection":[{"href":"https:\/\/petworld.ma\/index.php\/wp-json\/wp\/v2\/product"}],"about":[{"href":"https:\/\/petworld.ma\/index.php\/wp-json\/wp\/v2\/types\/product"}],"wp:featuredmedia":[{"embeddable":true,"href":"https:\/\/petworld.ma\/index.php\/wp-json\/wp\/v2\/media\/10380"}],"wp:attachment":[{"href":"https:\/\/petworld.ma\/index.php\/wp-json\/wp\/v2\/media?parent=10373"}],"wp:term":[{"taxonomy":"product_brand","embeddable":true,"href":"https:\/\/petworld.ma\/index.php\/wp-json\/wp\/v2\/product_brand?post=10373"},{"taxonomy":"product_cat","embeddable":true,"href":"https:\/\/petworld.ma\/index.php\/wp-json\/wp\/v2\/product_cat?post=10373"},{"taxonomy":"product_tag","embeddable":true,"href":"https:\/\/petworld.ma\/index.php\/wp-json\/wp\/v2\/product_tag?post=10373"}],"curies":[{"name":"wp","href":"https:\/\/api.w.org\/{rel}","templated":true}]}}