{"id":11735,"date":"2024-09-17T17:24:11","date_gmt":"2024-09-17T17:24:11","guid":{"rendered":"https:\/\/petworld.ma\/?post_type=product&#038;p=11735"},"modified":"2026-04-21T10:47:54","modified_gmt":"2026-04-21T10:47:54","slug":"brit-care-dog-hypoallergenic-puppy-3kg","status":"publish","type":"product","link":"https:\/\/petworld.ma\/index.php\/produit\/brit-care-dog-hypoallergenic-puppy-3kg\/","title":{"rendered":"Brit Care Dog Hypoallergenic Puppy (Toutes Races) 3kg"},"content":{"rendered":"<div class=\"hidden-xs\">\n<p>Formule hypoallerg\u00e9nique \u00e0 l&rsquo;agneau et au riz pour chiots et jeunes chiens de toutes races (4 semaines \u00e0 12 mois). Aliment complet pour chiens.<\/p>\n<div class=\"hidden-xs\">\n<p>Aliment hypoallerg\u00e9nique de qualit\u00e9 sup\u00e9rieure avec une seule source de prot\u00e9ines animales pour la pr\u00e9vention des r\u00e9actions allergiques. Id\u00e9al pour les chiots de toutes races. Les sources de prot\u00e9ines s\u00e9lectionn\u00e9es ne sont pas allerg\u00e9niques, ce qui r\u00e9duit le probablement la probabilit\u00e9 de r\u00e9actions allergiques. La nourriture est particuli\u00e8rement adapt\u00e9e aux chiens \u00e0 digestion sensible, aux chiens ayant des besoins nutritionnels particuliers et aux chiens \u00e0 risque de d\u00e9velopper des allergies alimentaires. Les formules sont enrichies en probiotiques pour une microflore intestinale \u00e9quilibr\u00e9e et en chardon-marie, qui soutient la fonction h\u00e9patique tout en nettoyant le corps et en le d\u00e9livrant des toxines nocives.<\/p>\n<\/div>\n<div class=\"benefits\">\n<div class=\"benefits__item\"><img loading=\"lazy\" decoding=\"async\" src=\"https:\/\/brit-petfood.com\/file\/nodes\/productPictogram\/icon\/100-172199-1-growth-control.png\/150x150\/FIT\" alt=\"Contr\u00f4le de la croissance - Niveaux \u00e9quilibr\u00e9s de prot\u00e9ines et de mati\u00e8res grasses pour favoriser une croissance optimale\" width=\"50\" height=\"50\" \/>Contr\u00f4le de la croissance &#8211; Niveaux \u00e9quilibr\u00e9s de prot\u00e9ines et de mati\u00e8res grasses pour favoriser une croissance optimale<\/div>\n<div class=\"benefits__item\"><img loading=\"lazy\" decoding=\"async\" src=\"https:\/\/brit-petfood.com\/file\/nodes\/productPictogram\/icon\/100-172199-2-joints-cartilage.png\/150x150\/FIT\" alt=\"Articulations et cartilage - Les chondroprotecteurs favorisent la sant\u00e9 des articulations, des os et du cartilage, ce qui est essentiel pour les grandes races\" width=\"50\" height=\"50\" \/>Articulations et cartilage &#8211; Les chondroprotecteurs favorisent la sant\u00e9 des articulations, des os et du cartilage, ce qui est essentiel pour les grandes races<\/div>\n<div class=\"benefits__item\"><img loading=\"lazy\" decoding=\"async\" src=\"https:\/\/brit-petfood.com\/file\/nodes\/productPictogram\/icon\/100-172199-3-immunity.png\/150x150\/FIT\" alt=\"Immunit\u00e9 \u2013 Les probiotiques et les antioxydants renforcent le syst\u00e8me immunitaire et soutiennent la sant\u00e9 digestive\" width=\"50\" height=\"50\" \/>Immunit\u00e9 \u2013 Les probiotiques et les antioxydants renforcent le syst\u00e8me immunitaire et soutiennent la sant\u00e9 digestive<\/div>\n<\/div>\n<\/div>\n<div><\/div>\n<div>\n<p class=\"composition\"><strong>Composition:<\/strong><\/p>\n<p>agneau d\u00e9shydrat\u00e9 (46%), riz (30%), graisse de poulet, huile de saumon (3%), levure de bi\u00e8re, ar\u00f4me naturel, pulpe de pomme s\u00e9ch\u00e9e, levure hydrolys\u00e9e (0,5% &#8211; source d&rsquo;inositol et d&rsquo;acides amin\u00e9s), farine de pois, glucosamine (300 mg\/kg), fructo-oligosaccharides (230 mg\/kg), sulfate de chondro\u00eftine (230 mg\/kg), mannan-oligosaccharides (180 mg\/kg), yucca de Mojave (180 mg\/kg), graines de chardon-Marie (110 mg\/kg), \u03b2-glucanes (60 mg\/kg), agripaume s\u00e9ch\u00e9e (60 mg\/kg), argousier s\u00e9ch\u00e9 (60 mg\/kg), probiotique Lactobacillus helveticus HA &#8211; 122 inactiv\u00e9 (15&#215;109 cellules\/kg).<\/p>\n<p><strong>Ingr\u00e9dients analytiques :<\/strong><\/p>\n<p>prot\u00e9ines brutes 32,0%, mati\u00e8res grasses brutes 18,0%, humidit\u00e9 10,0%, cendres brutes 7,7%, fibres brutes 1,5%, calcium 1,4%, phosphore 1,1%, sodium 0,4%, acides gras om\u00e9ga-3 0,8%, acides gras om\u00e9ga-6 2,2%, EPA (20:5 n-3) 0,05%, DHA (22:6 n-3) 0,1%.<\/p>\n<p><strong>Composition nutritionnelle :<\/strong><\/p>\n<p>vitamine A (3a672a) 23000 UI, vitamine D3 (3a671) 1700 UI, vitamine E (3a700) 550 mg, vitamine C (3a312) 350 mg, taurine (3a370) 1500 mg, chlorure de choline (3a890) 1800 mg, L-carnitine (3a910) 300 mg, vitamine B1 (3a821) 3 mg, vitamine B2 (3a825i) 11 mg, biotine (3a880) 4 mg, acide folique (3a316) 1,4 mg, vitamine B6 (3a831) 3 mg, calcium-D-pantoth\u00e9nate (3a841) 30 mg, niacinamide (3a315) 38 mg, vitamine B12 0,12 mg, iode (3b201) 0,9 mg, zinc organique (3b606) 100 mg, mangan\u00e8se organique (3b504) 45 mg, cuivre organique (3b406) 20 mg, fer organique (3b106) 88 mg, s\u00e9l\u00e9nium organique (3b810) 0,18 mg. Contient des antioxydants approuv\u00e9s par l&rsquo;UE : extraits de tocoph\u00e9rols d&rsquo;huile v\u00e9g\u00e9tale (1b306(i)), palmitate d&rsquo;ascorbyle (1b304) et extrait de romarin.<\/p>\n<\/div>\n","protected":false},"excerpt":{"rendered":"<p style=\"font-weight: 400\">Formule hypoallerg\u00e9nique \u00e0 l&rsquo;agneau et au riz pour chiots et jeunes chiens de toutes races (4 semaines \u00e0 12 mois). Aliment complet pour chiens.<\/p>\n","protected":false},"featured_media":11736,"template":"","meta":{"jetpack_publicize_message":"","jetpack_publicize_feature_enabled":true,"jetpack_social_post_already_shared":true,"jetpack_social_options":{"image_generator_settings":{"template":"highway","default_image_id":0,"font":"","enabled":false},"version":2}},"product_brand":[],"product_cat":[26],"product_tag":[],"class_list":{"0":"post-11735","1":"product","2":"type-product","3":"status-publish","4":"has-post-thumbnail","6":"product_cat-croquettes","8":"first","9":"instock","10":"taxable","11":"shipping-taxable","12":"purchasable","13":"product-type-simple"},"supplier_id":5590,"supplier_sku":"","barcode":null,"atum_controlled":true,"out_stock_date":null,"out_stock_threshold":null,"inheritable":false,"inbound_stock":0,"stock_on_hold":0,"sold_today":0,"sales_last_days":1,"reserved_stock":0,"customer_returns":0,"warehouse_damage":0,"lost_in_post":0,"other_logs":0,"out_stock_days":0,"lost_sales":0,"has_location":false,"update_date":"2026-04-25T09:02:20","atum_locations":[],"atum_stock_status":"instock","restock_status":true,"low_stock_amount":2,"sales_update_date":"2026-04-25T09:02:20","calc_backorders":null,"jetpack_publicize_connections":[],"jetpack_sharing_enabled":true,"batches":[{"id":"114","date_created":"2024-09-17 19:41:42","date_expiry":"2025-12-07 00:00:00","user_id":"2760","batch_number":"BritCHypo3kg071225","location":"","quantity":"1.0000","quantity_available":"0.0000","units":"1","status":"archived","order_ids":"[13108,15448,17559]","supplier":"Brit","po":{"id":"110","date_created":"2024-09-17 19:41:44","batch_id":"114","po_number":"","supplier":"Brit","cost":null,"regular_price":null,"sale_price":null,"price_margin":null,"price_discount":null}},{"id":"1335","date_created":"2024-12-20 21:43:45","date_expiry":"2025-12-07 00:00:00","user_id":"2760","batch_number":"BritCHypo3kg071225","location":"","quantity":"1.0000","quantity_available":"0.0000","units":"1","status":"archived","order_ids":"[16937]","supplier":"Brit","po":{"id":"1309","date_created":"2024-12-20 21:43:47","batch_id":"1335","po_number":"","supplier":"Brit","cost":null,"regular_price":null,"sale_price":null,"price_margin":null,"price_discount":null}},{"id":"1336","date_created":"2024-12-20 21:43:52","date_expiry":"2025-12-07 00:00:00","user_id":"2760","batch_number":"BritCHypo3kg071225","location":"","quantity":"1.0000","quantity_available":"0.0000","units":"1","status":"archived","order_ids":"[18759]","supplier":"Brit","po":{"id":"1310","date_created":"2024-12-20 21:43:54","batch_id":"1336","po_number":"","supplier":"Brit","cost":null,"regular_price":null,"sale_price":null,"price_margin":null,"price_discount":null}},{"id":"1462","date_created":"2024-12-31 22:46:54","date_expiry":"2025-12-07 00:00:00","user_id":"2760","batch_number":"BritCHypo3kg071225","location":"","quantity":"1.0000","quantity_available":"0.0000","units":"1","status":"archived","order_ids":"[20820]","supplier":"Brit","po":{"id":"1436","date_created":"2024-12-31 22:46:58","batch_id":"1462","po_number":"","supplier":"Brit","cost":null,"regular_price":null,"sale_price":null,"price_margin":null,"price_discount":null}},{"id":"2511","date_created":"2025-03-26 23:08:38","date_expiry":"2025-12-07 00:00:00","user_id":"2760","batch_number":"BritCHypo3kg071225","location":"","quantity":"4.0000","quantity_available":"0.0000","units":"1","status":"archived","order_ids":"[21640,21893,23831,24134]","supplier":"Brit","po":{"id":"2479","date_created":"2025-03-26 23:08:41","batch_id":"2511","po_number":"","supplier":"Brit","cost":null,"regular_price":null,"sale_price":null,"price_margin":null,"price_discount":null}},{"id":"4229","date_created":"2025-07-03 18:05:42","date_expiry":"2026-09-14 00:00:00","user_id":"2760","batch_number":"BritCHypo3kg140926","location":"","quantity":"1.0000","quantity_available":"0.0000","units":"1","status":"archived","order_ids":"[25529]","supplier":"BRIT ","po":{"id":"4192","date_created":"2025-07-03 18:05:43","batch_id":"4229","po_number":"","supplier":"BRIT ","cost":null,"regular_price":null,"sale_price":null,"price_margin":null,"price_discount":null}},{"id":"4737","date_created":"2025-08-08 11:00:37","date_expiry":"2026-09-14 00:00:00","user_id":"2760","batch_number":"BritCHypo3kg140926","location":"","quantity":"2.0000","quantity_available":"0.0000","units":"1","status":"archived","order_ids":"[30369,32006]","supplier":" BRIT","po":{"id":"4701","date_created":"2025-08-08 11:00:38","batch_id":"4737","po_number":"","supplier":" BRIT","cost":null,"regular_price":null,"sale_price":null,"price_margin":null,"price_discount":null}},{"id":"6376","date_created":"2025-11-26 11:15:09","date_expiry":"2027-03-30 00:00:00","user_id":"2760","batch_number":"BritCHypo3kg300327","location":"","quantity":"1.0000","quantity_available":"0.0000","units":"1","status":"archived","order_ids":"[32216]","supplier":"Brit","po":{"id":"6322","date_created":"2025-11-26 11:15:10","batch_id":"6376","po_number":"","supplier":"Brit","cost":null,"regular_price":null,"sale_price":null,"price_margin":null,"price_discount":null}},{"id":"6565","date_created":"2025-12-09 13:57:21","date_expiry":"2027-03-30 00:00:00","user_id":"2760","batch_number":"BritCHypo3kg300327","location":"","quantity":"2.0000","quantity_available":"0.0000","units":"1","status":"archived","order_ids":"[34765,40397]","supplier":"Brit","po":{"id":"6510","date_created":"2025-12-09 13:57:22","batch_id":"6565","po_number":"","supplier":"Brit","cost":null,"regular_price":null,"sale_price":null,"price_margin":null,"price_discount":null}},{"id":"7473","date_created":"2026-02-03 00:24:12","date_expiry":"2027-05-30 00:00:00","user_id":"2760","batch_number":"BritCHypo3kg300527","location":"","quantity":"1.0000","quantity_available":"1.0000","units":"1","status":"active","order_ids":null,"supplier":"Brit","po":{"id":"7408","date_created":"2026-02-03 00:24:12","batch_id":"7473","po_number":"","supplier":"Brit","cost":null,"regular_price":null,"sale_price":null,"price_margin":null,"price_discount":null}}],"_links":{"self":[{"href":"https:\/\/petworld.ma\/index.php\/wp-json\/wp\/v2\/product\/11735","targetHints":{"allow":["GET"]}}],"collection":[{"href":"https:\/\/petworld.ma\/index.php\/wp-json\/wp\/v2\/product"}],"about":[{"href":"https:\/\/petworld.ma\/index.php\/wp-json\/wp\/v2\/types\/product"}],"wp:featuredmedia":[{"embeddable":true,"href":"https:\/\/petworld.ma\/index.php\/wp-json\/wp\/v2\/media\/11736"}],"wp:attachment":[{"href":"https:\/\/petworld.ma\/index.php\/wp-json\/wp\/v2\/media?parent=11735"}],"wp:term":[{"taxonomy":"product_brand","embeddable":true,"href":"https:\/\/petworld.ma\/index.php\/wp-json\/wp\/v2\/product_brand?post=11735"},{"taxonomy":"product_cat","embeddable":true,"href":"https:\/\/petworld.ma\/index.php\/wp-json\/wp\/v2\/product_cat?post=11735"},{"taxonomy":"product_tag","embeddable":true,"href":"https:\/\/petworld.ma\/index.php\/wp-json\/wp\/v2\/product_tag?post=11735"}],"curies":[{"name":"wp","href":"https:\/\/api.w.org\/{rel}","templated":true}]}}