{"id":12432,"date":"2024-10-06T16:20:05","date_gmt":"2024-10-06T16:20:05","guid":{"rendered":"https:\/\/petworld.ma\/?post_type=product&#038;p=12432"},"modified":"2026-04-03T12:35:12","modified_gmt":"2026-04-03T12:35:12","slug":"carnilove-dog-croquettes-lamb-wild-boar-pour-chien-toutes-races-agneau-sanglier-12kg","status":"publish","type":"product","link":"https:\/\/petworld.ma\/index.php\/produit\/carnilove-dog-croquettes-lamb-wild-boar-pour-chien-toutes-races-agneau-sanglier-12kg\/","title":{"rendered":"Carnilove Dog Croquettes Lamb Wild Boar Pour Chien Toutes Races (Agneau Sanglier) 12kg"},"content":{"rendered":"<div class=\"mb-1\">\n<div class=\"heading\">L&rsquo;agneau et le sanglier sont la combinaison parfaite de prot\u00e9ines de qualit\u00e9, hautement digestibles et utilisables, riches en nutriments naturels. L&rsquo;agneau est une excellente source d&rsquo;oligo-\u00e9l\u00e9ments tels que le s\u00e9l\u00e9nium, le fer, le zinc, les vitamines B et les graisses insatur\u00e9es, tandis que le sanglier regorge de prot\u00e9ines tout en contenant peu de mati\u00e8res grasses, ce qui le rend id\u00e9al pour maintenir une condition physique optimale sans risque d&rsquo;augmentation du taux de cholest\u00e9rol sanguin.<\/div>\n<\/div>\n<div><\/div>\n<div>\n<h2>Composition<\/h2>\n<p>viande de sanglier d\u00e9shydrat\u00e9e (30%), viande d&rsquo;agneau \u00e9lev\u00e9 en libert\u00e9 d\u00e9shydrat\u00e9e (25%), pois jaunes (20%), graisse de poulet (conserv\u00e9e avec des tocoph\u00e9rols, 10%), foie de poulet (3%), pommes (3%), amidon de tapioca (3%), huile de saumon (2%), carottes (1%), graines de lin (1%), pois chiches (1%), coquilles de crustac\u00e9s hydrolys\u00e9es (source de glucosamine, 0,026%), extrait de cartilage (source de chondro\u00eftine, 0,016%), levure de bi\u00e8re (source de mannan-oligosaccharides, 0,015%), racine de chicor\u00e9e (source de fructo-oligosaccharides, 0,01%), yucca schidigera (0,01%), algues (0,01%), psyllium (0,01%), thym (0,01%), romarin (0,01%), origan (0,01%), canneberges (0,0008%), myrtilles (0,0008%), framboises (0,0008%).<\/p>\n<h2>Composition nutritionnelle en 1 kg<\/h2>\n<p>vitamine A (3a672a) 20 000 UI, vitamine D3 (3a671) 1 500 UI, vitamine E (3a700) 400 mg, zinc (3b606) 85 mg, fer (3b106) 70 mg, mangan\u00e8se (3b504) 35 mg, iode (3b201) 0,65 mg, cuivre (3b406) 15 mg, s\u00e9l\u00e9nium (3b810) 0,25 mg.<\/p>\n<h2>Constituants analytiques dans 1 kg<\/h2>\n<p>prot\u00e9ines brutes 38,0 %, mati\u00e8res grasses brutes 20,0 %, humidit\u00e9 10,0 %, cendres brutes 8,0 %, cellulose brute 3,2 %, calcium 1,6 %, phosphore 1,3 %, sodium 0,25 %.<\/p>\n<h2>\u00c9nergie m\u00e9tabolique<\/h2>\n<p>3 950 kcal\/kg. Om\u00e9ga 3 : 0,35 %, Om\u00e9ga 6 : 2,4 %<\/p>\n<\/div>\n","protected":false},"excerpt":{"rendered":"<div class=\"order-2 order-lg-1\">\n<div class=\"order-2 order-lg-1\">\n<div class=\"mb-1\">\n<div class=\"heading\">\n<p class=\"benefits__content\">FORMULE SANS C\u00c9R\u00c9ALES ET SANS POMMES DE TERRE POUR CHIENS ADULTES DE TOUTES RACES. ALIMENT COMPLET POUR CHIENS.<\/p>\n<\/div>\n<\/div>\n<\/div>\n<\/div>\n","protected":false},"featured_media":12434,"template":"","meta":{"jetpack_publicize_message":"","jetpack_publicize_feature_enabled":true,"jetpack_social_post_already_shared":true,"jetpack_social_options":{"image_generator_settings":{"template":"highway","default_image_id":0,"font":"","enabled":false},"version":2}},"product_brand":[],"product_cat":[26],"product_tag":[],"class_list":{"0":"post-12432","1":"product","2":"type-product","3":"status-publish","4":"has-post-thumbnail","6":"product_cat-croquettes","8":"first","9":"outofstock","10":"taxable","11":"shipping-taxable","12":"purchasable","13":"product-type-simple"},"supplier_id":7839,"supplier_sku":"","barcode":null,"atum_controlled":true,"out_stock_date":"2026-04-03 12:35:13","out_stock_threshold":null,"inheritable":false,"inbound_stock":0,"stock_on_hold":0,"sold_today":0,"sales_last_days":0,"reserved_stock":0,"customer_returns":0,"warehouse_damage":0,"lost_in_post":0,"other_logs":0,"out_stock_days":39,"lost_sales":4234,"has_location":false,"update_date":"2026-05-13T00:21:06","atum_locations":[],"atum_stock_status":"outofstock","restock_status":false,"low_stock_amount":2,"sales_update_date":"2026-05-13T00:21:05","calc_backorders":null,"jetpack_publicize_connections":[],"jetpack_sharing_enabled":true,"batches":[{"id":"535","date_created":"2024-10-06 16:26:02","date_expiry":"2025-11-01 00:00:00","user_id":"2461","batch_number":"CarniloveChienLambWild12kg011125","location":"","quantity":"2.0000","quantity_available":"0.0000","units":"1","status":"archived","order_ids":"[13850,14250,14745,17614]","supplier":"Carnilove","po":{"id":"518","date_created":"2024-10-06 16:26:02","batch_id":"535","po_number":"","supplier":"Carnilove","cost":null,"regular_price":null,"sale_price":null,"price_margin":null,"price_discount":null}},{"id":"1042","date_created":"2024-12-05 23:52:23","date_expiry":"2025-11-01 00:00:00","user_id":"2461","batch_number":"CarniloveChienLambWild12kg011125","location":"","quantity":"1.0000","quantity_available":"0.0000","units":"1","status":"archived","order_ids":"[19090]","supplier":"Carnilove","po":{"id":"1019","date_created":"2024-12-05 23:52:24","batch_id":"1042","po_number":"","supplier":"Carnilove","cost":null,"regular_price":null,"sale_price":null,"price_margin":null,"price_discount":null}},{"id":"3157","date_created":"2025-04-24 21:22:47","date_expiry":"2026-07-30 00:00:00","user_id":"2461","batch_number":"CarniloveChienLambWild12kg300726","location":"","quantity":"5.0000","quantity_available":"0.0000","units":"1","status":"archived","order_ids":"[21596,30275,32763,36310,37851]","supplier":"Carnilove","po":{"id":"3125","date_created":"2025-04-24 21:22:48","batch_id":"3157","po_number":"","supplier":"Carnilove","cost":null,"regular_price":null,"sale_price":null,"price_margin":null,"price_discount":null}},{"id":"5033","date_created":"2025-08-29 14:55:33","date_expiry":"2026-11-15 00:00:00","user_id":"2461","batch_number":"CarniloveChienLambWild12kg151126","location":"","quantity":"2.0000","quantity_available":"0.0000","units":"1","status":"archived","order_ids":"[38309,38860]","supplier":"Carnilove","po":{"id":"4997","date_created":"2025-08-29 14:55:33","batch_id":"5033","po_number":"","supplier":"Carnilove","cost":null,"regular_price":null,"sale_price":null,"price_margin":null,"price_discount":null}}],"_links":{"self":[{"href":"https:\/\/petworld.ma\/index.php\/wp-json\/wp\/v2\/product\/12432","targetHints":{"allow":["GET"]}}],"collection":[{"href":"https:\/\/petworld.ma\/index.php\/wp-json\/wp\/v2\/product"}],"about":[{"href":"https:\/\/petworld.ma\/index.php\/wp-json\/wp\/v2\/types\/product"}],"wp:featuredmedia":[{"embeddable":true,"href":"https:\/\/petworld.ma\/index.php\/wp-json\/wp\/v2\/media\/12434"}],"wp:attachment":[{"href":"https:\/\/petworld.ma\/index.php\/wp-json\/wp\/v2\/media?parent=12432"}],"wp:term":[{"taxonomy":"product_brand","embeddable":true,"href":"https:\/\/petworld.ma\/index.php\/wp-json\/wp\/v2\/product_brand?post=12432"},{"taxonomy":"product_cat","embeddable":true,"href":"https:\/\/petworld.ma\/index.php\/wp-json\/wp\/v2\/product_cat?post=12432"},{"taxonomy":"product_tag","embeddable":true,"href":"https:\/\/petworld.ma\/index.php\/wp-json\/wp\/v2\/product_tag?post=12432"}],"curies":[{"name":"wp","href":"https:\/\/api.w.org\/{rel}","templated":true}]}}