{"id":12441,"date":"2024-10-06T17:13:07","date_gmt":"2024-10-06T17:13:07","guid":{"rendered":"https:\/\/petworld.ma\/?post_type=product&#038;p=12441"},"modified":"2026-05-10T19:58:20","modified_gmt":"2026-05-10T19:58:20","slug":"carnilove-dog-meat-jerky-chicken-and-pheasant-poulet-et-faisan-100g","status":"publish","type":"product","link":"https:\/\/petworld.ma\/index.php\/produit\/carnilove-dog-meat-jerky-chicken-and-pheasant-poulet-et-faisan-100g\/","title":{"rendered":"Carnilove Dog Meat Jerky Snack Chicken And Pheasant (Poulet et Faisan) 100g"},"content":{"rendered":"<p>FRIANDISE \u00c0 BASE DE VIANDE S\u00c9CH\u00c9E \u2013 BARRE PROT\u00c9IN\u00c9E DE POULET ET FAISAN.<\/p>\n<p>Aliment compl\u00e9mentaire pour chiens adultes.1<\/p>\n<ul>\n<li>90 % de viande<\/li>\n<li>Go\u00fbt irr\u00e9sistible<\/li>\n<li>Uniquement antioxydants naturels<\/li>\n<li>Sans c\u00e9r\u00e9ales \u2013 Sans colorants \u2013 Sans sucre \u2013 Sans OGM \u2013 Fabriqu\u00e9 en UE.<\/li>\n<\/ul>\n<h2>COMPOSITION<\/h2>\n<p>poulet (80\u00a0%), faisan (10\u00a0%), glyc\u00e9rine d\u2019origine v\u00e9g\u00e9tale, cassis (0,5\u00a0%), chlorure de sodium.<\/p>\n<p>&nbsp;<\/p>\n<h2>ADDITIFS NUTRITIONNELS POUR 1 KG<\/h2>\n<p>Contient des antioxydants naturels: extrait de romarin et extraits riches en tocoph\u00e9rols tir\u00e9s d\u2019huiles v\u00e9g\u00e9tales (1b306(i)).<\/p>\n<h2>COMPOSANT ANALYTIQUES POUR 1 KG<\/h2>\n<p>prot\u00e9ine brute 29,0 %, mati\u00e8res grasses brutes 23,0 %, humidit\u00e9 18,0 %, cendres brutes 11,0 %, cellulose brute 2,5 %.<\/p>\n","protected":false},"excerpt":{"rendered":"<div class=\"order-2 order-lg-1\">\n<div class=\"order-2 order-lg-1\">\n<ul>\n<li>90% de teneur en viande<\/li>\n<li>Go\u00fbt irr\u00e9sistible<\/li>\n<li>Uniquement des antioxydants naturels<\/li>\n<li>Sans c\u00e9r\u00e9ales, sans colorant, sans sucre, sans OGM \u2013 fabriqu\u00e9 dans l&rsquo;UE<\/li>\n<li>Fabriqu\u00e9 dans l&rsquo;UE<\/li>\n<\/ul>\n<\/div>\n<\/div>\n","protected":false},"featured_media":12442,"template":"","meta":{"jetpack_publicize_message":"","jetpack_publicize_feature_enabled":true,"jetpack_social_post_already_shared":true,"jetpack_social_options":{"image_generator_settings":{"template":"highway","default_image_id":0,"font":"","enabled":false},"version":2}},"product_brand":[],"product_cat":[26,39],"product_tag":[],"class_list":{"0":"post-12441","1":"product","2":"type-product","3":"status-publish","4":"has-post-thumbnail","6":"product_cat-croquettes","7":"product_cat-friandises-et-pates-pour-chien","9":"first","10":"instock","11":"sale","12":"taxable","13":"shipping-taxable","14":"purchasable","15":"product-type-simple"},"supplier_id":7839,"supplier_sku":"CL DOGS JERKY CHIKEN AND PHEASANT","barcode":null,"atum_controlled":true,"out_stock_date":null,"out_stock_threshold":null,"inheritable":false,"inbound_stock":0,"stock_on_hold":0,"sold_today":0,"sales_last_days":2,"reserved_stock":0,"customer_returns":0,"warehouse_damage":0,"lost_in_post":0,"other_logs":0,"out_stock_days":0,"lost_sales":0,"has_location":false,"update_date":"2026-05-14T00:02:38","atum_locations":[],"atum_stock_status":"instock","restock_status":false,"low_stock_amount":6,"sales_update_date":"2026-05-14T00:02:38","calc_backorders":null,"jetpack_publicize_connections":[],"jetpack_sharing_enabled":true,"batches":[{"id":"539","date_created":"2024-10-06 17:15:53","date_expiry":"2025-09-04 00:00:00","user_id":"2760","batch_number":"CarniloveJerkyChickenPheasant040925","location":"","quantity":"12.0000","quantity_available":"0.0000","units":"1","status":"archived","order_ids":"[13108,13511,13817,13850,13864,14021,14480,14835,15733]","supplier":"Carnilove","po":{"id":"522","date_created":"2024-10-06 17:15:54","batch_id":"539","po_number":"","supplier":"Carnilove","cost":null,"regular_price":null,"sale_price":null,"price_margin":null,"price_discount":null}},{"id":"1196","date_created":"2024-12-13 09:24:46","date_expiry":"2026-04-04 00:00:00","user_id":"2760","batch_number":"CarniloveJerkyChickenPheasant040426","location":"","quantity":"24.0000","quantity_available":"0.0000","units":"1","status":"archived","order_ids":"[23571,23664,24199,24760,25388,25514,26217,26590,26980,27473,28689,28743,28937,30145,30725,31031,31081,31899]","supplier":"Carnilove","po":{"id":"1168","date_created":"2024-12-13 09:24:46","batch_id":"1196","po_number":"","supplier":"Carnilove","cost":null,"regular_price":null,"sale_price":null,"price_margin":null,"price_discount":null}},{"id":"1274","date_created":"2024-12-18 21:37:10","date_expiry":"2026-04-04 00:00:00","user_id":"2760","batch_number":"CarniloveJerkyChickenPheasant040426","location":"","quantity":"12.0000","quantity_available":"0.0000","units":"1","status":"archived","order_ids":"[16943,17733,17887,17893,18224,22656,23330,23552]","supplier":"Carnilove","po":{"id":"1247","date_created":"2024-12-18 21:37:13","batch_id":"1274","po_number":"","supplier":"Carnilove","cost":null,"regular_price":null,"sale_price":null,"price_margin":null,"price_discount":null}},{"id":"6633","date_created":"2025-12-12 12:21:03","date_expiry":"2027-01-22 00:00:00","user_id":"2760","batch_number":"CarniloveJerkyChickenPheasant220127","location":"","quantity":"24.0000","quantity_available":"6.0000","units":"1","status":"active","order_ids":"[34761,35035,36987,39150,39205,39231,39521,40125,41364,41716]","supplier":"Carnilove","po":{"id":"6578","date_created":"2025-12-12 12:21:04","batch_id":"6633","po_number":"","supplier":"Carnilove","cost":null,"regular_price":null,"sale_price":null,"price_margin":null,"price_discount":null}}],"_links":{"self":[{"href":"https:\/\/petworld.ma\/index.php\/wp-json\/wp\/v2\/product\/12441","targetHints":{"allow":["GET"]}}],"collection":[{"href":"https:\/\/petworld.ma\/index.php\/wp-json\/wp\/v2\/product"}],"about":[{"href":"https:\/\/petworld.ma\/index.php\/wp-json\/wp\/v2\/types\/product"}],"wp:featuredmedia":[{"embeddable":true,"href":"https:\/\/petworld.ma\/index.php\/wp-json\/wp\/v2\/media\/12442"}],"wp:attachment":[{"href":"https:\/\/petworld.ma\/index.php\/wp-json\/wp\/v2\/media?parent=12441"}],"wp:term":[{"taxonomy":"product_brand","embeddable":true,"href":"https:\/\/petworld.ma\/index.php\/wp-json\/wp\/v2\/product_brand?post=12441"},{"taxonomy":"product_cat","embeddable":true,"href":"https:\/\/petworld.ma\/index.php\/wp-json\/wp\/v2\/product_cat?post=12441"},{"taxonomy":"product_tag","embeddable":true,"href":"https:\/\/petworld.ma\/index.php\/wp-json\/wp\/v2\/product_tag?post=12441"}],"curies":[{"name":"wp","href":"https:\/\/api.w.org\/{rel}","templated":true}]}}