{"id":12530,"date":"2024-10-07T17:13:13","date_gmt":"2024-10-07T17:13:13","guid":{"rendered":"https:\/\/petworld.ma\/?post_type=product&#038;p=12530"},"modified":"2026-02-13T15:14:26","modified_gmt":"2026-02-13T15:14:26","slug":"camon-herbe-a-chats-ble","status":"publish","type":"product","link":"https:\/\/petworld.ma\/index.php\/produit\/camon-herbe-a-chats-ble\/","title":{"rendered":"Camon &#8211; Herbe \u00e0 Chats &#8211; BL\u00c9 &#8211;"},"content":{"rendered":"<p>Herbe \u00e0 chat \u00e0 cultiver en int\u00e9rieur \u00e0 tout moment de l&rsquo;ann\u00e9e.<br \/>\nPour les chats d&rsquo;int\u00e9rieur, elle favorise l&rsquo;expulsion des poils ing\u00e9r\u00e9s.<br \/>\nFabriqu\u00e9e en Italie.<\/p>\n","protected":false},"excerpt":{"rendered":"<p>Herbe \u00e0 chat \u00e0 cultiver en int\u00e9rieur \u00e0 tout moment de l&rsquo;ann\u00e9e.<br \/>\nPour les chats d&rsquo;int\u00e9rieur, elle favorise l&rsquo;expulsion des poils ing\u00e9r\u00e9s.<br \/>\nFabriqu\u00e9e en Italie.<\/p>\n","protected":false},"featured_media":12531,"template":"","meta":{"jetpack_publicize_message":"","jetpack_publicize_feature_enabled":true,"jetpack_social_post_already_shared":true,"jetpack_social_options":{"image_generator_settings":{"template":"highway","default_image_id":0,"font":"","enabled":false},"version":2}},"product_brand":[],"product_cat":[219],"product_tag":[],"class_list":{"0":"post-12530","1":"product","2":"type-product","3":"status-publish","4":"has-post-thumbnail","6":"product_cat-complement-alimentaire-hygiene-et-soins-pour-chat","8":"first","9":"outofstock","10":"taxable","11":"shipping-taxable","12":"purchasable","13":"product-type-simple"},"supplier_id":8770,"supplier_sku":"B163","barcode":null,"atum_controlled":true,"out_stock_date":"2025-09-02 18:31:54","out_stock_threshold":null,"inheritable":false,"inbound_stock":0,"stock_on_hold":0,"sold_today":0,"sales_last_days":0,"reserved_stock":0,"customer_returns":0,"warehouse_damage":0,"lost_in_post":0,"other_logs":0,"out_stock_days":253,"lost_sales":1807,"has_location":false,"update_date":"2026-05-14T00:03:08","atum_locations":[],"atum_stock_status":"outofstock","restock_status":false,"low_stock_amount":2,"sales_update_date":"2026-05-14T00:03:08","calc_backorders":null,"jetpack_publicize_connections":[],"jetpack_sharing_enabled":true,"batches":[],"_links":{"self":[{"href":"https:\/\/petworld.ma\/index.php\/wp-json\/wp\/v2\/product\/12530","targetHints":{"allow":["GET"]}}],"collection":[{"href":"https:\/\/petworld.ma\/index.php\/wp-json\/wp\/v2\/product"}],"about":[{"href":"https:\/\/petworld.ma\/index.php\/wp-json\/wp\/v2\/types\/product"}],"wp:featuredmedia":[{"embeddable":true,"href":"https:\/\/petworld.ma\/index.php\/wp-json\/wp\/v2\/media\/12531"}],"wp:attachment":[{"href":"https:\/\/petworld.ma\/index.php\/wp-json\/wp\/v2\/media?parent=12530"}],"wp:term":[{"taxonomy":"product_brand","embeddable":true,"href":"https:\/\/petworld.ma\/index.php\/wp-json\/wp\/v2\/product_brand?post=12530"},{"taxonomy":"product_cat","embeddable":true,"href":"https:\/\/petworld.ma\/index.php\/wp-json\/wp\/v2\/product_cat?post=12530"},{"taxonomy":"product_tag","embeddable":true,"href":"https:\/\/petworld.ma\/index.php\/wp-json\/wp\/v2\/product_tag?post=12530"}],"curies":[{"name":"wp","href":"https:\/\/api.w.org\/{rel}","templated":true}]}}