{"id":12758,"date":"2024-10-10T14:01:06","date_gmt":"2024-10-10T14:01:06","guid":{"rendered":"https:\/\/petworld.ma\/?post_type=product&#038;p=12758"},"modified":"2025-10-04T18:15:50","modified_gmt":"2025-10-04T18:15:50","slug":"fontaine-deau-electrique-tres-silencieuse-fleur-de-malaga-pour-chat-et-petit-chien-1-7litre","status":"publish","type":"product","link":"https:\/\/petworld.ma\/index.php\/produit\/fontaine-deau-electrique-tres-silencieuse-fleur-de-malaga-pour-chat-et-petit-chien-1-7litre\/","title":{"rendered":"Fontaine d&rsquo;eau \u00e9lectrique tr\u00e8s silencieuse FLEUR DE MALAGA (pour Chat et petit chien) 1.7Litre"},"content":{"rendered":"<p id=\"tl_3\">Produit \u00e0 usage interne, adapt\u00e9 aux chats et aux petits chiens.<\/p>\n<p>La t\u00eate en forme de fleur qui laisse couler l&rsquo;eau directement dans le r\u00e9servoir. Comme \u00e7a votre chien\/chat adorera de boire directement au niveau du fil d&rsquo;eau.<\/p>\n<p>Le pack comprend filtre, support de filtre et kit de montage.<\/p>\n<p>Nous vendons aussi les filtres pour les remplacer au besoin: <a href=\"https:\/\/petworld.ma\/index.php\/produit\/filtre-pour-fontaine-deau-2\/\">Cliquez ici pour acheter les filtres<\/a><\/p>\n<p>&nbsp;<\/p>\n<p id=\"tl_13\">\n","protected":false},"excerpt":{"rendered":"<p>Capacit\u00e9:1,7 litres<\/p>\n<p>Nous vendons aussi les filtres pour les remplacer au besoin: <a href=\"https:\/\/petworld.ma\/index.php\/produit\/filtre-pour-fontaine-deau-2\/\">Cliquez ici pour acheter les filtres<\/a><\/p>\n","protected":false},"featured_media":12759,"template":"","meta":{"jetpack_publicize_message":"","jetpack_publicize_feature_enabled":true,"jetpack_social_post_already_shared":true,"jetpack_social_options":{"image_generator_settings":{"template":"highway","default_image_id":0,"font":"","enabled":false},"version":2}},"product_brand":[],"product_cat":[133,134],"product_tag":[],"class_list":{"0":"post-12758","1":"product","2":"type-product","3":"status-publish","4":"has-post-thumbnail","6":"product_cat-gamelle","7":"product_cat-gamelles","9":"first","10":"instock","11":"sale","12":"taxable","13":"shipping-taxable","14":"purchasable","15":"product-type-simple"},"supplier_id":5588,"supplier_sku":"","barcode":null,"atum_controlled":true,"out_stock_date":null,"out_stock_threshold":null,"inheritable":false,"inbound_stock":0,"stock_on_hold":0,"sold_today":0,"sales_last_days":0,"reserved_stock":0,"customer_returns":0,"warehouse_damage":0,"lost_in_post":0,"other_logs":0,"out_stock_days":0,"lost_sales":0,"has_location":false,"update_date":"2026-05-12T00:21:08","atum_locations":[],"atum_stock_status":"instock","restock_status":false,"low_stock_amount":10,"sales_update_date":"2026-05-12T00:21:07","calc_backorders":null,"jetpack_publicize_connections":[],"jetpack_sharing_enabled":true,"batches":[],"_links":{"self":[{"href":"https:\/\/petworld.ma\/index.php\/wp-json\/wp\/v2\/product\/12758","targetHints":{"allow":["GET"]}}],"collection":[{"href":"https:\/\/petworld.ma\/index.php\/wp-json\/wp\/v2\/product"}],"about":[{"href":"https:\/\/petworld.ma\/index.php\/wp-json\/wp\/v2\/types\/product"}],"wp:featuredmedia":[{"embeddable":true,"href":"https:\/\/petworld.ma\/index.php\/wp-json\/wp\/v2\/media\/12759"}],"wp:attachment":[{"href":"https:\/\/petworld.ma\/index.php\/wp-json\/wp\/v2\/media?parent=12758"}],"wp:term":[{"taxonomy":"product_brand","embeddable":true,"href":"https:\/\/petworld.ma\/index.php\/wp-json\/wp\/v2\/product_brand?post=12758"},{"taxonomy":"product_cat","embeddable":true,"href":"https:\/\/petworld.ma\/index.php\/wp-json\/wp\/v2\/product_cat?post=12758"},{"taxonomy":"product_tag","embeddable":true,"href":"https:\/\/petworld.ma\/index.php\/wp-json\/wp\/v2\/product_tag?post=12758"}],"curies":[{"name":"wp","href":"https:\/\/api.w.org\/{rel}","templated":true}]}}