{"id":12925,"date":"2024-10-13T18:13:36","date_gmt":"2024-10-13T18:13:36","guid":{"rendered":"https:\/\/petworld.ma\/?post_type=product&#038;p=12925"},"modified":"2025-06-13T18:16:41","modified_gmt":"2025-06-13T18:16:41","slug":"collier-pour-chien-moyen-gris-30-45cm-riga","status":"publish","type":"product","link":"https:\/\/petworld.ma\/index.php\/produit\/collier-pour-chien-moyen-gris-30-45cm-riga\/","title":{"rendered":"Collier pour Chien Moyen Gris 30-45cm -Riga-"},"content":{"rendered":"<h1>Collier de qualit\u00e9 de la marque Fran\u00e7aise Riga<\/h1>\n<p>Collier sangle doubl\u00e9e qui apporte confort et s\u00e9curit\u00e9 \u00e0 votre chien. Tiss\u00e9 en polyamide ou polyester, les sangles sont souples, r\u00e9sistantes et waterproof. Le tissage permet des nuances unies ou color\u00e9es fantaisies.<\/p>\n<p>Pour chien moyen: Tour de cou 30-45cm<\/p>\n","protected":false},"excerpt":{"rendered":"<p>Taille: Tour de 30-45cm<\/p>\n","protected":false},"featured_media":12926,"template":"","meta":{"jetpack_publicize_message":"","jetpack_publicize_feature_enabled":true,"jetpack_social_post_already_shared":true,"jetpack_social_options":{"image_generator_settings":{"template":"highway","default_image_id":0,"font":"","enabled":false},"version":2}},"product_brand":[],"product_cat":[92],"product_tag":[],"class_list":{"0":"post-12925","1":"product","2":"type-product","3":"status-publish","4":"has-post-thumbnail","6":"product_cat-harnais-et-laisses-pour-chien","8":"first","9":"instock","10":"taxable","11":"shipping-taxable","12":"purchasable","13":"product-type-simple"},"supplier_id":5592,"supplier_sku":"","barcode":null,"atum_controlled":true,"out_stock_date":null,"out_stock_threshold":null,"inheritable":false,"inbound_stock":0,"stock_on_hold":0,"sold_today":0,"sales_last_days":0,"reserved_stock":0,"customer_returns":0,"warehouse_damage":0,"lost_in_post":0,"other_logs":0,"out_stock_days":0,"lost_sales":0,"has_location":false,"update_date":"2026-05-07T00:18:30","atum_locations":[],"atum_stock_status":"instock","restock_status":false,"low_stock_amount":0,"sales_update_date":"2026-05-07T00:18:30","calc_backorders":null,"jetpack_publicize_connections":[],"jetpack_sharing_enabled":true,"batches":[],"_links":{"self":[{"href":"https:\/\/petworld.ma\/index.php\/wp-json\/wp\/v2\/product\/12925","targetHints":{"allow":["GET"]}}],"collection":[{"href":"https:\/\/petworld.ma\/index.php\/wp-json\/wp\/v2\/product"}],"about":[{"href":"https:\/\/petworld.ma\/index.php\/wp-json\/wp\/v2\/types\/product"}],"wp:featuredmedia":[{"embeddable":true,"href":"https:\/\/petworld.ma\/index.php\/wp-json\/wp\/v2\/media\/12926"}],"wp:attachment":[{"href":"https:\/\/petworld.ma\/index.php\/wp-json\/wp\/v2\/media?parent=12925"}],"wp:term":[{"taxonomy":"product_brand","embeddable":true,"href":"https:\/\/petworld.ma\/index.php\/wp-json\/wp\/v2\/product_brand?post=12925"},{"taxonomy":"product_cat","embeddable":true,"href":"https:\/\/petworld.ma\/index.php\/wp-json\/wp\/v2\/product_cat?post=12925"},{"taxonomy":"product_tag","embeddable":true,"href":"https:\/\/petworld.ma\/index.php\/wp-json\/wp\/v2\/product_tag?post=12925"}],"curies":[{"name":"wp","href":"https:\/\/api.w.org\/{rel}","templated":true}]}}