{"id":1385,"date":"2023-02-03T14:42:47","date_gmt":"2023-02-03T14:42:47","guid":{"rendered":"https:\/\/petworld.ma\/?post_type=product&#038;p=1385"},"modified":"2026-04-22T09:24:32","modified_gmt":"2026-04-22T09:24:32","slug":"brit-mono-protein-lapin-400g","status":"publish","type":"product","link":"https:\/\/petworld.ma\/index.php\/produit\/brit-mono-protein-lapin-400g\/","title":{"rendered":"Brit Mono Protein \u2013 Lapin 400g"},"content":{"rendered":"<div class=\"hidden-xs\">\n<p>PROT\u00c9INE 100 % PURE LAPIN Le \u00ab Brit Mono Protein \u00bb propose une alimentation compl\u00e8te et bien \u00e9quilibr\u00e9e. La recette contenant un seul type de prot\u00e9ine permet de r\u00e9duire les risques d&rsquo;allergies et d&rsquo;intol\u00e9rances alimentaires. Aliment complet pour chiens.<\/p>\n<div style=\"width: 730px;\" class=\"wp-video\"><video class=\"wp-video-shortcode\" id=\"video-1385-1\" width=\"730\" height=\"410\" loop autoplay preload=\"auto\" controls=\"controls\"><source type=\"video\/mp4\" src=\"https:\/\/petworld.ma\/wp-content\/uploads\/2023\/02\/monoprotein-rabbit-rez-can-16-9-02.mp4?_=1\" \/><a href=\"https:\/\/petworld.ma\/wp-content\/uploads\/2023\/02\/monoprotein-rabbit-rez-can-16-9-02.mp4\">https:\/\/petworld.ma\/wp-content\/uploads\/2023\/02\/monoprotein-rabbit-rez-can-16-9-02.mp4<\/a><\/video><\/div>\n<\/div>\n<p>Afin que nos amis \u00e0 quatre pattes se sentent bien dans leurs petits ventres bien qu\u2019ils aient une digestion sensible, des intol\u00e9rances ou sont allergiques, il faut leur servir un menu qui sans allerg\u00e8nes nocifs. La recherche des substances mal tol\u00e9r\u00e9es peut \u00eatre une course de longue distance, dans laquelle des aliments en conserve contenant un type de prot\u00e9ine peuvent \u00eatre une aide pr\u00e9cieuse. Nous pouvons simplement tester comment un chien r\u00e9agit \u00e0 quelle prot\u00e9ine et exclure tout ce qui est mal tol\u00e9r\u00e9. \u00c9tant donn\u00e9 que certains chiens \u00e0 digestion sensible ne dig\u00e8rent pas de gros morceaux de viande ou d\u2019abats, la monoprot\u00e9ine Brit en conserve a la consistance d\u2019un p\u00e2t\u00e9 fin est mieux dig\u00e9r\u00e9e et facilement accept\u00e9e m\u00eame par les chiens \u00e2g\u00e9s qui ont aussi des probl\u00e8mes avec les dents.<\/p>\n<ul>\n<li>Adapt\u00e9 aux chiens \u00e0 digestion sensible, souffrant d\u2019allergies et d\u2019intol\u00e9rances alimentaires.<\/li>\n<li>Gr\u00e2ce \u00e0 sa haute teneur en viande de haute qualit\u00e9 et \u00e0 son traitement respectueux, le produit est particuli\u00e8rement savoureux<\/li>\n<li>Compl\u00e9ment id\u00e9al de croquettes. Il permet d\u2019am\u00e9liorer l\u2019app\u00e9tit et apporte un suppl\u00e9ment d\u2019eau<\/li>\n<li>P\u00e2te fine pour une meilleure digestion et une prise plus facile pour les chiens \u00e2g\u00e9s<\/li>\n<li>SANS GLUTEN &#8211; SANS SOJA &#8211; SANS OGM<\/li>\n<\/ul>\n<p class=\"composition\"><strong>Composition:<\/strong>\u00a0lapin 74% (viande et organes), amidon de pois 3 %, fibres de pois 1 %.<\/p>\n<p><strong>Composants analytiques:<\/strong>\u00a0prot\u00e9ine brute 9%, graisse brute 6%, cendres brutes 2%, humidit\u00e9 78%, cellulose brute 0,5%, calcium 0,3 %, phosphore 0,3 %, sodium 0,4 %.<\/p>\n<p><strong>Ingr\u00e9dients:<\/strong>\u00a0vitamine D3 (3a671) 250 UI, vitamine E (3a700) 100 mg, zinc (3b606) 15 mg, fer (3b106) 10 mg, mangan\u00e8se (3b504) 3 mg, iodure de potassium (3b201) 0,75 mg, cuivre (3b406) 0,5 mg, biotine (3a880) 0,2 mg. Additifs technologiques par kg : gomme de caroube (E410) 5000 mg.<\/p>\n<p><strong>Metabolizable energy:<\/strong>\u00a01 070 kcal\/kg<\/p>\n","protected":false},"excerpt":{"rendered":"<p>PROT\u00c9INE 100 % PURE LAPIN Le \u00ab Brit Mono Protein \u00bb propose une alimentation compl\u00e8te et bien \u00e9quilibr\u00e9e. La recette contenant un seul type de prot\u00e9ine permet de r\u00e9duire les risques d&rsquo;allergies et d&rsquo;intol\u00e9rances alimentaires. Aliment complet pour chiens. Afin que nos amis \u00e0 quatre pattes se sentent bien dans leurs petits ventres bien qu\u2019ils [&#8230;]\n","protected":false},"featured_media":1387,"template":"","meta":{"jetpack_publicize_message":"","jetpack_publicize_feature_enabled":true,"jetpack_social_post_already_shared":false,"jetpack_social_options":{"image_generator_settings":{"template":"highway","default_image_id":0,"font":"","enabled":false},"version":2}},"product_brand":[],"product_cat":[39],"product_tag":[],"class_list":{"0":"post-1385","1":"product","2":"type-product","3":"status-publish","4":"has-post-thumbnail","6":"product_cat-friandises-et-pates-pour-chien","8":"first","9":"instock","10":"taxable","11":"shipping-taxable","12":"purchasable","13":"product-type-simple"},"supplier_id":5590,"supplier_sku":"","barcode":null,"atum_controlled":true,"out_stock_date":null,"out_stock_threshold":null,"inheritable":false,"inbound_stock":0,"stock_on_hold":0,"sold_today":0,"sales_last_days":0,"reserved_stock":0,"customer_returns":0,"warehouse_damage":0,"lost_in_post":0,"other_logs":0,"out_stock_days":0,"lost_sales":0,"has_location":false,"update_date":"2026-04-28T00:15:38","atum_locations":[],"atum_stock_status":"instock","restock_status":false,"low_stock_amount":12,"sales_update_date":"2026-04-28T00:15:38","calc_backorders":0,"jetpack_publicize_connections":[],"jetpack_sharing_enabled":true,"batches":[{"id":"2026","date_created":"2025-02-16 13:36:57","date_expiry":"2027-03-04 00:00:00","user_id":"2760","batch_number":"Brit Mono Protein \u2013 Lapin 400g040327","location":"","quantity":"33.0000","quantity_available":"0.0000","units":"1","status":"archived","order_ids":"[18110,18612,19543,20479,20512,20967,21636,27884,28154,28703,29153,29417,29937,31094,32062,32596,33630,35236,35595,36815,38582]","supplier":"Brit","po":{"id":"1998","date_created":"2025-02-16 13:37:00","batch_id":"2026","po_number":"","supplier":"Brit","cost":null,"regular_price":null,"sale_price":null,"price_margin":null,"price_discount":null}},{"id":"3852","date_created":"2025-06-05 08:50:13","date_expiry":"2027-10-09 00:00:00","user_id":"2760","batch_number":"Brit Mono Protein \u2013 Lapin 400g091027","location":"","quantity":"3.0000","quantity_available":"0.0000","units":"1","status":"archived","order_ids":"[38582,38818]","supplier":"Brit","po":{"id":"3816","date_created":"2025-06-05 08:50:14","batch_id":"3852","po_number":"","supplier":"Brit","cost":null,"regular_price":null,"sale_price":null,"price_margin":null,"price_discount":null}},{"id":"4766","date_created":"2025-08-08 14:31:48","date_expiry":"2028-01-29 00:00:00","user_id":"2760","batch_number":"Brit Mono Protein \u2013 Lapin 400g290128","location":"","quantity":"2.0000","quantity_available":"1.0000","units":"1","status":"active","order_ids":"[38818,39230]","supplier":"Brit","po":{"id":"4730","date_created":"2025-08-08 14:31:48","batch_id":"4766","po_number":"","supplier":"Brit","cost":null,"regular_price":null,"sale_price":null,"price_margin":null,"price_discount":null}},{"id":"7487","date_created":"2026-02-03 00:56:31","date_expiry":"2028-12-30 00:00:00","user_id":"2760","batch_number":"Brit Mono Protein \u2013 Lapin 400g301228","location":"","quantity":"6.0000","quantity_available":"6.0000","units":"1","status":"active","order_ids":"[39230]","supplier":"Brit","po":{"id":"7422","date_created":"2026-02-03 00:56:31","batch_id":"7487","po_number":"","supplier":"Brit","cost":null,"regular_price":null,"sale_price":null,"price_margin":null,"price_discount":null}},{"id":"8987","date_created":"2026-04-22 09:24:31","date_expiry":"2029-01-30 00:00:00","user_id":"2760","batch_number":"Brit Mono Protein \u2013 Lapin 400g300129","location":"","quantity":"12.0000","quantity_available":"12.0000","units":"1","status":"active","order_ids":null,"supplier":"Brit","po":{"id":"8911","date_created":"2026-04-22 09:24:32","batch_id":"8987","po_number":"","supplier":"Brit","cost":null,"regular_price":null,"sale_price":null,"price_margin":null,"price_discount":null}}],"_links":{"self":[{"href":"https:\/\/petworld.ma\/index.php\/wp-json\/wp\/v2\/product\/1385","targetHints":{"allow":["GET"]}}],"collection":[{"href":"https:\/\/petworld.ma\/index.php\/wp-json\/wp\/v2\/product"}],"about":[{"href":"https:\/\/petworld.ma\/index.php\/wp-json\/wp\/v2\/types\/product"}],"wp:featuredmedia":[{"embeddable":true,"href":"https:\/\/petworld.ma\/index.php\/wp-json\/wp\/v2\/media\/1387"}],"wp:attachment":[{"href":"https:\/\/petworld.ma\/index.php\/wp-json\/wp\/v2\/media?parent=1385"}],"wp:term":[{"taxonomy":"product_brand","embeddable":true,"href":"https:\/\/petworld.ma\/index.php\/wp-json\/wp\/v2\/product_brand?post=1385"},{"taxonomy":"product_cat","embeddable":true,"href":"https:\/\/petworld.ma\/index.php\/wp-json\/wp\/v2\/product_cat?post=1385"},{"taxonomy":"product_tag","embeddable":true,"href":"https:\/\/petworld.ma\/index.php\/wp-json\/wp\/v2\/product_tag?post=1385"}],"curies":[{"name":"wp","href":"https:\/\/api.w.org\/{rel}","templated":true}]}}