{"id":13933,"date":"2024-11-03T20:42:34","date_gmt":"2024-11-03T20:42:34","guid":{"rendered":"https:\/\/petworld.ma\/?post_type=product&#038;p=13933"},"modified":"2026-04-21T20:50:12","modified_gmt":"2026-04-21T20:50:12","slug":"purina-pro-plan-multivariete-delicate-poisson-de-locean-en-sauce-85g","status":"publish","type":"product","link":"https:\/\/petworld.ma\/index.php\/produit\/purina-pro-plan-multivariete-delicate-poisson-de-locean-en-sauce-85g\/","title":{"rendered":"Purina Pro Plan Multivari\u00e9t\u00e9 D\u00e9licate Poisson de l&rsquo;Oc\u00e9an en Sauce 85g"},"content":{"rendered":"<p>PRO PLAN\u00ae MULTIVARI\u00c9T\u00c9 DELICATE\u00a0 POISSON DE l\u2019OCEAN EN SAUCE regroupe 2 recettes : PURINA\u00ae PRO PLAN\u00ae Adult Delicate Digestion \u00e0 la Dinde en Sauce &amp; PURINA\u00ae PRO PLAN\u00ae Adult Delicate Digestion au Poisson de l&rsquo;Oc\u00e9an en Sauce, de tendres morceaux en sauce pour chats adultes, formul\u00e9s pour favoriser un syst\u00e8me digestif sain.<\/p>\n<p>Disponible en bo\u00eetes de 10 sachets fra\u00eecheurs de 85 g.<\/p>\n<p>Cette recette a \u00e9t\u00e9 sp\u00e9cialement formul\u00e9e pour aider \u00e0 favoriser un syst\u00e8me digestif sain, ainsi que pour \u00a0aider \u00e0 \u00a0contr\u00f4ler la sensibilit\u00e9 cutan\u00e9e gr\u00e2ce \u00e0 des teneurs \u00e9lev\u00e9es en acides gras Om\u00e9ga 3&amp;6. Ces formules ont \u00e9t\u00e9 \u00e9labor\u00e9es avec des ingr\u00e9dients de haute qualit\u00e9 pour une bonne digestion.<br \/>\nSans colorants ajout\u00e9s.<\/p>\n<p>PURINA\u00ae PRO PLAN\u00ae Adult Delicate Digestion au Poisson de l&rsquo;Oc\u00e9an en Sauce : Viandes et sous-produits animaux, Extraits de prot\u00e9ines v\u00e9g\u00e9tales, Poissons et sous-produits de poissons (dont poisson de l&rsquo;oc\u00e9an 4 %), Sous-produits d&rsquo;origine v\u00e9g\u00e9tale, Huiles et graisses, Substances min\u00e9rales, Sucres<\/p>\n<p>&nbsp;<\/p>\n","protected":false},"excerpt":{"rendered":"<ul>\n<li>Aliment complet pour chats adultes.<\/li>\n<li>Prouv\u00e9 pour favoriser un syst\u00e8me digestif sain.<\/li>\n<li>Aide \u00e0 contr\u00f4ler la sensibilit\u00e9 cutan\u00e9e gr\u00e2ce \u00e0 des teneurs \u00e9lev\u00e9es en acides gras Om\u00e9ga 3&amp;6.<\/li>\n<li>\u00c9labor\u00e9 avec des ingr\u00e9dients de haute qualit\u00e9 pour une bonne digestion.<\/li>\n<\/ul>\n","protected":false},"featured_media":13934,"template":"","meta":{"jetpack_publicize_message":"","jetpack_publicize_feature_enabled":true,"jetpack_social_post_already_shared":true,"jetpack_social_options":{"image_generator_settings":{"template":"highway","default_image_id":0,"font":"","enabled":false},"version":2}},"product_brand":[],"product_cat":[41],"product_tag":[],"class_list":{"0":"post-13933","1":"product","2":"type-product","3":"status-publish","4":"has-post-thumbnail","6":"product_cat-friandises-et-pate-pour-chat","8":"first","9":"instock","10":"sale","11":"taxable","12":"shipping-taxable","13":"purchasable","14":"product-type-simple"},"supplier_id":5598,"supplier_sku":"","barcode":null,"atum_controlled":true,"out_stock_date":null,"out_stock_threshold":null,"inheritable":false,"inbound_stock":0,"stock_on_hold":0,"sold_today":0,"sales_last_days":4,"reserved_stock":0,"customer_returns":0,"warehouse_damage":0,"lost_in_post":0,"other_logs":0,"out_stock_days":0,"lost_sales":0,"has_location":false,"update_date":"2026-04-27T00:15:21","atum_locations":[],"atum_stock_status":"instock","restock_status":false,"low_stock_amount":13,"sales_update_date":"2026-04-27T00:15:21","calc_backorders":null,"jetpack_publicize_connections":[],"jetpack_sharing_enabled":true,"batches":[{"id":"742","date_created":"2024-11-03 20:50:10","date_expiry":"2026-06-30 00:00:00","user_id":"2760","batch_number":"ProplanPochonPoisson300626","location":"","quantity":"26.0000","quantity_available":"0.0000","units":"1","status":"archived","order_ids":"[13964,13985,14174,14850,16683,17107,17554,18090,18111]","supplier":"Proplan","po":{"id":"723","date_created":"2024-11-03 20:50:11","batch_id":"742","po_number":"","supplier":"Proplan","cost":null,"regular_price":null,"sale_price":null,"price_margin":null,"price_discount":null}},{"id":"2180","date_created":"2025-02-26 21:39:25","date_expiry":"2026-08-30 00:00:00","user_id":"2760","batch_number":"ProplanPochonPoisson300826","location":"","quantity":"26.0000","quantity_available":"0.0000","units":"1","status":"archived","order_ids":"[18471,18663,18675,18901,19427]","supplier":"Proplan","po":{"id":"2149","date_created":"2025-02-26 21:39:29","batch_id":"2180","po_number":"","supplier":"Proplan","cost":null,"regular_price":null,"sale_price":null,"price_margin":null,"price_discount":null}},{"id":"2351","date_created":"2025-03-13 22:23:23","date_expiry":"2026-08-30 00:00:00","user_id":"2760","batch_number":"ProplanPochonPoisson300826","location":"","quantity":"26.0000","quantity_available":"0.0000","units":"1","status":"archived","order_ids":"[19427,20122,21397,22052,22412,22525,22595,23171,23538,23709]","supplier":"Proplan","po":{"id":"2319","date_created":"2025-03-13 22:23:26","batch_id":"2351","po_number":"","supplier":"Proplan","cost":null,"regular_price":null,"sale_price":null,"price_margin":null,"price_discount":null}},{"id":"3658","date_created":"2025-05-29 09:12:08","date_expiry":"2026-11-30 00:00:00","user_id":"2760","batch_number":"ProplanPochonPoisson301126","location":"","quantity":"52.0000","quantity_available":"0.0000","units":"1","status":"archived","order_ids":"[23709,24114,24806,24964,25024,25506,25528,25703,25737,25743,25844,25907,26033,26264,26406,26856]","supplier":"Proplan","po":{"id":"3625","date_created":"2025-05-29 09:12:09","batch_id":"3658","po_number":"","supplier":"Proplan","cost":null,"regular_price":null,"sale_price":null,"price_margin":null,"price_discount":null}},{"id":"4612","date_created":"2025-07-31 20:25:48","date_expiry":"2027-01-30 00:00:00","user_id":"2760","batch_number":"ProplanPochonPoisson300127","location":"","quantity":"26.0000","quantity_available":"0.0000","units":"1","status":"archived","order_ids":"[26856,28658,28892,28989,29081,29478,29484,30969]","supplier":"Proplan","po":{"id":"4576","date_created":"2025-07-31 20:25:49","batch_id":"4612","po_number":"","supplier":"Proplan","cost":null,"regular_price":null,"sale_price":null,"price_margin":null,"price_discount":null}},{"id":"6336","date_created":"2025-11-24 12:37:28","date_expiry":"2027-02-28 00:00:00","user_id":"2760","batch_number":"ProplanPochonPoisson300227","location":"","quantity":"26.0000","quantity_available":"0.0000","units":"1","status":"archived","order_ids":"[31016,31029,31292,31915,32238,33070,35518,36395,36467,36774,36956,37034,37115,37427]","supplier":"Proplan","po":{"id":"6282","date_created":"2025-11-24 12:37:28","batch_id":"6336","po_number":"","supplier":"Proplan","cost":null,"regular_price":null,"sale_price":null,"price_margin":null,"price_discount":null}},{"id":"8118","date_created":"2026-03-06 10:39:33","date_expiry":"2027-02-28 00:00:00","user_id":"2760","batch_number":"ProplanPochonPoisson300227","location":"","quantity":"26.0000","quantity_available":"0.0000","units":"1","status":"archived","order_ids":"[38614,38659,38816]","supplier":"Proplan","po":{"id":"8057","date_created":"2026-03-06 10:39:33","batch_id":"8118","po_number":"","supplier":"Proplan","cost":null,"regular_price":null,"sale_price":null,"price_margin":null,"price_discount":null}},{"id":"8402","date_created":"2026-03-21 15:22:56","date_expiry":"2027-08-30 00:00:00","user_id":"2760","batch_number":"ProplanPochonPoisson300827","location":"","quantity":"23.0000","quantity_available":"23.0000","units":"1","status":"archived","order_ids":null,"supplier":"Proplan","po":{"id":"8330","date_created":"2026-03-21 15:22:56","batch_id":"8402","po_number":"","supplier":"Proplan","cost":null,"regular_price":null,"sale_price":null,"price_margin":null,"price_discount":null}},{"id":"8835","date_created":"2026-04-15 13:03:42","date_expiry":"2027-08-30 00:00:00","user_id":"2760","batch_number":"ProplanPochonPoisson300827","location":"","quantity":"52.0000","quantity_available":"48.0000","units":"1","status":"active","order_ids":"[40431]","supplier":"Proplan","po":{"id":"8762","date_created":"2026-04-15 13:03:42","batch_id":"8835","po_number":"","supplier":"Proplan","cost":null,"regular_price":null,"sale_price":null,"price_margin":null,"price_discount":null}}],"_links":{"self":[{"href":"https:\/\/petworld.ma\/index.php\/wp-json\/wp\/v2\/product\/13933","targetHints":{"allow":["GET"]}}],"collection":[{"href":"https:\/\/petworld.ma\/index.php\/wp-json\/wp\/v2\/product"}],"about":[{"href":"https:\/\/petworld.ma\/index.php\/wp-json\/wp\/v2\/types\/product"}],"wp:featuredmedia":[{"embeddable":true,"href":"https:\/\/petworld.ma\/index.php\/wp-json\/wp\/v2\/media\/13934"}],"wp:attachment":[{"href":"https:\/\/petworld.ma\/index.php\/wp-json\/wp\/v2\/media?parent=13933"}],"wp:term":[{"taxonomy":"product_brand","embeddable":true,"href":"https:\/\/petworld.ma\/index.php\/wp-json\/wp\/v2\/product_brand?post=13933"},{"taxonomy":"product_cat","embeddable":true,"href":"https:\/\/petworld.ma\/index.php\/wp-json\/wp\/v2\/product_cat?post=13933"},{"taxonomy":"product_tag","embeddable":true,"href":"https:\/\/petworld.ma\/index.php\/wp-json\/wp\/v2\/product_tag?post=13933"}],"curies":[{"name":"wp","href":"https:\/\/api.w.org\/{rel}","templated":true}]}}