{"id":14069,"date":"2024-11-06T17:23:48","date_gmt":"2024-11-06T17:23:48","guid":{"rendered":"https:\/\/petworld.ma\/?post_type=product&#038;p=14069"},"modified":"2026-03-27T00:09:43","modified_gmt":"2026-03-27T00:09:43","slug":"bac-a-litiere-top-toilette-pour-chat-57x37x38cm-taupe-noir","status":"publish","type":"product","link":"https:\/\/petworld.ma\/index.php\/produit\/bac-a-litiere-top-toilette-pour-chat-57x37x38cm-taupe-noir\/","title":{"rendered":"Bac \u00e0 Liti\u00e8re Top Toilette pour chat 57x37x38cm Taupe\/Noir"},"content":{"rendered":"<p>Cette toilette ECO pour chats moderne et pratique est dot\u00e9e d&rsquo;une ouverture sur le dessus et le bord sur\u00e9lev\u00e9 permet \u00e0 la liti\u00e8re, \u00e0 l&rsquo;urine et aux excr\u00e9ments de rester dans le bac. Convient tr\u00e8s bien pour les chats qui font pipi debout, en arri\u00e8re ou qui aiment creuser. Le couvercle est dot\u00e9 de trous, de telle sorte qu&rsquo;en quittant les toilettes, le grain retombe \u00e0 l&rsquo;int\u00e9rieur. La taille de l&rsquo;ouverture convient tant pour les chatons que pour les chats adultes. Pendant le nettoyage, vous pouvez attacher le couvercle sur le c\u00f4t\u00e9 et un petit crochet a \u00e9t\u00e9 pr\u00e9vu pour y attacher une petite pelle.<\/p>\n<p>Dimensions: cm 57x37x38cm<\/p>\n","protected":false},"excerpt":{"rendered":"<p>Made In Italy<\/p>\n<p>Dimensions: cm 57x37x38cm<\/p>\n","protected":false},"featured_media":14071,"template":"","meta":{"jetpack_publicize_message":"","jetpack_publicize_feature_enabled":true,"jetpack_social_post_already_shared":true,"jetpack_social_options":{"image_generator_settings":{"template":"highway","default_image_id":0,"font":"","enabled":false},"version":2}},"product_brand":[],"product_cat":[94],"product_tag":[],"class_list":{"0":"post-14069","1":"product","2":"type-product","3":"status-publish","4":"has-post-thumbnail","6":"product_cat-litieres-et-bacs","8":"first","9":"instock","10":"taxable","11":"shipping-taxable","12":"purchasable","13":"product-type-simple"},"supplier_id":5588,"supplier_sku":"","barcode":null,"atum_controlled":true,"out_stock_date":null,"out_stock_threshold":null,"inheritable":false,"inbound_stock":0,"stock_on_hold":0,"sold_today":0,"sales_last_days":0,"reserved_stock":0,"customer_returns":0,"warehouse_damage":0,"lost_in_post":0,"other_logs":0,"out_stock_days":0,"lost_sales":0,"has_location":false,"update_date":"2026-05-13T00:23:55","atum_locations":[],"atum_stock_status":"instock","restock_status":false,"low_stock_amount":2,"sales_update_date":"2026-05-13T00:23:55","calc_backorders":null,"jetpack_publicize_connections":[],"jetpack_sharing_enabled":true,"batches":[],"_links":{"self":[{"href":"https:\/\/petworld.ma\/index.php\/wp-json\/wp\/v2\/product\/14069","targetHints":{"allow":["GET"]}}],"collection":[{"href":"https:\/\/petworld.ma\/index.php\/wp-json\/wp\/v2\/product"}],"about":[{"href":"https:\/\/petworld.ma\/index.php\/wp-json\/wp\/v2\/types\/product"}],"wp:featuredmedia":[{"embeddable":true,"href":"https:\/\/petworld.ma\/index.php\/wp-json\/wp\/v2\/media\/14071"}],"wp:attachment":[{"href":"https:\/\/petworld.ma\/index.php\/wp-json\/wp\/v2\/media?parent=14069"}],"wp:term":[{"taxonomy":"product_brand","embeddable":true,"href":"https:\/\/petworld.ma\/index.php\/wp-json\/wp\/v2\/product_brand?post=14069"},{"taxonomy":"product_cat","embeddable":true,"href":"https:\/\/petworld.ma\/index.php\/wp-json\/wp\/v2\/product_cat?post=14069"},{"taxonomy":"product_tag","embeddable":true,"href":"https:\/\/petworld.ma\/index.php\/wp-json\/wp\/v2\/product_tag?post=14069"}],"curies":[{"name":"wp","href":"https:\/\/api.w.org\/{rel}","templated":true}]}}