{"id":14197,"date":"2024-11-09T16:07:27","date_gmt":"2024-11-09T16:07:27","guid":{"rendered":"https:\/\/petworld.ma\/?post_type=product&#038;p=14197"},"modified":"2026-04-24T06:37:23","modified_gmt":"2026-04-24T06:37:23","slug":"litiere-vegetale-biodegradable-granules-bois-10kg","status":"publish","type":"product","link":"https:\/\/petworld.ma\/index.php\/produit\/litiere-vegetale-biodegradable-granules-bois-10kg\/","title":{"rendered":"Liti\u00e8re V\u00e9g\u00e9tale Biod\u00e9gradable Granul\u00e9s Bois 23L"},"content":{"rendered":"<p>Liti\u00e8re en Granul\u00e9 de Bois Anti-Odeurs 23L\u00a0 \u2013 Pellet<\/p>\n<p>Liti\u00e8re ultra absorbante , Excellente R\u00e9tention des Odeurs, S\u00e8che Tr\u00e8s Vite, Ne colle Pas aux Pattes et \u00e9conomique jusqu\u2019\u00e0 6 semaines d\u2019utilisation.<\/p>\n<h4 style=\"text-align: center\"><strong>Comment utiliser?<\/strong><\/h4>\n<div class=\"pf-c\" style=\"text-align: center\">\n<div class=\"sc-laZMeE ljWfRO pf-36_\" data-pf-type=\"Column\">\n<p><img decoding=\"async\" class=\"sc-iBzEeX glZmJR pf-37_ aligncenter\" src=\"https:\/\/i0.wp.com\/cdn.shopify.com\/s\/files\/1\/0277\/1117\/6777\/t\/3\/assets\/pf-cce5b34e--Custom-dimensions-1980x1080-px-Custom-dimensions_297x.png?resize=207%2C142&amp;ssl=1\" width=\"207\" height=\"143\" data-pf-type=\"Image\" \/><\/p>\n<div class=\"sc-jgPyTC fuJtcf pf-38_\" data-pf-type=\"Block\">\n<p class=\"sc-fbIWvP fkBHIM pf-39_\" data-pf-type=\"Paragraph\"><span class=\"sc-daBunf eQUdeu pf-41_\" data-pf-type=\"Text\">1<\/span><\/p>\n<h3 class=\"sc-ciSkZP hNMEMQ pf-42_\" data-pf-type=\"Heading\"><span class=\"sc-daBunf eQUdeu pf-44_\" data-pf-type=\"Text\">Versez<br \/>\n<\/span><\/h3>\n<p class=\"sc-fbIWvP fkBHIM pf-45_ _DOoN23\" data-pf-type=\"Paragraph\"><span class=\"sc-daBunf eQUdeu pf-47_\" data-pf-type=\"Text\">Versez jusqu\u2019\u00e0 2 cm de granul\u00e9s de bois dans le bac<\/span><\/p>\n<\/div>\n<\/div>\n<\/div>\n<div class=\"pf-c\" style=\"text-align: center\">\n<div class=\"sc-laZMeE ljWfRO pf-48_\" data-pf-type=\"Column\">\n<p><img decoding=\"async\" class=\"sc-iBzEeX glZmJR pf-49_ aligncenter\" src=\"https:\/\/i0.wp.com\/cdn.shopify.com\/s\/files\/1\/0277\/1117\/6777\/t\/3\/assets\/pf-e5b34e21--Custom-dimensions-1980x1080-px-Custom-dimensions-1_297x.png?resize=220%2C152&amp;ssl=1\" width=\"220\" height=\"152\" data-pf-type=\"Image\" \/><\/p>\n<div class=\"sc-jgPyTC fuJtcf pf-50_\" data-pf-type=\"Block\">\n<p class=\"sc-fbIWvP fkBHIM pf-51_\" data-pf-type=\"Paragraph\"><span class=\"sc-daBunf eQUdeu pf-53_\" data-pf-type=\"Text\">2<\/span><\/p>\n<h3 class=\"sc-ciSkZP hNMEMQ pf-54_\" data-pf-type=\"Heading\"><span class=\"sc-daBunf eQUdeu pf-56_\" data-pf-type=\"Text\">Retirez<br \/>\n<\/span><\/h3>\n<p class=\"sc-fbIWvP fkBHIM pf-57_ _DOoN23\" data-pf-type=\"Paragraph\"><span class=\"sc-daBunf eQUdeu pf-59_\" data-pf-type=\"Text\">Retirez les granul\u00e9s satur\u00e9s et les escr\u00e9ments solides<\/span><\/p>\n<\/div>\n<\/div>\n<\/div>\n<div class=\"pf-c\">\n<div class=\"sc-laZMeE ljWfRO pf-60_\" data-pf-type=\"Column\">\n<p style=\"text-align: center\"><img decoding=\"async\" class=\"sc-iBzEeX glZmJR pf-61_ aligncenter\" src=\"https:\/\/i0.wp.com\/cdn.shopify.com\/s\/files\/1\/0277\/1117\/6777\/t\/3\/assets\/pf-b34e212b--Custom-dimensions-1980x1080-px-Custom-dimensions-2_297x.png?resize=201%2C139&amp;ssl=1\" width=\"201\" height=\"138\" data-pf-type=\"Image\" \/><\/p>\n<div class=\"sc-jgPyTC fuJtcf pf-62_\" data-pf-type=\"Block\">\n<p class=\"sc-fbIWvP fkBHIM pf-63_\" style=\"text-align: center\" data-pf-type=\"Paragraph\"><span class=\"sc-daBunf eQUdeu pf-65_\" data-pf-type=\"Text\">3<\/span><\/p>\n<h3 class=\"sc-ciSkZP hNMEMQ pf-66_\" style=\"text-align: center\" data-pf-type=\"Heading\"><span class=\"sc-daBunf eQUdeu pf-68_\" data-pf-type=\"Text\">Renouvelez<br \/>\n<\/span><\/h3>\n<p class=\"sc-fbIWvP fkBHIM pf-69_ _DOoN23\" style=\"text-align: center\" data-pf-type=\"Paragraph\"><span class=\"sc-daBunf eQUdeu pf-71_\" data-pf-type=\"Text\">Renouvelez compl\u00e8tement la liti\u00e8re quand cela s\u2019av\u00e8re n\u00e9cessaire<\/span><\/p>\n<\/div>\n<\/div>\n<\/div>\n","protected":false},"excerpt":{"rendered":"<p>Liti\u00e8re en Granul\u00e9 de Bois Anti-Odeurs 23L\u00a0 \u2013 Pellet Liti\u00e8re ultra absorbante , Excellente R\u00e9tention des Odeurs, S\u00e8che Tr\u00e8s Vite, Ne colle Pas aux Pattes et \u00e9conomique jusqu\u2019\u00e0 6 semaines d\u2019utilisation. Comment utiliser? 1 Versez Versez jusqu\u2019\u00e0 2 cm de granul\u00e9s de bois dans le bac 2 Retirez Retirez les granul\u00e9s satur\u00e9s et les escr\u00e9ments [&#8230;]\n","protected":false},"featured_media":35728,"template":"","meta":{"jetpack_publicize_message":"","jetpack_publicize_feature_enabled":true,"jetpack_social_post_already_shared":true,"jetpack_social_options":{"image_generator_settings":{"template":"highway","default_image_id":0,"font":"","enabled":false},"version":2}},"product_brand":[],"product_cat":[94],"product_tag":[],"class_list":{"0":"post-14197","1":"product","2":"type-product","3":"status-publish","4":"has-post-thumbnail","6":"product_cat-litieres-et-bacs","8":"first","9":"onbackorder","10":"taxable","11":"shipping-taxable","12":"purchasable","13":"product-type-simple"},"supplier_id":5592,"supplier_sku":"","barcode":null,"atum_controlled":true,"out_stock_date":null,"out_stock_threshold":null,"inheritable":false,"inbound_stock":0,"stock_on_hold":0,"sold_today":0,"sales_last_days":13,"reserved_stock":0,"customer_returns":0,"warehouse_damage":0,"lost_in_post":0,"other_logs":0,"out_stock_days":0,"lost_sales":0,"has_location":false,"update_date":"2026-04-25T14:34:00","atum_locations":[],"atum_stock_status":"onbackorder","restock_status":false,"low_stock_amount":10,"sales_update_date":"2026-04-25T14:33:59","calc_backorders":-11,"jetpack_publicize_connections":[],"jetpack_sharing_enabled":true,"batches":[],"_links":{"self":[{"href":"https:\/\/petworld.ma\/index.php\/wp-json\/wp\/v2\/product\/14197","targetHints":{"allow":["GET"]}}],"collection":[{"href":"https:\/\/petworld.ma\/index.php\/wp-json\/wp\/v2\/product"}],"about":[{"href":"https:\/\/petworld.ma\/index.php\/wp-json\/wp\/v2\/types\/product"}],"wp:featuredmedia":[{"embeddable":true,"href":"https:\/\/petworld.ma\/index.php\/wp-json\/wp\/v2\/media\/35728"}],"wp:attachment":[{"href":"https:\/\/petworld.ma\/index.php\/wp-json\/wp\/v2\/media?parent=14197"}],"wp:term":[{"taxonomy":"product_brand","embeddable":true,"href":"https:\/\/petworld.ma\/index.php\/wp-json\/wp\/v2\/product_brand?post=14197"},{"taxonomy":"product_cat","embeddable":true,"href":"https:\/\/petworld.ma\/index.php\/wp-json\/wp\/v2\/product_cat?post=14197"},{"taxonomy":"product_tag","embeddable":true,"href":"https:\/\/petworld.ma\/index.php\/wp-json\/wp\/v2\/product_tag?post=14197"}],"curies":[{"name":"wp","href":"https:\/\/api.w.org\/{rel}","templated":true}]}}