{"id":14382,"date":"2024-11-15T14:28:07","date_gmt":"2024-11-15T14:28:07","guid":{"rendered":"https:\/\/petworld.ma\/?post_type=product&#038;p=14382"},"modified":"2026-04-22T12:48:41","modified_gmt":"2026-04-22T12:48:41","slug":"brit-care-chat-sensibe","status":"publish","type":"product","link":"https:\/\/petworld.ma\/index.php\/produit\/brit-care-chat-sensibe\/","title":{"rendered":"Brit care Cat Grain-Free Sensitive Healthy Digestion And Delicate Taste 2kg (chat sensible et exigent sans c\u00e9r\u00e9ales)"},"content":{"rendered":"<div class=\"hidden-xs\">\n<div class=\"hidden-xs\">\n<div class=\"hidden-xs\">\n<div class=\"hidden-xs\"><strong>Aliment complet pour chats adultes ayant une digestion sensible et des difficult\u00e9s \u00e0 s\u2018alimenter.<\/strong><\/div>\n<p>La formule parfaitement digestible et sans bl\u00e9, riche en nutriments essentiels, garantit que les nutriments sont absorb\u00e9s aussi parfaitement et aussi facilement que possible. Les probiotiques et pr\u00e9biotiques de la formule favorisent la croissance de bact\u00e9ries b\u00e9n\u00e9fiques dans les intestins et r\u00e9gulent les processus m\u00e9taboliques.<\/p>\n<ul>\n<li>Une S\u00c9LECTION DE VIANDES FINES &#8211; la dinde et le saumon ajoutent un go\u00fbt merveilleux, de sorte qu&rsquo;il satisfera m\u00eame les chats les plus difficiles.<\/li>\n<li>LES PROBIOTIQUES ET LES ANTIOXYDANTS renforcent le syst\u00e8me immunitaire et favorisent une digestion saine<\/li>\n<li>Le YUCCA SCHIDIGERA aide \u00e0 r\u00e9duire les odeurs f\u00e9cales.<\/li>\n<li>L\u2018ARGOUSIER contribue \u00e0 la sant\u00e9 des reins et des voies urinaires. La faible teneur en magn\u00e9sium et en L-m\u00e9thionine aide \u00e0 maintenir un pH urinaire optimal de 6,0 \u00e0 6,5.<\/li>\n<li>SANS c\u00e9r\u00e9ales &#8211; SANS colorants &#8211; SANS conservateurs &#8211; SANS OGM &#8211; SANS soja<\/li>\n<\/ul>\n<p class=\"composition\"><strong>Composition:<\/strong>\u00a0viande de dinde fra\u00eeche (26 %), saumon d\u00e9shydrat\u00e9 (26 %), pois jaunes (16 %), pois chiches (11 %), graisse de volaille (conserv\u00e9e avec des tocoph\u00e9rols, 8 %), racine de chicor\u00e9e s\u00e8che (2,5 %), pommes s\u00e8ches (2 %) , huile de saumon (2 %), foie de poulet hydrolys\u00e9 (2 %), levure de bi\u00e8re (2 %), graines de lin (1 %), camomille s\u00e8che (0,5 %), min\u00e9raux, argousier sec ( 0,3 %), canneberges s\u00e8ches (0,2 %), fructo-oligosaccharides (0,015 %), mannane oligo-saccharides (0,015 %), yucca schidigera (0,008 %), Lactobacillus acidophilus HA &#8211; 122 inactiv\u00e9 (15&#215;10 9 cellules \/ kg ).<\/p>\n<p><strong>Composants analytiques:<\/strong>\u00a0prot\u00e9ines brutes 32,0 %, mati\u00e8res grasses brutes 16,0 %, cellulose brute 1,5 %, cendres brutes 7,5 %, humidit\u00e9 10,0 %, om\u00e9ga-3 0,5 %, om\u00e9ga-6 2, 0 %, calcium 1,2 %, phosphore 0,9 %, sodium 0,5 %, magn\u00e9sium 0,08 %.<\/p>\n<p><strong>Ingr\u00e9dients:<\/strong>\u00a0vitamine A (3a672a) 20000 UI, vitamine D 3 (E671) 800 UI, vitamine E (3a700) 600 mg, vitamine C (3a312) 300 mg, taurine (3a370) 2500 mg, L-carnitine (3a910) 50 mg de chlorure de choline (3a890) 2 500 mg, de la biotine (3a880) 2 mg, vitamine B 1 ( 3a821 ) 10 mg de vitamine B 2 12 mg, niacinamide (3a315) 50 mg de pantoth\u00e9nate de D-calcium (3a841) 40 mg, vitamine B 6 (3a831) 10 mg, acide folique (3a316) 2 mg, vitamine B 12 0,04 mg, zinc ( 3b606 ) 120 mg, fer (3b106) 45 mg, mangan\u00e8se (3b504) 55 mg, iodure potassium (3b201) 4 mg, cuivre (3b406) 10 mg, s\u00e9l\u00e9nium (3b8.10) 0,2 mg, L-m\u00e9thionine (3c305) 2000 mg. Contient des antioxydants naturels approuv\u00e9s par l\u2019UE : extraits de tocoph\u00e9rol tir\u00e9s d&rsquo;huiles v\u00e9g\u00e9tales (1b306), palmitate d&rsquo;ascorbyle (1b304) et extrait de romarin.<\/p>\n<p><strong>Metabolizable energy:<\/strong>\u00a03,860 kcal\/kg<\/p>\n<\/div>\n<\/div>\n<\/div>\n","protected":false},"excerpt":{"rendered":"<div class=\"hidden-xs\"><strong>Aliment complet pour chats adultes ayant une digestion sensible et des difficult\u00e9s \u00e0 s\u2018alimenter.<\/strong><\/div>\n","protected":false},"featured_media":14383,"template":"","meta":{"jetpack_publicize_message":"","jetpack_publicize_feature_enabled":true,"jetpack_social_post_already_shared":true,"jetpack_social_options":{"image_generator_settings":{"template":"highway","default_image_id":0,"font":"","enabled":false},"version":2}},"product_brand":[],"product_cat":[40],"product_tag":[],"class_list":{"0":"post-14382","1":"product","2":"type-product","3":"status-publish","4":"has-post-thumbnail","6":"product_cat-coquettes-pour-chat","8":"first","9":"instock","10":"taxable","11":"shipping-taxable","12":"purchasable","13":"product-type-simple"},"supplier_id":5590,"supplier_sku":"","barcode":null,"atum_controlled":true,"out_stock_date":null,"out_stock_threshold":null,"inheritable":false,"inbound_stock":0,"stock_on_hold":0,"sold_today":0,"sales_last_days":2,"reserved_stock":0,"customer_returns":0,"warehouse_damage":0,"lost_in_post":0,"other_logs":0,"out_stock_days":0,"lost_sales":0,"has_location":false,"update_date":"2026-04-29T00:15:41","atum_locations":[],"atum_stock_status":"instock","restock_status":false,"low_stock_amount":6,"sales_update_date":"2026-04-29T00:15:40","calc_backorders":null,"jetpack_publicize_connections":[],"jetpack_sharing_enabled":true,"batches":[{"id":"834","date_created":"2024-11-15 14:31:52","date_expiry":"2026-03-27 00:00:00","user_id":"2760","batch_number":"BritCatSensitiveDigest2kg270326","location":"","quantity":"6.0000","quantity_available":"0.0000","units":"1","status":"archived","order_ids":"[15467,15907,16131,16135,16264,17118]","supplier":"Brit","po":{"id":"811","date_created":"2024-11-15 14:31:53","batch_id":"834","po_number":"","supplier":"Brit","cost":null,"regular_price":null,"sale_price":null,"price_margin":null,"price_discount":null}},{"id":"1564","date_created":"2025-01-09 21:37:44","date_expiry":"2026-03-27 00:00:00","user_id":"2760","batch_number":"BritCatSensitiveDigest2kg270326","location":"","quantity":"6.0000","quantity_available":"0.0000","units":"1","status":"archived","order_ids":"[16540,17824,17939,18020,18190]","supplier":"Brit","po":{"id":"1538","date_created":"2025-01-09 21:37:47","batch_id":"1564","po_number":"","supplier":"Brit","cost":null,"regular_price":null,"sale_price":null,"price_margin":null,"price_discount":null}},{"id":"2190","date_created":"2025-02-26 22:17:21","date_expiry":"2026-03-27 00:00:00","user_id":"2760","batch_number":"BritCatSensitiveDigest2kg270326","location":"","quantity":"6.0000","quantity_available":"0.0000","units":"1","status":"archived","order_ids":"[18469,18637,18933,19023,19454,20224]","supplier":"Brit","po":{"id":"2159","date_created":"2025-02-26 22:17:24","batch_id":"2190","po_number":"","supplier":"Brit","cost":null,"regular_price":null,"sale_price":null,"price_margin":null,"price_discount":null}},{"id":"2325","date_created":"2025-03-08 09:40:53","date_expiry":"2026-03-27 00:00:00","user_id":"2760","batch_number":"BritCatSensitiveDigest2kg270326","location":"","quantity":"6.0000","quantity_available":"0.0000","units":"1","status":"archived","order_ids":"[20318,20892,20894,20930,21053,21247]","supplier":"Brit","po":{"id":"2293","date_created":"2025-03-08 09:40:56","batch_id":"2325","po_number":"","supplier":"Brit","cost":null,"regular_price":null,"sale_price":null,"price_margin":null,"price_discount":null}},{"id":"3803","date_created":"2025-06-04 20:31:35","date_expiry":"2026-09-30 00:00:00","user_id":"2760","batch_number":"BritCatSensitiveDigest2kg300926","location":"","quantity":"6.0000","quantity_available":"0.0000","units":"1","status":"archived","order_ids":"[23048,23535,23797,23847,25271,25422]","supplier":"Brit","po":{"id":"3768","date_created":"2025-06-04 20:31:36","batch_id":"3803","po_number":"","supplier":"Brit","cost":null,"regular_price":null,"sale_price":null,"price_margin":null,"price_discount":null}},{"id":"4031","date_created":"2025-06-18 08:49:13","date_expiry":"2026-09-30 00:00:00","user_id":"2760","batch_number":"BritCatSensitiveDigest2kg300926","location":"","quantity":"12.0000","quantity_available":"2.0000","units":"1","status":"active","order_ids":"[25631,26017,26923,27615,28083,28261,31252,32187,33924,33947,34433,35312,36852,37101,40099,40530]","supplier":"Brit","po":{"id":"3995","date_created":"2025-06-18 08:49:14","batch_id":"4031","po_number":"","supplier":"Brit","cost":null,"regular_price":null,"sale_price":null,"price_margin":null,"price_discount":null}},{"id":"6533","date_created":"2025-12-08 09:49:01","date_expiry":"2026-12-07 00:00:00","user_id":"2760","batch_number":"BritCatSensitiveDigest2kg071226","location":"","quantity":"6.0000","quantity_available":"6.0000","units":"1","status":"active","order_ids":null,"supplier":"Brit","po":{"id":"6479","date_created":"2025-12-08 09:49:02","batch_id":"6533","po_number":"","supplier":"Brit","cost":null,"regular_price":null,"sale_price":null,"price_margin":null,"price_discount":null}}],"_links":{"self":[{"href":"https:\/\/petworld.ma\/index.php\/wp-json\/wp\/v2\/product\/14382","targetHints":{"allow":["GET"]}}],"collection":[{"href":"https:\/\/petworld.ma\/index.php\/wp-json\/wp\/v2\/product"}],"about":[{"href":"https:\/\/petworld.ma\/index.php\/wp-json\/wp\/v2\/types\/product"}],"wp:featuredmedia":[{"embeddable":true,"href":"https:\/\/petworld.ma\/index.php\/wp-json\/wp\/v2\/media\/14383"}],"wp:attachment":[{"href":"https:\/\/petworld.ma\/index.php\/wp-json\/wp\/v2\/media?parent=14382"}],"wp:term":[{"taxonomy":"product_brand","embeddable":true,"href":"https:\/\/petworld.ma\/index.php\/wp-json\/wp\/v2\/product_brand?post=14382"},{"taxonomy":"product_cat","embeddable":true,"href":"https:\/\/petworld.ma\/index.php\/wp-json\/wp\/v2\/product_cat?post=14382"},{"taxonomy":"product_tag","embeddable":true,"href":"https:\/\/petworld.ma\/index.php\/wp-json\/wp\/v2\/product_tag?post=14382"}],"curies":[{"name":"wp","href":"https:\/\/api.w.org\/{rel}","templated":true}]}}