{"id":14390,"date":"2024-11-15T15:50:45","date_gmt":"2024-11-15T15:50:45","guid":{"rendered":"https:\/\/petworld.ma\/?post_type=product&#038;p=14390"},"modified":"2026-04-23T13:01:58","modified_gmt":"2026-04-23T13:01:58","slug":"brit-care-dog-functional-snack-light-rabbit-lapin-150g","status":"publish","type":"product","link":"https:\/\/petworld.ma\/index.php\/produit\/brit-care-dog-functional-snack-light-rabbit-lapin-150g\/","title":{"rendered":"Brit Care Dog Functional Snack Light Rabbit (Lapin) 150g"},"content":{"rendered":"<div class=\"hidden-xs\">\n<div class=\"hidden-xs\">\n<div class=\"hidden-xs\">\n<div class=\"hidden-xs\">Compl\u00e9ment alimentaire pour chiens. Friandise \u00e0 p\u00e2te molle.<\/div>\n<p><strong>Lapin enrichi en papaye<\/strong><\/p>\n<div class=\"benefits\">\n<div class=\"benefits__item\"><img decoding=\"async\" src=\"https:\/\/brit-petfood.com\/file\/nodes\/pictograms\/light.png\" alt=\"\" width=\"47\" height=\"48\" \/>Pour une condition physique optimale. Enrichi en psyllium et en lignocellulose de bambou, des sources de fibres qui permettent de garder les intestins dans un \u00e9tat optimal.<\/div>\n<div class=\"benefits__item\"><img decoding=\"async\" src=\"https:\/\/brit-petfood.com\/file\/nodes\/pictograms\/grain-free.png\" alt=\"\" width=\"47\" height=\"48\" \/>Sans c\u00e9r\u00e9ales &amp; sans pommes de terre.<\/div>\n<div class=\"benefits__item\"><img decoding=\"async\" src=\"https:\/\/brit-petfood.com\/file\/nodes\/pictograms\/fulvin.png\" alt=\"\" width=\"47\" height=\"48\" \/>Les acides fulviques favorisent l&rsquo;absorption des nutriments.<\/div>\n<div class=\"benefits__item\"><img decoding=\"async\" src=\"https:\/\/brit-petfood.com\/file\/nodes\/pictograms\/cantalope.png\" alt=\"\" width=\"47\" height=\"48\" \/>Extrait de melon en tant que source d&rsquo;antioxydants<\/div>\n<div class=\"benefits__item\"><img decoding=\"async\" src=\"https:\/\/brit-petfood.com\/file\/nodes\/pictograms\/cross.png\" alt=\"\" width=\"47\" height=\"48\" \/>Du collag\u00e8ne pour r\u00e9g\u00e9n\u00e9rer l&rsquo;appareil locomoteur. Des lactobacilles tyndallis\u00e9s pour une microflore intestinale saine.<\/div>\n<div class=\"benefits__item\"><img decoding=\"async\" src=\"https:\/\/brit-petfood.com\/file\/nodes\/icon-made-in-eu.png\" alt=\"\" width=\"47\" height=\"48\" \/>Fabriqu\u00e9 dans l\u2019UE<\/div>\n<div><\/div>\n<\/div>\n<p><strong>POURQUOI LA PAPAYE??<\/strong>La papaye est connue pour \u00eatre un excellent m\u00e9dicament et un fruit ayant une faible teneur en calories. Elle est g\u00e9n\u00e9ralement utilis\u00e9e comme excellente source de fibres non-solubles qui am\u00e9liorent la digestion et qui maintiennent le corps dans une bonne condition.<\/p>\n<p><strong>LAPIN<\/strong>Une source de prot\u00e9ines ayant une faible teneur en graisses et une excellente nutrition pour les chiens souffrant de surpoids.<\/p>\n<div class=\"benefits\"><\/div>\n<div class=\"catalog-wrap\">\n<div class=\"package-wrap\"><span class=\"bold\">Variants<\/span><\/div>\n<\/div>\n<\/div>\n<\/div>\n<\/div>\n","protected":false},"excerpt":{"rendered":"<div class=\"hidden-xs\">Compl\u00e9ment alimentaire pour chiens. Friandise \u00e0 p\u00e2te molle.<\/div>\n<p class=\"hidden-xs\"><strong>Lapin enrichi en papaye<\/strong><\/p>\n","protected":false},"featured_media":14391,"template":"","meta":{"jetpack_publicize_message":"","jetpack_publicize_feature_enabled":true,"jetpack_social_post_already_shared":true,"jetpack_social_options":{"image_generator_settings":{"template":"highway","default_image_id":0,"font":"","enabled":false},"version":2}},"product_brand":[],"product_cat":[26,187,39],"product_tag":[],"class_list":{"0":"post-14390","1":"product","2":"type-product","3":"status-publish","4":"has-post-thumbnail","6":"product_cat-croquettes","7":"product_cat-destockage","8":"product_cat-friandises-et-pates-pour-chien","10":"first","11":"instock","12":"sale","13":"taxable","14":"shipping-taxable","15":"purchasable","16":"product-type-simple"},"supplier_id":5590,"supplier_sku":"","barcode":null,"atum_controlled":true,"out_stock_date":null,"out_stock_threshold":null,"inheritable":false,"inbound_stock":0,"stock_on_hold":0,"sold_today":0,"sales_last_days":4,"reserved_stock":0,"customer_returns":0,"warehouse_damage":0,"lost_in_post":0,"other_logs":0,"out_stock_days":0,"lost_sales":0,"has_location":false,"update_date":"2026-04-28T00:14:53","atum_locations":[],"atum_stock_status":"instock","restock_status":false,"low_stock_amount":20,"sales_update_date":"2026-04-28T00:14:53","calc_backorders":null,"jetpack_publicize_connections":[],"jetpack_sharing_enabled":true,"batches":[{"id":"836","date_created":"2024-11-15 15:54:42","date_expiry":"2025-10-26 00:00:00","user_id":"2760","batch_number":"BritSnackLightRabbit261025","location":"","quantity":"10.0000","quantity_available":"0.0000","units":"1","status":"archived","order_ids":"[14406,14745,14835,15454,15773,16119,16131,17123,18314,18941,19611,20967,21905,21946,22637,23552]","supplier":"Brit","po":{"id":"813","date_created":"2024-11-15 15:54:43","batch_id":"836","po_number":"","supplier":"Brit","cost":null,"regular_price":null,"sale_price":null,"price_margin":null,"price_discount":null}},{"id":"1446","date_created":"2024-12-31 21:47:58","date_expiry":"2026-04-30 00:00:00","user_id":"2760","batch_number":"BritSnackLightRabbit300426","location":"","quantity":"20.0000","quantity_available":"0.0000","units":"1","status":"archived","order_ids":"[26296,26715,31143,31375,31883,31888,32984,33832,36870,37183,38257]","supplier":" BRIT","po":{"id":"1419","date_created":"2024-12-31 21:48:00","batch_id":"1446","po_number":"","supplier":" BRIT","cost":null,"regular_price":null,"sale_price":null,"price_margin":null,"price_discount":null}},{"id":"6045","date_created":"2025-11-07 09:03:52","date_expiry":"2027-02-16 00:00:00","user_id":"2760","batch_number":"BritSnackLightRabbit160227","location":"","quantity":"10.0000","quantity_available":"4.0000","units":"1","status":"active","order_ids":"[38637,38814,40139,40370,40629]","supplier":"BRIT","po":{"id":"5991","date_created":"2025-11-07 09:03:52","batch_id":"6045","po_number":"","supplier":"BRIT","cost":null,"regular_price":null,"sale_price":null,"price_margin":null,"price_discount":null}},{"id":"8079","date_created":"2026-03-05 11:08:16","date_expiry":"2027-06-30 00:00:00","user_id":"2760","batch_number":"BritSnackLightRabbit300627","location":"","quantity":"10.0000","quantity_available":"10.0000","units":"1","status":"active","order_ids":null,"supplier":"BRIT","po":{"id":"8017","date_created":"2026-03-05 11:08:16","batch_id":"8079","po_number":"","supplier":"BRIT","cost":null,"regular_price":null,"sale_price":null,"price_margin":null,"price_discount":null}}],"_links":{"self":[{"href":"https:\/\/petworld.ma\/index.php\/wp-json\/wp\/v2\/product\/14390","targetHints":{"allow":["GET"]}}],"collection":[{"href":"https:\/\/petworld.ma\/index.php\/wp-json\/wp\/v2\/product"}],"about":[{"href":"https:\/\/petworld.ma\/index.php\/wp-json\/wp\/v2\/types\/product"}],"wp:featuredmedia":[{"embeddable":true,"href":"https:\/\/petworld.ma\/index.php\/wp-json\/wp\/v2\/media\/14391"}],"wp:attachment":[{"href":"https:\/\/petworld.ma\/index.php\/wp-json\/wp\/v2\/media?parent=14390"}],"wp:term":[{"taxonomy":"product_brand","embeddable":true,"href":"https:\/\/petworld.ma\/index.php\/wp-json\/wp\/v2\/product_brand?post=14390"},{"taxonomy":"product_cat","embeddable":true,"href":"https:\/\/petworld.ma\/index.php\/wp-json\/wp\/v2\/product_cat?post=14390"},{"taxonomy":"product_tag","embeddable":true,"href":"https:\/\/petworld.ma\/index.php\/wp-json\/wp\/v2\/product_tag?post=14390"}],"curies":[{"name":"wp","href":"https:\/\/api.w.org\/{rel}","templated":true}]}}