{"id":14516,"date":"2024-11-18T14:44:52","date_gmt":"2024-11-18T14:44:52","guid":{"rendered":"https:\/\/petworld.ma\/?post_type=product&#038;p=14516"},"modified":"2026-05-06T16:53:03","modified_gmt":"2026-05-06T16:53:03","slug":"brit-raw-treat-immunity-rehausseur-de-gout-lamb-and-chicken-agneau-et-poulet","status":"publish","type":"product","link":"https:\/\/petworld.ma\/index.php\/produit\/brit-raw-treat-immunity-rehausseur-de-gout-lamb-and-chicken-agneau-et-poulet\/","title":{"rendered":"Brit Raw Treat Immunity. Rehausseur de Go\u00fbt. Lamb And Chicken (Agneau et Poulet)"},"content":{"rendered":"<div class=\"hidden-xs\">\n<p><img loading=\"lazy\" decoding=\"async\" class=\"\" src=\"https:\/\/brit-petfood.com\/file\/nodes\/icon-made-in-eu.png\" width=\"88\" height=\"87\" \/><\/p>\n<div class=\"hidden-xs\">\n<div class=\"hidden-xs\">\n<div class=\"hidden-xs\">Aliment compl\u00e9mentaire pour chien: Agneau et poulet avec probiotiques, graines de chardon-Marie et romarin.<\/div>\n<div>\n<p>Pour les chiens ayant un app\u00e9tit difficiles, il peut \u00eatre utilis\u00e9 comme un rehausseur de go\u00fbt pour augmenter l&rsquo;app\u00e9tence des aliments<\/p>\n<p>Produit dans l&rsquo;UE \u00e0 partir de prot\u00e9ines locales de haute qualit\u00e9 et d&rsquo;ingr\u00e9dients minimalement transform\u00e9s<\/p>\n<p>Ingr\u00e9dients fonctionnels pour une peau et un pelage sains:<\/p>\n<ul>\n<li>Lyophilis\u00e9 cru \u2013 96 % de viande et d\u2019organes FRAIS<\/li>\n<li>Naturel<\/li>\n<li>Foie \u2013 Booster ultime de palatabilit\u00e9<\/li>\n<li>SANS conservateurs artificiels, ar\u00f4mes, colorants, sans sel ajout\u00e9<\/li>\n<li>Graines de chardon-Marie \u2013 une source de silymarine<\/li>\n<li>Le romarin \u2013 une source d\u2019antioxydants naturels<\/li>\n<li>Lactobacillus \u2013 inactiv\u00e9, effet immunomodulateur<\/li>\n<\/ul>\n<p class=\"composition\"><strong>Composition:<\/strong><\/p>\n<p>parures de poulet fra\u00eeches (54%), parures d&rsquo;agneau fra\u00eeches (26%), foie de porc frais (16%), lignocellulose (2%), graines de chardon-Marie (1%), romarin s\u00e9ch\u00e9 (0,5%), farine de pois, bact\u00e9ries inactiv\u00e9es et leurs composants (Lactobacillus helveticus HA \u2013 122, 15&#215;109 cellules\/kg).<\/p>\n<p><strong>Ingr\u00e9dients analytiques :<\/strong>\u00a0prot\u00e9ines brutes 40,0 %, mati\u00e8res grasses brutes 36,0 %, fibres brutes 2,5 %, cendres brutes 10,0 %, humidit\u00e9 4,0 %, calcium 3,0 %, phosphore 2,0 %, sodium 1,0 %. Contient des antioxydants naturels : extraits de tocoph\u00e9rols d&rsquo;huile v\u00e9g\u00e9tale (1b306(i)), palmitate d&rsquo;ascorbyle (1b304) et extrait de romarin. Contient des conservateurs approuv\u00e9s par l&rsquo;UE : acide citrique (1a330).<\/p>\n<p><strong>\u00c9nergie m\u00e9tabolisable :<\/strong>\u00a04 910 kcal\/kg.<\/p>\n<p><strong>Table d&rsquo;alimentation :<\/strong><\/p>\n<div class=\"overflow-auto\">\n<p>Quantit\u00e9 quotidienne pour chiens de petites races (1-10 kg) \u2013 2 cuill\u00e8res \u00e0 soupe\/5 g par jour Quantit\u00e9 quotidienne pour chiens de races moyennes (1-10 kg) \u2013 2-4 cuill\u00e8res \u00e0 soupe\/5-10 g par jour Quantit\u00e9 quotidienne pour chiens de grandes races (1-10 kg) \u2013 4 &lt; cuill\u00e8res \u00e0 soupe\/10 g &lt; par jour Servir quotidiennement comme rehausseur de go\u00fbt sur la nourriture s\u00e8che ou comme r\u00e9compense. Les friandises crues lyophilis\u00e9es sont con\u00e7ues comme un compl\u00e9ment alimentaire et ne sont pas cens\u00e9es remplacer une alimentation compl\u00e8te et \u00e9quilibr\u00e9e. Notez que la valeur nutritionnelle de 100 g de produit lyophilis\u00e9 \u00e9quivaut \u00e0 300 g de viande fra\u00eeche crue. Assurez-vous que votre compagnon canin a toujours beaucoup d&rsquo;eau potable fra\u00eeche.<\/p>\n<\/div>\n<\/div>\n<\/div>\n<\/div>\n<\/div>\n","protected":false},"excerpt":{"rendered":"<p><img loading=\"lazy\" decoding=\"async\" class=\"\" src=\"https:\/\/brit-petfood.com\/file\/nodes\/icon-made-in-eu.png\" width=\"88\" height=\"87\" \/><\/p>\n<div class=\"hidden-xs\">\n<div class=\"hidden-xs\">Aliment compl\u00e9mentaire pour chien: Agneau et poulet avec probiotiques, graines de chardon-Marie et romarin.<\/div>\n<\/div>\n","protected":false},"featured_media":14517,"template":"","meta":{"jetpack_publicize_message":"","jetpack_publicize_feature_enabled":true,"jetpack_social_post_already_shared":true,"jetpack_social_options":{"image_generator_settings":{"template":"highway","default_image_id":0,"font":"","enabled":false},"version":2}},"product_brand":[],"product_cat":[26,39],"product_tag":[],"class_list":{"0":"post-14516","1":"product","2":"type-product","3":"status-publish","4":"has-post-thumbnail","6":"product_cat-croquettes","7":"product_cat-friandises-et-pates-pour-chien","9":"first","10":"instock","11":"taxable","12":"shipping-taxable","13":"purchasable","14":"product-type-simple"},"supplier_id":5590,"supplier_sku":"","barcode":null,"atum_controlled":true,"out_stock_date":null,"out_stock_threshold":null,"inheritable":false,"inbound_stock":0,"stock_on_hold":0,"sold_today":0,"sales_last_days":3,"reserved_stock":0,"customer_returns":0,"warehouse_damage":0,"lost_in_post":0,"other_logs":0,"out_stock_days":0,"lost_sales":0,"has_location":false,"update_date":"2026-05-12T11:19:09","atum_locations":[],"atum_stock_status":"instock","restock_status":false,"low_stock_amount":10,"sales_update_date":"2026-05-12T11:19:09","calc_backorders":null,"jetpack_publicize_connections":[],"jetpack_sharing_enabled":true,"batches":[{"id":"890","date_created":"2024-11-18 14:57:15","date_expiry":"2025-05-23 00:00:00","user_id":"2461","batch_number":"BritRawLamb230525","location":"","quantity":"20.0000","quantity_available":"0.0000","units":"1","status":"archived","order_ids":"[14611,14835,14964,15136,16411,16627,17905]","supplier":"Brit","po":{"id":"864","date_created":"2024-11-18 14:57:16","batch_id":"890","po_number":"","supplier":"Brit","cost":null,"regular_price":null,"sale_price":null,"price_margin":null,"price_discount":null}},{"id":"3823","date_created":"2025-06-04 20:59:35","date_expiry":"2026-09-06 00:00:00","user_id":"2461","batch_number":"BritRawLamb060926","location":"","quantity":"20.0000","quantity_available":"9.0000","units":"1","status":"active","order_ids":"[23494,23552,24008,24342,24821,39231,40036,41364,41488]","supplier":"Brit","po":{"id":"3788","date_created":"2025-06-04 20:59:35","batch_id":"3823","po_number":"","supplier":"Brit","cost":null,"regular_price":null,"sale_price":null,"price_margin":null,"price_discount":null}},{"id":"4761","date_created":"2025-08-08 14:19:04","date_expiry":"2026-09-06 00:00:00","user_id":"2461","batch_number":"BritRawLamb060926","location":"","quantity":"10.0000","quantity_available":"0.0000","units":"1","status":"archived","order_ids":"[26679,26763,28937,30725,31899,34196,34427,34761,37669]","supplier":"Brit","po":{"id":"4725","date_created":"2025-08-08 14:19:05","batch_id":"4761","po_number":"","supplier":"Brit","cost":null,"regular_price":null,"sale_price":null,"price_margin":null,"price_discount":null}}],"_links":{"self":[{"href":"https:\/\/petworld.ma\/index.php\/wp-json\/wp\/v2\/product\/14516","targetHints":{"allow":["GET"]}}],"collection":[{"href":"https:\/\/petworld.ma\/index.php\/wp-json\/wp\/v2\/product"}],"about":[{"href":"https:\/\/petworld.ma\/index.php\/wp-json\/wp\/v2\/types\/product"}],"wp:featuredmedia":[{"embeddable":true,"href":"https:\/\/petworld.ma\/index.php\/wp-json\/wp\/v2\/media\/14517"}],"wp:attachment":[{"href":"https:\/\/petworld.ma\/index.php\/wp-json\/wp\/v2\/media?parent=14516"}],"wp:term":[{"taxonomy":"product_brand","embeddable":true,"href":"https:\/\/petworld.ma\/index.php\/wp-json\/wp\/v2\/product_brand?post=14516"},{"taxonomy":"product_cat","embeddable":true,"href":"https:\/\/petworld.ma\/index.php\/wp-json\/wp\/v2\/product_cat?post=14516"},{"taxonomy":"product_tag","embeddable":true,"href":"https:\/\/petworld.ma\/index.php\/wp-json\/wp\/v2\/product_tag?post=14516"}],"curies":[{"name":"wp","href":"https:\/\/api.w.org\/{rel}","templated":true}]}}