{"id":1452,"date":"2023-02-09T14:21:27","date_gmt":"2023-02-09T14:21:27","guid":{"rendered":"https:\/\/petworld.ma\/?post_type=product&#038;p=1452"},"modified":"2026-03-12T16:36:37","modified_gmt":"2026-03-12T16:36:37","slug":"pro-plan-medium-puppy-chiken-12kg","status":"publish","type":"product","link":"https:\/\/petworld.ma\/index.php\/produit\/pro-plan-medium-puppy-chiken-12kg\/","title":{"rendered":"Pro Plan Medium Puppy Healthy Start pour chien 12kg"},"content":{"rendered":"<p>Si vous voulez avoir la certitude que votre chien se d\u00e9veloppe correctement, il est essentiel de lui offrir une alimentation qui couvre parfaitement ses besoins nutritionnels pendant la p\u00e9riode de croissance. Les croquettes PURINA PRO PLAN Medium Puppy Healthy Start (anciennement : OPTISTART) constituent un aliment sp\u00e9cifique<strong>\u00a0pour les chiots de races moyennes,<\/strong>\u00a0\u00e0 la fois savoureux et \u00e9quilibr\u00e9, qui lui offre tous les nutriments essentiels.<\/p>\n<p>La recette de ces croquettes est compl\u00e8te et couvre parfaitement les besoins journaliers de votre chiot. Elles contiennent du\u00a0<strong>poulet riche en prot\u00e9ines comme ingr\u00e9dient principal,<\/strong>\u00a0et sont\u00a0<strong>enrichies en colostrum.<\/strong>\u00a0Les croquettes PURINA PRO PLAN Medium Puppy Healthy Start contiennent aussi des substances vitales, comme des vitamines, des min\u00e9raux et des oligo-\u00e9l\u00e9ments.<\/p>\n<p><strong>Caract\u00e9ristiques des croquettes PURINA PRO PLAN Medium Puppy Healthy Start pour chien :<\/strong><\/p>\n<ul>\n<li style=\"list-style-type: none\">\n<ul>\n<li>croquettes de qualit\u00e9 pour les chiots (&lt; 1 an) de races moyennes (10 &#8211; 25 kg)<\/li>\n<li>conviennent aussi pour les chiennes gestantes et allaitantes<\/li>\n<li><strong>croquettes \u00e9quilibr\u00e9es :<\/strong>\u00a0id\u00e9ales comme aliment complet \u00e0 donner au quotidien aux chiots en p\u00e9riode de croissance<\/li>\n<li><strong>recette au poulet\u00a0<\/strong>: morceaux de qualit\u00e9, go\u00fbt savoureux, source de prot\u00e9ines de qualit\u00e9<\/li>\n<li><strong>recette adapt\u00e9e\u00a0<\/strong>: rapport prot\u00e9ines\/graisses adapt\u00e9 pour une croissance optimale<\/li>\n<li><strong>enrichies en colostrum<\/strong>\u00a0: contribue au fonctionnement normal des syst\u00e8mes immunitaire et digestif<\/li>\n<li><strong>avec de l&rsquo;huile de poisson<\/strong>\u00a0: fournit des acides gras essentiels, pour la peau et le pelage<\/li>\n<li><strong>riches en substances vitales<\/strong>\u00a0: avec des vitamines, min\u00e9raux et oligo\u00e9l\u00e9ments essentiels, recette compl\u00e8te<\/li>\n<li><strong>pour des dents saines<\/strong>\u00a0: la vitamine D pr\u00e9serve les dents<\/li>\n<li><strong>aident \u00e0 renforcer\u00a0les d\u00e9fenses naturelles\u00a0<\/strong>: avec des antioxydants d&rsquo;origine naturelle<\/li>\n<li><strong>sans\u00a0<\/strong>colorants ajout\u00e9s<\/li>\n<li>sachet r\u00e9formable<\/li>\n<\/ul>\n<\/li>\n<\/ul>\n<p><strong>Ingr\u00e9dients :<\/strong><br \/>\npoulet de grande qualit\u00e9 (20 %, compos\u00e9s de dos et de poitrine), prot\u00e9ines de volaille d\u00e9shydrat\u00e9es, bl\u00e9 farine de soja, graisses animales, riz (8 %), ma\u00efs, autolyse, pulpe de betterave d\u00e9shydrat\u00e9e, farine de prot\u00e9ines de ma\u00efs, min\u00e9raux, huile de poisson, \u0153uf d\u00e9shydrat\u00e9, colostrum d\u00e9shydrat\u00e9 (0,1 %).<\/p>\n<p><strong>Additifs :<\/strong><br \/>\nAdditifs nutritionnels :<br \/>\nvitamine A (29 000 UI\/kg), vitamine D3 (940 UI\/kg), vitamine E (200 UI\/kg), vitamine C (120 mg\/kg), sulfate de fer monohydrat\u00e9 (120 mg\/kg), iodate de calcium [anhydre] (1,9 mg\/kg), sulfate de cuivre pentahydrat\u00e9 (13 mg\/kg), sulfate de mangan\u00e8se monohydrat\u00e9 (Mn : 46 mg\/kg), sulfate de zinc monohydrat\u00e9 (Zn : 110 mg\/kg), s\u00e9l\u00e9nite de sodium (Se : 0,13 mg\/kg).<\/p>\n<p><b>Quantit\u00e9s recommand\u00e9es :<\/b><\/p>\n<p>Aliment complet pour chien.<\/p>\n<p><em>Chienne en p\u00e9riode de gestation\/lactation :<\/em><\/p>\n<table border=\"1\" cellspacing=\"1\" cellpadding=\"1\">\n<tbody>\n<tr>\n<td colspan=\"1\" rowspan=\"2\"><b>Poids de la chienne<\/b><\/td>\n<td><strong><small>Gestation (6 &#8211; 9 semaines)<\/small><\/strong><\/td>\n<td colspan=\"1\" rowspan=\"2\"><strong><small>Lactation<\/small><\/strong><\/td>\n<\/tr>\n<tr>\n<td><small><b>Ration journali\u00e8re en g<\/b><\/small><\/td>\n<\/tr>\n<tr>\n<td><small>1 kg<\/small><\/td>\n<td><small>40 &#8211; 50 g<\/small><\/td>\n<td><small>Ad libitum<\/small><\/td>\n<\/tr>\n<tr>\n<td><small>5 kg<\/small><\/td>\n<td><small>110 &#8211; 140 g<\/small><\/td>\n<td><small>Ad libitum<\/small><\/td>\n<\/tr>\n<tr>\n<td><small>10 kg<\/small><\/td>\n<td><small>175 &#8211; 225 g<\/small><\/td>\n<td><small>Ad libitum<\/small><\/td>\n<\/tr>\n<tr>\n<td><small>15 kg<\/small><\/td>\n<td><small>230 &#8211; 295 g<\/small><\/td>\n<td><small>Ad libitum<\/small><\/td>\n<\/tr>\n<tr>\n<td><small>20 kg<\/small><\/td>\n<td><small>280 &#8211; 360 g<\/small><\/td>\n<td><small>Ad libitum<\/small><\/td>\n<\/tr>\n<tr>\n<td><small>25 kg<\/small><\/td>\n<td><small>325 &#8211; 415 g<\/small><\/td>\n<td><small>Ad libitum<\/small><\/td>\n<\/tr>\n<tr>\n<td><small>35 kg<\/small><\/td>\n<td><small>410 &#8211; 520 g<\/small><\/td>\n<td><small>Ad libitum<\/small><\/td>\n<\/tr>\n<tr>\n<td><small>45 kg<\/small><\/td>\n<td><small>485 &#8211; 615 g<\/small><\/td>\n<td><small>Ad libitum<\/small><\/td>\n<\/tr>\n<tr>\n<td><small>60 kg<\/small><\/td>\n<td><small>585 &#8211; 745 g<\/small><\/td>\n<td><small>Ad libitum<\/small><\/td>\n<\/tr>\n<tr>\n<td><small>\u00a070 kg<\/small><\/td>\n<td><small>650 &#8211; 830 g<\/small><\/td>\n<td><small>\u00a0Ad libitum<\/small><\/td>\n<\/tr>\n<\/tbody>\n<\/table>\n<p><em>Chiot :<\/em><\/p>\n<table border=\"1\" width=\"100%\" cellspacing=\"1\" cellpadding=\"1\">\n<tbody>\n<tr>\n<td colspan=\"1\" rowspan=\"2\" align=\"center\"><b>Poids estim\u00e9 \u00e0 l&rsquo;\u00e2ge adulte<\/b><\/td>\n<td colspan=\"5\" rowspan=\"1\" align=\"center\"><b>Ration journali\u00e8re en g<\/b><\/td>\n<\/tr>\n<tr>\n<td align=\"center\"><small><b>\u00c2ge<br \/>\n1,5 &#8211; 3 mois<\/b><\/small><\/td>\n<td align=\"center\"><small><b>\u00c2ge<br \/>\n4 &#8211; 5 mois<\/b><\/small><\/td>\n<td align=\"center\"><small><b>\u00c2ge<br \/>\n6 &#8211; 8 mois<\/b><\/small><\/td>\n<td align=\"center\"><small><b>\u00c2ge<br \/>\n9 &#8211; 11 mois<\/b><\/small><\/td>\n<td align=\"center\"><small><b>\u00c2ge<br \/>\n12 &#8211; 24 mois<\/b><\/small><\/td>\n<\/tr>\n<tr>\n<td align=\"center\"><small>1 kg<\/small><\/td>\n<td align=\"center\"><small>30 &#8211; 45 g<\/small><\/td>\n<td align=\"center\"><small>50 &#8211; 45 g<\/small><\/td>\n<td align=\"center\"><small>45 &#8211; 40 g\u00a0<\/small><\/td>\n<td align=\"center\"><small>40 g<\/small><\/td>\n<td align=\"center\"><small>40 &#8211; Adult<\/small><\/td>\n<\/tr>\n<tr>\n<td align=\"center\"><small>5 kg<\/small><\/td>\n<td align=\"center\"><small>80 &#8211; 125 g<\/small><\/td>\n<td align=\"center\"><small>130 &#8211; 135 g<\/small><\/td>\n<td align=\"center\"><small>135 &#8211; 115 g<\/small><\/td>\n<td align=\"center\">115 &#8211; 110 g<\/td>\n<td align=\"center\"><small>110 &#8211; Adult<\/small><\/td>\n<\/tr>\n<tr>\n<td align=\"center\"><small>10 kg<\/small><\/td>\n<td align=\"center\"><small>100 &#8211; 175 g<\/small><\/td>\n<td align=\"center\"><small>195 &#8211; 205 g<\/small><\/td>\n<td align=\"center\"><small>205 &#8211; 180 g<\/small><\/td>\n<td align=\"center\"><small>180 &#8211; 175 g<\/small><\/td>\n<td align=\"center\"><small>175 &#8211; Adult<\/small><\/td>\n<\/tr>\n<tr>\n<td align=\"center\"><small>15 kg<\/small><\/td>\n<td align=\"center\"><small>130 &#8211; 230 g<\/small><\/td>\n<td align=\"center\"><small>265 &#8211; 285 g<\/small><\/td>\n<td align=\"center\"><small>290 &#8211; 275 g<\/small><\/td>\n<td align=\"center\"><small>260 &#8211; 245 g<\/small><\/td>\n<td align=\"center\"><small>225 &#8211; Adult<\/small><\/td>\n<\/tr>\n<tr>\n<td align=\"center\"><small>20 kg<\/small><\/td>\n<td align=\"center\"><small>145 &#8211; 265 g<\/small><\/td>\n<td align=\"center\"><small>320 &#8211; 350 g<\/small><\/td>\n<td align=\"center\"><small>355 &#8211; 340 g<\/small><\/td>\n<td align=\"center\"><small>320 &#8211; 300 g<\/small><\/td>\n<td align=\"center\"><small>275 &#8211; Adult<\/small><\/td>\n<\/tr>\n<tr>\n<td align=\"center\"><small>25 kg<\/small><\/td>\n<td align=\"center\"><small>145 &#8211; 295 g<\/small><\/td>\n<td align=\"center\"><small>325 &#8211; 380 g<\/small><\/td>\n<td align=\"center\"><small>315 &#8211; 385 g<\/small><\/td>\n<td align=\"center\"><small>375 &#8211; 355 g<\/small><\/td>\n<td align=\"center\"><small>325 &#8211; Adult<\/small><\/td>\n<\/tr>\n<tr>\n<td align=\"center\"><small>35 kg<\/small><\/td>\n<td align=\"center\"><small>180 &#8211; 305 g<\/small><\/td>\n<td align=\"center\"><small>380 &#8211; 410 g<\/small><\/td>\n<td align=\"center\"><small>440 &#8211; 485 g<\/small><\/td>\n<td align=\"center\"><small>510 &#8211; 475 g<\/small><\/td>\n<td align=\"center\"><small>415 &#8211; 405 g<\/small><\/td>\n<\/tr>\n<tr>\n<td align=\"center\"><small>45 kg<\/small><\/td>\n<td align=\"center\"><small>195 &#8211; 300 g<\/small><\/td>\n<td align=\"center\"><small>400 &#8211; 430 g<\/small><\/td>\n<td align=\"center\"><small>450 &#8211; 495 g<\/small><\/td>\n<td align=\"center\"><small>530 &#8211; 510 g<\/small><\/td>\n<td align=\"center\"><small>465 &#8211; 455 g<\/small><\/td>\n<\/tr>\n<tr>\n<td align=\"center\"><small>60 kg<\/small><\/td>\n<td align=\"center\"><small>250 &#8211; 395 g<\/small><\/td>\n<td align=\"center\"><small>475 &#8211; 535 g<\/small><\/td>\n<td align=\"center\"><small>575 &#8211; 650 g<\/small><\/td>\n<td align=\"center\"><small>690 &#8211; 650 g<\/small><\/td>\n<td align=\"center\"><small>575 &#8211; 570 g<\/small><\/td>\n<\/tr>\n<tr>\n<td align=\"center\"><small>70 kg<\/small><\/td>\n<td align=\"center\"><small>275 &#8211; 440 g<\/small><\/td>\n<td align=\"center\"><small>525 &#8211; 590 g<\/small><\/td>\n<td align=\"center\"><small>640 &#8211; 720 g<\/small><\/td>\n<td align=\"center\"><small>765 &#8211; 722 g<\/small><\/td>\n<td align=\"center\"><small>635 &#8211; 630 g<\/small><\/td>\n<\/tr>\n<\/tbody>\n<\/table>\n<p>Ces quantit\u00e9s recommand\u00e9es ne sont donn\u00e9es qu&rsquo;\u00e0 titre indicatif. Afin que votre chiot ou votre chienne en gestation conserve son poids de forme, veuillez adapter les quantit\u00e9s en fonction de son niveau d&rsquo;activit\u00e9, de son m\u00e9tabolisme et de ses besoins individuels. Veillez \u00e0 toujours laisser de l&rsquo;eau fra\u00eeche \u00e0 la disposition de votre animal.<\/p>\n","protected":false},"excerpt":{"rendered":"<p>Croquettes compl\u00e8tes pour chiot de race moyenne (10 &#8211; 25 kg), d\u00e9licieux morceaux de poulet, m\u00e9lange adapt\u00e9 de nutriments avec du colostrum, avec des vitamines et des min\u00e9raux\u00a0<strong>(anciennement : OPTISTART)<\/strong><\/p>\n","protected":false},"featured_media":4236,"template":"","meta":{"jetpack_publicize_message":"","jetpack_publicize_feature_enabled":true,"jetpack_social_post_already_shared":false,"jetpack_social_options":{"image_generator_settings":{"template":"highway","default_image_id":0,"font":"","enabled":false},"version":2}},"product_brand":[],"product_cat":[26],"product_tag":[],"class_list":{"0":"post-1452","1":"product","2":"type-product","3":"status-publish","4":"has-post-thumbnail","6":"product_cat-croquettes","8":"first","9":"outofstock","10":"taxable","11":"shipping-taxable","12":"purchasable","13":"product-type-simple"},"supplier_id":5598,"supplier_sku":"","barcode":null,"atum_controlled":true,"out_stock_date":"2026-03-12 16:36:36","out_stock_threshold":null,"inheritable":false,"inbound_stock":0,"stock_on_hold":0,"sold_today":0,"sales_last_days":0,"reserved_stock":0,"customer_returns":0,"warehouse_damage":0,"lost_in_post":0,"other_logs":0,"out_stock_days":58,"lost_sales":0,"has_location":false,"update_date":"2026-05-10T00:21:00","atum_locations":[],"atum_stock_status":"outofstock","restock_status":false,"low_stock_amount":1,"sales_update_date":"2026-05-10T00:21:00","calc_backorders":null,"jetpack_publicize_connections":[],"jetpack_sharing_enabled":true,"batches":[{"id":"871","date_created":"2024-11-16 10:29:19","date_expiry":"2025-11-30 00:00:00","user_id":"2461","batch_number":"PPLANMediumPuppyChick12KG1125","location":"","quantity":"1.0000","quantity_available":"0.0000","units":"1","status":"archived","order_ids":"[15170]","supplier":"Proplan","po":{"id":"845","date_created":"2024-11-16 10:29:19","batch_id":"871","po_number":"","supplier":"Proplan","cost":null,"regular_price":null,"sale_price":null,"price_margin":null,"price_discount":null}},{"id":"1167","date_created":"2024-12-12 17:20:16","date_expiry":"2025-11-30 00:00:00","user_id":"2461","batch_number":"PPLANMediumPuppyChick12KG1125","location":"","quantity":"1.0000","quantity_available":"0.0000","units":"1","status":"archived","order_ids":"[16666]","supplier":"Proplan","po":{"id":"1139","date_created":"2024-12-12 17:20:17","batch_id":"1167","po_number":"","supplier":"Proplan","cost":null,"regular_price":null,"sale_price":null,"price_margin":null,"price_discount":null}}],"_links":{"self":[{"href":"https:\/\/petworld.ma\/index.php\/wp-json\/wp\/v2\/product\/1452","targetHints":{"allow":["GET"]}}],"collection":[{"href":"https:\/\/petworld.ma\/index.php\/wp-json\/wp\/v2\/product"}],"about":[{"href":"https:\/\/petworld.ma\/index.php\/wp-json\/wp\/v2\/types\/product"}],"wp:featuredmedia":[{"embeddable":true,"href":"https:\/\/petworld.ma\/index.php\/wp-json\/wp\/v2\/media\/4236"}],"wp:attachment":[{"href":"https:\/\/petworld.ma\/index.php\/wp-json\/wp\/v2\/media?parent=1452"}],"wp:term":[{"taxonomy":"product_brand","embeddable":true,"href":"https:\/\/petworld.ma\/index.php\/wp-json\/wp\/v2\/product_brand?post=1452"},{"taxonomy":"product_cat","embeddable":true,"href":"https:\/\/petworld.ma\/index.php\/wp-json\/wp\/v2\/product_cat?post=1452"},{"taxonomy":"product_tag","embeddable":true,"href":"https:\/\/petworld.ma\/index.php\/wp-json\/wp\/v2\/product_tag?post=1452"}],"curies":[{"name":"wp","href":"https:\/\/api.w.org\/{rel}","templated":true}]}}