{"id":15192,"date":"2024-12-07T17:02:13","date_gmt":"2024-12-07T17:02:13","guid":{"rendered":"https:\/\/petworld.ma\/?post_type=product&#038;p=15192"},"modified":"2026-03-18T21:10:37","modified_gmt":"2026-03-18T21:10:37","slug":"purina-gourmet-gold-terrine-de-poulet-85gr","status":"publish","type":"product","link":"https:\/\/petworld.ma\/index.php\/produit\/purina-gourmet-gold-terrine-de-poulet-85gr\/","title":{"rendered":"Purina Gourmet Gold Terrine de Poulet 85gr"},"content":{"rendered":"<div class=\"field__item\">\n<ul>\n<li>Alimentation 100% compl\u00e8te et \u00e9quilibr\u00e9e.<\/li>\n<li>Fabriqu\u00e9 avec des ingr\u00e9dients de haute qualit\u00e9.<\/li>\n<li>Une exp\u00e9rience culinaire unique.<\/li>\n<\/ul>\n<\/div>\n<div class=\"field__item\">\n<p>Votre chat est un v\u00e9ritable expert et aime essayer diff\u00e9rentes textures et saveurs chaque jour. C&rsquo;est pourquoi GOURMET Gold a cr\u00e9\u00e9 Terrine, des recettes savoureuses pour chouchouter votre palais sophistiqu\u00e9 avec une exp\u00e9rience gustative diff\u00e9rente \u00e0 chaque repas. De tendres bouch\u00e9es \u00e0 base de viande ou de poisson finement d\u00e9coup\u00e9es associ\u00e9es \u00e0 des morceaux tendres pour offrir \u00e0 votre chat le plaisir d&rsquo;une texture l\u00e9g\u00e8re et app\u00e9tissante. Terrine GOURMET Gold une large gamme de recettes savoureuses pour vous offrir des instants de saveurs au quotidien.<\/p>\n<\/div>\n<p><strong>Composition:<\/strong><\/p>\n<p>Viandes et sous-produits animaux (55% dont poulet 14%)<br \/>\nSubstances min\u00e9rales<br \/>\nSucres<br \/>\nSous-produits d&rsquo;origine v\u00e9g\u00e9tale<\/p>\n","protected":false},"excerpt":{"rendered":"<ul>\n<li>Alimentation 100% compl\u00e8te et \u00e9quilibr\u00e9e.<\/li>\n<li>Fabriqu\u00e9 avec des ingr\u00e9dients de haute qualit\u00e9.<\/li>\n<li>Une exp\u00e9rience culinaire unique.<\/li>\n<\/ul>\n","protected":false},"featured_media":15201,"template":"","meta":{"jetpack_publicize_message":"","jetpack_publicize_feature_enabled":true,"jetpack_social_post_already_shared":true,"jetpack_social_options":{"image_generator_settings":{"template":"highway","default_image_id":0,"font":"","enabled":false},"version":2}},"product_brand":[],"product_cat":[41],"product_tag":[],"class_list":{"0":"post-15192","1":"product","2":"type-product","3":"status-publish","4":"has-post-thumbnail","6":"product_cat-friandises-et-pate-pour-chat","8":"first","9":"instock","10":"taxable","11":"shipping-taxable","12":"purchasable","13":"product-type-simple"},"supplier_id":5592,"supplier_sku":"","barcode":null,"atum_controlled":true,"out_stock_date":null,"out_stock_threshold":null,"inheritable":false,"inbound_stock":0,"stock_on_hold":0,"sold_today":0,"sales_last_days":0,"reserved_stock":0,"customer_returns":0,"warehouse_damage":0,"lost_in_post":0,"other_logs":0,"out_stock_days":0,"lost_sales":0,"has_location":false,"update_date":"2026-04-03T10:35:10","atum_locations":[],"atum_stock_status":"instock","restock_status":false,"low_stock_amount":5,"sales_update_date":"2026-04-03T10:35:10","calc_backorders":null,"jetpack_publicize_connections":[],"jetpack_sharing_enabled":true,"batches":[{"id":"1075","date_created":"2024-12-07 19:03:46","date_expiry":"2026-03-01 00:00:00","user_id":"2461","batch_number":"GourmetTerrinePoulet0326","location":"","quantity":"99.0000","quantity_available":"0.0000","units":"1","status":"archived","order_ids":"[15798,15950,16244,16468,16800,16863,17206,18420,18513,18901,19014,19246,19426,19517,20892,21204,21268,21375,21601,21835,21897,21951,22028,22111,22389,22584,22714,22730,23393]","supplier":"Casablanca","po":{"id":"1052","date_created":"2024-12-07 19:03:47","batch_id":"1075","po_number":"","supplier":"Casablanca","cost":null,"regular_price":null,"sale_price":null,"price_margin":null,"price_discount":null}},{"id":"7735","date_created":"2026-02-17 15:03:18","date_expiry":"2027-10-01 00:00:00","user_id":"2461","batch_number":"GourmetTerrinePoulet1027","location":"","quantity":"96.0000","quantity_available":"92.0000","units":"1","status":"active","order_ids":"[36413,37861,37973]","supplier":"Casablanca","po":{"id":"7670","date_created":"2026-02-17 15:03:18","batch_id":"7735","po_number":"","supplier":"Casablanca","cost":null,"regular_price":null,"sale_price":null,"price_margin":null,"price_discount":null}}],"_links":{"self":[{"href":"https:\/\/petworld.ma\/index.php\/wp-json\/wp\/v2\/product\/15192","targetHints":{"allow":["GET"]}}],"collection":[{"href":"https:\/\/petworld.ma\/index.php\/wp-json\/wp\/v2\/product"}],"about":[{"href":"https:\/\/petworld.ma\/index.php\/wp-json\/wp\/v2\/types\/product"}],"wp:featuredmedia":[{"embeddable":true,"href":"https:\/\/petworld.ma\/index.php\/wp-json\/wp\/v2\/media\/15201"}],"wp:attachment":[{"href":"https:\/\/petworld.ma\/index.php\/wp-json\/wp\/v2\/media?parent=15192"}],"wp:term":[{"taxonomy":"product_brand","embeddable":true,"href":"https:\/\/petworld.ma\/index.php\/wp-json\/wp\/v2\/product_brand?post=15192"},{"taxonomy":"product_cat","embeddable":true,"href":"https:\/\/petworld.ma\/index.php\/wp-json\/wp\/v2\/product_cat?post=15192"},{"taxonomy":"product_tag","embeddable":true,"href":"https:\/\/petworld.ma\/index.php\/wp-json\/wp\/v2\/product_tag?post=15192"}],"curies":[{"name":"wp","href":"https:\/\/api.w.org\/{rel}","templated":true}]}}