{"id":15712,"date":"2024-12-15T14:26:56","date_gmt":"2024-12-15T14:26:56","guid":{"rendered":"https:\/\/petworld.ma\/?post_type=product&#038;p=15712"},"modified":"2026-05-02T14:21:30","modified_gmt":"2026-05-02T14:21:30","slug":"carnilove-cat-pouch-multipack-dinde-canard-truite-faisan-12-pcs","status":"publish","type":"product","link":"https:\/\/petworld.ma\/index.php\/produit\/carnilove-cat-pouch-multipack-dinde-canard-truite-faisan-12-pcs\/","title":{"rendered":"Carnilove Cat Pouch MULTIPACK (Dinde | Canard | Truite | Faisan) 12 pcs"},"content":{"rendered":"<div class=\"container pt-30\">\n<div class=\"row\">\n<div class=\"col-12\">\n<div class=\"container pt-30\">\n<div class=\"row\">\n<div class=\"col-10\">\n<div class=\"container pt-30\">\n<div class=\"row\">\n<div class=\"col-10\">\n<p><img decoding=\"async\" class=\"benefits_icon\" src=\"https:\/\/carnilove.com\/assets\/front\/images\/grain-free-potato-free.png\" width=\"100\" height=\"99\" \/>Aliment complet ou d\u00e9licieux accompagnement pour croquettes. Types de viande uniques. Sans c\u00e9r\u00e9ales, sans pommes de terre, sans OGM, sans soja, sans sucre, sans conservateurs, sans colorants.<\/p>\n<ul>\n<li>3x Riche en Turquie enrichi \u00e0 la Val\u00e9riane<\/li>\n<li>3x Riche en Canard enrichi \u00e0 l&rsquo;Herbe \u00e0 Chat<\/li>\n<li>3x Riche en Truite enrichie \u00e0 l&rsquo;Echinac\u00e9e<\/li>\n<li>3x Riche en Faisan enrichi aux Feuilles de Framboisier<\/li>\n<\/ul>\n<h2>Composition<\/h2>\n<p><b>Riche en Turquie enrichi en Val\u00e9riane.<\/b><\/p>\n<p>Composition : 85 % de viande en filets (71 % de poulet, 14 % de dinde), 1 % de racine de val\u00e9riane, 1 % d&rsquo;huile de lin, 0,5 % de substances min\u00e9rales, 0,5 % d&rsquo;amidon v\u00e9g\u00e9tal. Constituants analytiques : prot\u00e9ines brutes 9,0 %, mati\u00e8res grasses brutes 4,0 %, fibres brutes 0,5 %, cendres brutes 2,5 %, humidit\u00e9 82,0 %, calcium 0,15 %, phosphore 0,2 %, sodium 0,3 %, om\u00e9ga-3 0,2 %.<\/p>\n<p><b>Riche en Canard enrichi en Cataire.<\/b><\/p>\n<p>Composition : 85% de viande en filets (71% de poulet, 14% de canard), 1% d&rsquo;herbe \u00e0 chat, 1% d&rsquo;huile de lin, 0,5% de substances min\u00e9rales, 0,5% d&rsquo;amidon v\u00e9g\u00e9tal. Constituants analytiques : prot\u00e9ines brutes 8,5%, mati\u00e8res grasses brutes 4,5%, fibres brutes 0,5%, cendres brutes 2,2%, humidit\u00e9 82,0%, calcium 0,2%, phosphore 0,2%, sodium 0,3%, om\u00e9ga-3 0,2%.<\/p>\n<p><b>Riche en Truite enrichie en Echinac\u00e9e.<\/b><\/p>\n<p>Composition : 85% de viande en filets (71% de poulet, 14% de truite), 1% d&rsquo;\u00e9chinac\u00e9e, 1% d&rsquo;huile de lin, 0,5% de min\u00e9raux, 0,5% d&rsquo;amidon v\u00e9g\u00e9tal. Constituants analytiques : prot\u00e9ines brutes 7,5%, mati\u00e8res grasses brutes 4,0%, fibres brutes 0,5%, cendres brutes 2,0%, humidit\u00e9 82,0%, calcium 0,15%, phosphore 0,2%, sodium 0,3%, om\u00e9ga-3 0,25%.<\/p>\n<p><b>Riche en Faisan enrichi de Feuilles de Framboisier.<\/b><\/p>\n<p>Composition : 85% de viande en filets (71% de poulet, 14% de faisan), 1% de feuilles de framboisier, 1% d&rsquo;huile de lin, 0,5% de substances min\u00e9rales, 0,5% d&rsquo;amidon v\u00e9g\u00e9tal. Constituants analytiques : prot\u00e9ines brutes 8,0%, mati\u00e8res grasses brutes 4,8%, fibres brutes 0,5%, cendres brutes 2,1%, humidit\u00e9 82,0%, calcium 0,15%, phosphore 0,2%, sodium 0,3%, om\u00e9ga-3 0,2%.<\/p>\n<h2>Composition nutritionnelle en 1 kg<\/h2>\n<p>vitamine D3 (3a671) 250I.U., vitamine E (3a700) 150mg, biotine (3a880) 0.5mg, zinc (3b606) 12mg, mangan\u00e8se (3b504) 3mg, fer (3b106) 10mg, cuivre (3b406) 0.4mg, iode (3b201) 0.7mg, taurine (3a370) 500mg.<\/p>\n<\/div>\n<\/div>\n<\/div>\n<\/div>\n<\/div>\n<\/div>\n<\/div>\n<\/div>\n<\/div>\n","protected":false},"excerpt":{"rendered":"<div class=\"order-2 order-lg-1\">\n<ul>\n<li class=\"benefits__content\">Aliment complet ou d\u00e9licieux accompagnement pour croquettes. Types de viande uniques. Sans c\u00e9r\u00e9ales, sans pommes de terre, sans OGM, sans soja, sans sucre, sans conservateurs, sans colorants.<\/li>\n<li>Prix pour 12 pochons:\u00a03x Riche en Turquie enrichi \u00e0 la Val\u00e9riane +\u00a03x Riche en Canard enrichi \u00e0 l&rsquo;Herbe \u00e0 Chat +\u00a03x Riche en Truite enrichie \u00e0 l&rsquo;Echinac\u00e9e +\u00a03x Riche en Faisan enrichi aux Feuilles de Framboisier<\/li>\n<\/ul>\n<\/div>\n<div class=\"order-1 order-lg-1\">\n<div class=\"productDetail__intro\"><\/div>\n<\/div>\n","protected":false},"featured_media":15713,"template":"","meta":{"jetpack_publicize_message":"","jetpack_publicize_feature_enabled":true,"jetpack_social_post_already_shared":true,"jetpack_social_options":{"image_generator_settings":{"template":"highway","default_image_id":0,"font":"","enabled":false},"version":2}},"product_brand":[],"product_cat":[41],"product_tag":[],"class_list":{"0":"post-15712","1":"product","2":"type-product","3":"status-publish","4":"has-post-thumbnail","6":"product_cat-friandises-et-pate-pour-chat","8":"first","9":"instock","10":"taxable","11":"shipping-taxable","12":"purchasable","13":"product-type-simple"},"supplier_id":7839,"supplier_sku":"CL - Carnilove cat pouch MULTIPACK 12*85g","barcode":null,"atum_controlled":true,"out_stock_date":null,"out_stock_threshold":null,"inheritable":false,"inbound_stock":0,"stock_on_hold":1,"sold_today":0,"sales_last_days":4,"reserved_stock":0,"customer_returns":0,"warehouse_damage":0,"lost_in_post":0,"other_logs":0,"out_stock_days":0,"lost_sales":0,"has_location":false,"update_date":"2026-05-08T00:17:49","atum_locations":[],"atum_stock_status":"instock","restock_status":true,"low_stock_amount":20,"sales_update_date":"2026-05-08T00:17:48","calc_backorders":null,"jetpack_publicize_connections":[],"jetpack_sharing_enabled":true,"batches":[{"id":"1206","date_created":"2024-12-15 14:33:13","date_expiry":"2026-07-29 00:00:00","user_id":"2760","batch_number":"CarniloveCatPochonMulti300726","location":"","quantity":"10.0000","quantity_available":"0.0000","units":"1","status":"archived","order_ids":"[25129,25216,25274,25278,25353,25462,25478,25597]","supplier":"Carnilove","po":{"id":"1179","date_created":"2024-12-15 14:33:13","batch_id":"1206","po_number":"","supplier":"Carnilove","cost":null,"regular_price":null,"sale_price":null,"price_margin":null,"price_discount":null}},{"id":"1272","date_created":"2024-12-18 16:06:44","date_expiry":"2026-07-29 00:00:00","user_id":"2760","batch_number":"CarniloveCatPochonMulti290726","location":"","quantity":"10.0000","quantity_available":"0.0000","units":"1","status":"archived","order_ids":"[15958,17967,18100,18104,18132]","supplier":"Carnilove","po":{"id":"1245","date_created":"2024-12-18 16:06:49","batch_id":"1272","po_number":"","supplier":"Carnilove","cost":null,"regular_price":null,"sale_price":null,"price_margin":null,"price_discount":null}},{"id":"1556","date_created":"2025-01-09 20:38:23","date_expiry":"2026-07-29 00:00:00","user_id":"2760","batch_number":"CarniloveCatPochonMulti290726","location":"","quantity":"2.0000","quantity_available":"0.0000","units":"1","status":"archived","order_ids":"[16627,16720]","supplier":"Carnilove","po":{"id":"1530","date_created":"2025-01-09 20:38:26","batch_id":"1556","po_number":"","supplier":"Carnilove","cost":null,"regular_price":null,"sale_price":null,"price_margin":null,"price_discount":null}},{"id":"1664","date_created":"2025-01-16 21:34:07","date_expiry":"2026-07-29 00:00:00","user_id":"2760","batch_number":"CarniloveCatPochonMulti290726","location":"","quantity":"3.0000","quantity_available":"0.0000","units":"1","status":"archived","order_ids":"[17061,17118]","supplier":"Carnilove","po":{"id":"1638","date_created":"2025-01-16 21:34:10","batch_id":"1664","po_number":"","supplier":"Carnilove","cost":null,"regular_price":null,"sale_price":null,"price_margin":null,"price_discount":null}},{"id":"1665","date_created":"2025-01-16 21:34:24","date_expiry":"2026-07-29 00:00:00","user_id":"2760","batch_number":"CarniloveCatPochonMulti290726","location":"","quantity":"3.0000","quantity_available":"0.0000","units":"1","status":"archived","order_ids":"[17234,17967]","supplier":"Carnilove","po":{"id":"1639","date_created":"2025-01-16 21:34:27","batch_id":"1665","po_number":"","supplier":"Carnilove","cost":null,"regular_price":null,"sale_price":null,"price_margin":null,"price_discount":null}},{"id":"2134","date_created":"2025-02-23 13:01:10","date_expiry":"2025-12-01 00:00:00","user_id":"2760","batch_number":"CarniloveCatPochonMulti011225","location":"","quantity":"10.0000","quantity_available":"0.0000","units":"1","status":"archived","order_ids":"[18333,18393,18750,19369,19581,20212,20395]","supplier":"Carnilove","po":{"id":"2104","date_created":"2025-02-23 13:01:12","batch_id":"2134","po_number":"","supplier":"Carnilove","cost":null,"regular_price":null,"sale_price":null,"price_margin":null,"price_discount":null}},{"id":"2660","date_created":"2025-04-02 20:47:13","date_expiry":"2025-12-01 00:00:00","user_id":"2760","batch_number":"CarniloveCatPochonMulti011225","location":"","quantity":"7.0000","quantity_available":"0.0000","units":"1","status":"archived","order_ids":"[20519,21340,21647,21799,22219,22264,22407]","supplier":"Carnilove","po":{"id":"2628","date_created":"2025-04-02 20:47:16","batch_id":"2660","po_number":"","supplier":"Carnilove","cost":null,"regular_price":null,"sale_price":null,"price_margin":null,"price_discount":null}},{"id":"3160","date_created":"2025-04-24 21:33:06","date_expiry":"2025-12-01 00:00:00","user_id":"2760","batch_number":"CarniloveCatPochonMulti011225","location":"","quantity":"4.0000","quantity_available":"0.0000","units":"1","status":"archived","order_ids":"[21123,21249,21292]","supplier":"Carnilove","po":{"id":"3128","date_created":"2025-04-24 21:33:07","batch_id":"3160","po_number":"","supplier":"Carnilove","cost":null,"regular_price":null,"sale_price":null,"price_margin":null,"price_discount":null}},{"id":"3512","date_created":"2025-05-19 19:00:27","date_expiry":"2025-12-01 00:00:00","user_id":"2760","batch_number":"CarniloveCatPochonMulti011225","location":"","quantity":"7.0000","quantity_available":"0.0000","units":"1","status":"archived","order_ids":"[23163,23259,23391,23654,24040,24260,24448]","supplier":"Carnilove","po":{"id":"3479","date_created":"2025-05-19 19:00:28","batch_id":"3512","po_number":"","supplier":"Carnilove","cost":null,"regular_price":null,"sale_price":null,"price_margin":null,"price_discount":null}},{"id":"4199","date_created":"2025-07-01 21:23:21","date_expiry":"2025-12-01 00:00:00","user_id":"2760","batch_number":"CarniloveCatPochonMulti011225","location":"","quantity":"7.0000","quantity_available":"0.0000","units":"1","status":"archived","order_ids":"[24571,24781,24925,25083,25129]","supplier":"Carnilove","po":{"id":"4162","date_created":"2025-07-01 21:23:21","batch_id":"4199","po_number":"","supplier":"Carnilove","cost":null,"regular_price":null,"sale_price":null,"price_margin":null,"price_discount":null}},{"id":"5044","date_created":"2025-08-29 16:27:53","date_expiry":"2025-12-01 00:00:00","user_id":"2760","batch_number":"CarniloveCatPochonMulti011225","location":"","quantity":"10.0000","quantity_available":"0.0000","units":"1","status":"archived","order_ids":"[26766,27084,27450,28066,28440,28916,29549,29804,30248,30326]","supplier":"Carnilove","po":{"id":"5007","date_created":"2025-08-29 16:27:54","batch_id":"5044","po_number":"","supplier":"Carnilove","cost":null,"regular_price":null,"sale_price":null,"price_margin":null,"price_discount":null}},{"id":"6638","date_created":"2025-12-12 12:44:47","date_expiry":"2027-08-14 00:00:00","user_id":"2760","batch_number":"CarniloveCatPochonMulti140827","location":"","quantity":"20.0000","quantity_available":"0.0000","units":"1","status":"archived","order_ids":"[32505,32533,32656,32703,32824,33151,34186,34281,35244,35479,35658,36129,36146,36338,36499,36881,37788,37897]","supplier":"Carnilove","po":{"id":"6583","date_created":"2025-12-12 12:44:48","batch_id":"6638","po_number":"","supplier":"Carnilove","cost":null,"regular_price":null,"sale_price":null,"price_margin":null,"price_discount":null}},{"id":"8182","date_created":"2026-03-11 15:16:58","date_expiry":"2028-11-30 00:00:00","user_id":"2760","batch_number":"CarniloveCatPochonMulti301128","location":"","quantity":"10.0000","quantity_available":"2.0000","units":"1","status":"active","order_ids":"[38173,38423,38644,39769,40766,40842,41236]","supplier":"Carnilove","po":{"id":"8120","date_created":"2026-03-11 15:16:58","batch_id":"8182","po_number":"","supplier":"Carnilove","cost":null,"regular_price":null,"sale_price":null,"price_margin":null,"price_discount":null}}],"_links":{"self":[{"href":"https:\/\/petworld.ma\/index.php\/wp-json\/wp\/v2\/product\/15712","targetHints":{"allow":["GET"]}}],"collection":[{"href":"https:\/\/petworld.ma\/index.php\/wp-json\/wp\/v2\/product"}],"about":[{"href":"https:\/\/petworld.ma\/index.php\/wp-json\/wp\/v2\/types\/product"}],"wp:featuredmedia":[{"embeddable":true,"href":"https:\/\/petworld.ma\/index.php\/wp-json\/wp\/v2\/media\/15713"}],"wp:attachment":[{"href":"https:\/\/petworld.ma\/index.php\/wp-json\/wp\/v2\/media?parent=15712"}],"wp:term":[{"taxonomy":"product_brand","embeddable":true,"href":"https:\/\/petworld.ma\/index.php\/wp-json\/wp\/v2\/product_brand?post=15712"},{"taxonomy":"product_cat","embeddable":true,"href":"https:\/\/petworld.ma\/index.php\/wp-json\/wp\/v2\/product_cat?post=15712"},{"taxonomy":"product_tag","embeddable":true,"href":"https:\/\/petworld.ma\/index.php\/wp-json\/wp\/v2\/product_tag?post=15712"}],"curies":[{"name":"wp","href":"https:\/\/api.w.org\/{rel}","templated":true}]}}