{"id":15813,"date":"2024-12-19T09:50:27","date_gmt":"2024-12-19T09:50:27","guid":{"rendered":"https:\/\/petworld.ma\/?post_type=product&#038;p=15813"},"modified":"2026-04-25T09:07:29","modified_gmt":"2026-04-25T09:07:29","slug":"dousti-croquettes-chat-catmix-20kg","status":"publish","type":"product","link":"https:\/\/petworld.ma\/index.php\/produit\/dousti-croquettes-chat-catmix-20kg\/","title":{"rendered":"Dousti Croquettes Chat Catmix 20kg"},"content":{"rendered":"<div class=\"woocommerce-tabs wc-tabs-wrapper\">\n<div id=\"tab-description\" class=\"woocommerce-Tabs-panel woocommerce-Tabs-panel--description panel entry-content wc-tab\" role=\"tabpanel\" aria-labelledby=\"tab-title-description\">\n<p>Aliment complet pour chats adultes de toutes races. Id\u00e9al pour l&rsquo;alimentation quotidienne. Omega 3 et Omega 6.<\/p>\n<\/div>\n<\/div>\n<section class=\"related products\">\n<div class=\"tit-relacionados\">\n<p><strong style=\"color: #555555; font-size: 14.4px;\"><strong style=\"color: #555555; font-size: 14.4px;\">Composition : <\/strong><\/strong><span style=\"color: #555555;\">Viandes et sous-produits animaux, c\u00e9r\u00e9ales, huiles et graisses, sous-produits d&rsquo;origine v\u00e9g\u00e9tale et substances min\u00e9rales.<\/span><\/p>\n<section class=\"related products\">\n<div class=\"tit-relacionados\"><\/div>\n<\/section>\n<\/div>\n<\/section>\n<section class=\"related products\">\n<div class=\"tit-relacionados\"><strong style=\"color: #555555; font-size: 14.4px;\"><span dir=\"ltr\" role=\"presentation\">Constituants analytiques :\u00a0<\/span><\/strong><\/div>\n<\/section>\n<div class=\"woocommerce-tabs wc-tabs-wrapper\">\n<div id=\"tab-analytical-constituents\" class=\"woocommerce-Tabs-panel woocommerce-Tabs-panel--analytical-constituents panel entry-content wc-tab\" role=\"tabpanel\" aria-labelledby=\"tab-title-analytical-constituents\">\n<div class=\"woocommerce-tabs wc-tabs-wrapper\">\n<div id=\"tab-analytical-components\" class=\"woocommerce-Tabs-panel woocommerce-Tabs-panel--analytical-components panel entry-content wc-tab\" role=\"tabpanel\" aria-labelledby=\"tab-title-analytical-components\">\n<p>Prot\u00e9ine brute : 28 %<br \/>\nMati\u00e8res grasses brutes : 10 %<br \/>\nFibres brutes : 2,5 %<br \/>\nCendres brutes : 12,5 %<\/p>\n<\/div>\n<\/div>\n<section class=\"related products\">\n<div class=\"tit-relacionados\"><\/div>\n<\/section>\n<\/div>\n<\/div>\n<section class=\"related products\">\n<div class=\"tit-relacionados\"><\/div>\n<\/section>\n","protected":false},"excerpt":{"rendered":"<p>Made in Italy!!<\/p>\n","protected":false},"featured_media":15814,"template":"","meta":{"jetpack_publicize_message":"","jetpack_publicize_feature_enabled":true,"jetpack_social_post_already_shared":true,"jetpack_social_options":{"image_generator_settings":{"template":"highway","default_image_id":0,"font":"","enabled":false},"version":2}},"product_brand":[],"product_cat":[40],"product_tag":[],"class_list":{"0":"post-15813","1":"product","2":"type-product","3":"status-publish","4":"has-post-thumbnail","6":"product_cat-coquettes-pour-chat","8":"first","9":"instock","10":"taxable","11":"shipping-taxable","12":"purchasable","13":"product-type-simple"},"supplier_id":5588,"supplier_sku":"","barcode":null,"atum_controlled":true,"out_stock_date":null,"out_stock_threshold":null,"inheritable":false,"inbound_stock":0,"stock_on_hold":0,"sold_today":0,"sales_last_days":0,"reserved_stock":0,"customer_returns":0,"warehouse_damage":0,"lost_in_post":0,"other_logs":0,"out_stock_days":0,"lost_sales":0,"has_location":false,"update_date":"2026-05-07T00:18:31","atum_locations":[],"atum_stock_status":"instock","restock_status":false,"low_stock_amount":4,"sales_update_date":"2026-05-07T00:18:31","calc_backorders":0,"jetpack_publicize_connections":[],"jetpack_sharing_enabled":true,"batches":[{"id":"1278","date_created":"2024-12-19 09:57:23","date_expiry":"2026-10-02 00:00:00","user_id":"50","batch_number":"DoustiCatMix021026","location":"","quantity":"5.0000","quantity_available":"0.0000","units":"1","status":"archived","order_ids":"[15884,16845,17627,18070,18074]","supplier":"mera","po":{"id":"1251","date_created":"2024-12-19 09:57:26","batch_id":"1278","po_number":"","supplier":"mera","cost":null,"regular_price":null,"sale_price":null,"price_margin":null,"price_discount":null}},{"id":"1481","date_created":"2025-01-02 21:40:50","date_expiry":"2026-10-02 00:00:00","user_id":"50","batch_number":"DoustiCatMix021026","location":"","quantity":"2.0000","quantity_available":"0.0000","units":"1","status":"archived","order_ids":"[16520,16725]","supplier":"mera","po":{"id":"1455","date_created":"2025-01-02 21:40:53","batch_id":"1481","po_number":"","supplier":"mera","cost":null,"regular_price":null,"sale_price":null,"price_margin":null,"price_discount":null}},{"id":"1633","date_created":"2025-01-14 18:46:43","date_expiry":"2026-11-08 00:00:00","user_id":"50","batch_number":"DoustiCatMix081126","location":"","quantity":"3.0000","quantity_available":"0.0000","units":"1","status":"archived","order_ids":"[18374,18936,20637]","supplier":"MERA","po":{"id":"1607","date_created":"2025-01-14 18:46:46","batch_id":"1633","po_number":"","supplier":"MERA","cost":null,"regular_price":null,"sale_price":null,"price_margin":null,"price_discount":null}},{"id":"2120","date_created":"2025-02-21 17:37:38","date_expiry":"2026-11-28 00:00:00","user_id":"50","batch_number":"DoustiCatMix281126","location":"","quantity":"1.0000","quantity_available":"0.0000","units":"1","status":"archived","order_ids":"[20896]","supplier":"mera","po":{"id":"2090","date_created":"2025-02-21 17:37:40","batch_id":"2120","po_number":"","supplier":"mera","cost":null,"regular_price":null,"sale_price":null,"price_margin":null,"price_discount":null}},{"id":"2377","date_created":"2025-03-14 21:04:11","date_expiry":"2026-11-28 00:00:00","user_id":"50","batch_number":"DoustiCatMix281126","location":"","quantity":"2.0000","quantity_available":"0.0000","units":"1","status":"archived","order_ids":"[21960,22506]","supplier":"mera","po":{"id":"2346","date_created":"2025-03-14 21:04:15","batch_id":"2377","po_number":"","supplier":"mera","cost":null,"regular_price":null,"sale_price":null,"price_margin":null,"price_discount":null}},{"id":"3083","date_created":"2025-04-18 11:51:21","date_expiry":"2026-11-28 00:00:00","user_id":"50","batch_number":"DoustiCatMix281126","location":"","quantity":"1.0000","quantity_available":"0.0000","units":"1","status":"archived","order_ids":"[21251]","supplier":"mera","po":{"id":"3050","date_created":"2025-04-18 11:51:21","batch_id":"3083","po_number":"","supplier":"mera","cost":null,"regular_price":null,"sale_price":null,"price_margin":null,"price_discount":null}},{"id":"3288","date_created":"2025-05-02 21:39:28","date_expiry":"2027-01-23 00:00:00","user_id":"50","batch_number":"DoustiCatMix230127","location":"","quantity":"2.0000","quantity_available":"0.0000","units":"1","status":"archived","order_ids":"[24265,26050]","supplier":"mera","po":{"id":"3255","date_created":"2025-05-02 21:39:28","batch_id":"3288","po_number":"","supplier":"mera","cost":null,"regular_price":null,"sale_price":null,"price_margin":null,"price_discount":null}},{"id":"3632","date_created":"2025-05-27 14:32:21","date_expiry":"2027-02-03 00:00:00","user_id":"50","batch_number":"DoustiCatMix030227","location":"","quantity":"1.0000","quantity_available":"0.0000","units":"1","status":"archived","order_ids":"[26705]","supplier":"mera","po":{"id":"3599","date_created":"2025-05-27 14:32:21","batch_id":"3632","po_number":"","supplier":"mera","cost":null,"regular_price":null,"sale_price":null,"price_margin":null,"price_discount":null}},{"id":"3704","date_created":"2025-06-01 17:59:56","date_expiry":"2027-02-03 00:00:00","user_id":"50","batch_number":"DoustiCatMix030227","location":"","quantity":"1.0000","quantity_available":"0.0000","units":"1","status":"archived","order_ids":"[28286]","supplier":"mera","po":{"id":"3670","date_created":"2025-06-01 17:59:57","batch_id":"3704","po_number":"","supplier":"mera","cost":null,"regular_price":null,"sale_price":null,"price_margin":null,"price_discount":null}},{"id":"4395","date_created":"2025-07-14 21:32:45","date_expiry":"2027-03-17 00:00:00","user_id":"50","batch_number":"DoustiCatMix170327","location":"","quantity":"1.0000","quantity_available":"0.0000","units":"1","status":"archived","order_ids":"[28403]","supplier":"mera","po":{"id":"4359","date_created":"2025-07-14 21:32:45","batch_id":"4395","po_number":"","supplier":"mera","cost":null,"regular_price":null,"sale_price":null,"price_margin":null,"price_discount":null}},{"id":"5013","date_created":"2025-08-26 22:54:31","date_expiry":"2027-04-21 00:00:00","user_id":"50","batch_number":"DoustiCatMix210427","location":"","quantity":"1.0000","quantity_available":"0.0000","units":"1","status":"archived","order_ids":"[28841]","supplier":"mera","po":{"id":"4977","date_created":"2025-08-26 22:54:32","batch_id":"5013","po_number":"","supplier":"mera","cost":null,"regular_price":null,"sale_price":null,"price_margin":null,"price_discount":null}},{"id":"5212","date_created":"2025-09-08 09:11:31","date_expiry":"2027-04-21 00:00:00","user_id":"50","batch_number":"DoustiCatMix210427","location":"","quantity":"1.0000","quantity_available":"0.0000","units":"1","status":"archived","order_ids":"[28841]","supplier":"mera","po":{"id":"5169","date_created":"2025-09-08 09:11:33","batch_id":"5212","po_number":"","supplier":"mera","cost":null,"regular_price":null,"sale_price":null,"price_margin":null,"price_discount":null}},{"id":"5663","date_created":"2025-10-08 08:43:01","date_expiry":"2027-08-01 00:00:00","user_id":"50","batch_number":"DoustiCatMix010827","location":"","quantity":"2.0000","quantity_available":"0.0000","units":"1","status":"archived","order_ids":"[28841]","supplier":"mera","po":{"id":"5618","date_created":"2025-10-08 08:43:02","batch_id":"5663","po_number":"","supplier":"mera","cost":null,"regular_price":null,"sale_price":null,"price_margin":null,"price_discount":null}},{"id":"5792","date_created":"2025-10-18 13:38:18","date_expiry":"2027-08-01 00:00:00","user_id":"50","batch_number":"DoustiCatMix010827","location":"","quantity":"2.0000","quantity_available":"0.0000","units":"1","status":"archived","order_ids":"[29191]","supplier":"mera","po":{"id":"5742","date_created":"2025-10-18 13:38:19","batch_id":"5792","po_number":"","supplier":"mera","cost":null,"regular_price":null,"sale_price":null,"price_margin":null,"price_discount":null}},{"id":"5986","date_created":"2025-11-04 13:50:11","date_expiry":"2027-04-21 00:00:00","user_id":"50","batch_number":"DoustiCatMix210427","location":"","quantity":"5.0000","quantity_available":"0.0000","units":"1","status":"archived","order_ids":"[30047,30631,32631,35530,36412,36961]","supplier":"mera","po":{"id":"5929","date_created":"2025-11-04 13:50:11","batch_id":"5986","po_number":"","supplier":"mera","cost":null,"regular_price":null,"sale_price":null,"price_margin":null,"price_discount":null}},{"id":"6427","date_created":"2025-12-02 14:20:53","date_expiry":"2027-08-01 00:00:00","user_id":"50","batch_number":"DoustiCatMix01082027","location":"","quantity":"1.0000","quantity_available":"0.0000","units":"1","status":"archived","order_ids":"[38071]","supplier":"mera","po":{"id":"6373","date_created":"2025-12-02 14:20:54","batch_id":"6427","po_number":"","supplier":"mera","cost":null,"regular_price":null,"sale_price":null,"price_margin":null,"price_discount":null}},{"id":"7966","date_created":"2026-02-26 15:21:38","date_expiry":"2027-09-01 00:00:00","user_id":"50","batch_number":"DoustiCatMix01092027","location":"","quantity":"1.0000","quantity_available":"0.0000","units":"1","status":"archived","order_ids":"[38529]","supplier":"mera","po":{"id":"7904","date_created":"2026-02-26 15:21:38","batch_id":"7966","po_number":"","supplier":"mera","cost":null,"regular_price":null,"sale_price":null,"price_margin":null,"price_discount":null}},{"id":"8071","date_created":"2026-03-05 10:52:49","date_expiry":"2027-09-01 00:00:00","user_id":"50","batch_number":"DoustiCatMix01092027","location":"","quantity":"1.0000","quantity_available":"0.0000","units":"1","status":"archived","order_ids":"[40123]","supplier":"mera","po":{"id":"8009","date_created":"2026-03-05 10:52:50","batch_id":"8071","po_number":"","supplier":"mera","cost":null,"regular_price":null,"sale_price":null,"price_margin":null,"price_discount":null}},{"id":"8271","date_created":"2026-03-14 12:05:36","date_expiry":"2027-09-01 00:00:00","user_id":"50","batch_number":"DoustiCatMix01092027","location":"","quantity":"1.0000","quantity_available":"0.0000","units":"1","status":"archived","order_ids":"[40123]","supplier":"mera","po":{"id":"8198","date_created":"2026-03-14 12:05:36","batch_id":"8271","po_number":"","supplier":"mera","cost":null,"regular_price":null,"sale_price":null,"price_margin":null,"price_discount":null}},{"id":"8591","date_created":"2026-03-28 14:13:27","date_expiry":"2027-09-01 00:00:00","user_id":"50","batch_number":"DoustiCatMix01092027","location":"","quantity":"1.0000","quantity_available":"1.0000","units":"1","status":"active","order_ids":null,"supplier":"mera","po":{"id":"8519","date_created":"2026-03-28 14:13:27","batch_id":"8591","po_number":"","supplier":"mera","cost":null,"regular_price":null,"sale_price":null,"price_margin":null,"price_discount":null}},{"id":"8823","date_created":"2026-04-15 11:17:41","date_expiry":"2027-09-01 00:00:00","user_id":"50","batch_number":"DoustiCatMix01092027","location":"","quantity":"1.0000","quantity_available":"1.0000","units":"1","status":"active","order_ids":null,"supplier":"mera","po":{"id":"8750","date_created":"2026-04-15 11:17:41","batch_id":"8823","po_number":"","supplier":"mera","cost":null,"regular_price":null,"sale_price":null,"price_margin":null,"price_discount":null}},{"id":"9083","date_created":"2026-04-25 09:07:28","date_expiry":"2027-09-30 00:00:00","user_id":"50","batch_number":"DoustiCatMix30092027","location":"","quantity":"2.0000","quantity_available":"2.0000","units":"1","status":"active","order_ids":null,"supplier":"mera","po":{"id":"9006","date_created":"2026-04-25 09:07:28","batch_id":"9083","po_number":"","supplier":"mera","cost":null,"regular_price":null,"sale_price":null,"price_margin":null,"price_discount":null}}],"_links":{"self":[{"href":"https:\/\/petworld.ma\/index.php\/wp-json\/wp\/v2\/product\/15813","targetHints":{"allow":["GET"]}}],"collection":[{"href":"https:\/\/petworld.ma\/index.php\/wp-json\/wp\/v2\/product"}],"about":[{"href":"https:\/\/petworld.ma\/index.php\/wp-json\/wp\/v2\/types\/product"}],"wp:featuredmedia":[{"embeddable":true,"href":"https:\/\/petworld.ma\/index.php\/wp-json\/wp\/v2\/media\/15814"}],"wp:attachment":[{"href":"https:\/\/petworld.ma\/index.php\/wp-json\/wp\/v2\/media?parent=15813"}],"wp:term":[{"taxonomy":"product_brand","embeddable":true,"href":"https:\/\/petworld.ma\/index.php\/wp-json\/wp\/v2\/product_brand?post=15813"},{"taxonomy":"product_cat","embeddable":true,"href":"https:\/\/petworld.ma\/index.php\/wp-json\/wp\/v2\/product_cat?post=15813"},{"taxonomy":"product_tag","embeddable":true,"href":"https:\/\/petworld.ma\/index.php\/wp-json\/wp\/v2\/product_tag?post=15813"}],"curies":[{"name":"wp","href":"https:\/\/api.w.org\/{rel}","templated":true}]}}