{"id":16202,"date":"2025-01-02T09:53:19","date_gmt":"2025-01-02T09:53:19","guid":{"rendered":"https:\/\/petworld.ma\/?post_type=product&#038;p=16202"},"modified":"2026-04-20T18:57:21","modified_gmt":"2026-04-20T18:57:21","slug":"brit-premium-filets-en-sauce-avec-dinde-carottes-puppy-junior-85g","status":"publish","type":"product","link":"https:\/\/petworld.ma\/index.php\/produit\/brit-premium-filets-en-sauce-avec-dinde-carottes-puppy-junior-85g\/","title":{"rendered":"Brit Premium by Nature Fillets in Gravy with Turkey and Carrots Puppy and Junior 85 g (Dinde en sauce avec Carrotes)"},"content":{"rendered":"<div class=\"hidden-xs\">\n<p><img decoding=\"async\" class=\"\" src=\"https:\/\/brit-petfood.com\/file\/nodes\/icon-made-in-eu.png\" width=\"88\" height=\"87\" \/><\/p>\n<div class=\"hidden-xs\">\n<div class=\"hidden-xs\">\n<div class=\"hidden-xs\">\n<div class=\"col-md-7\">\n<div class=\"col-md-7\">\n<div class=\"col-md-7\">\n<p>Aliment complet\u00a0<strong>premium<\/strong>\u00a0\u00e0 base de viande de dinde et de carottes dans une d\u00e9licieuse sauce\u00a0\u00a0<strong>pour chiots et jeunes chiens<\/strong>\u00a0de toutes races.<\/p>\n<p><a href=\"https:\/\/www.vaschovatel.cz\/kapsicky-pro-psy\/13\/\" target=\"_blank\" rel=\"noopener\">Les sachets pour chiens<\/a>\u00a0contiennent\u00a0<strong>85% de viande de qualit\u00e9<\/strong>\u00a0, sans OGM, sans soja et sans sucre ajout\u00e9.\u00a0<strong>La viande de dinde<\/strong>\u00a0est riche en\u00a0<strong>prot\u00e9ines facilement digestibles<\/strong>\u00a0, gr\u00e2ce \u00e0 sa faible teneur en mati\u00e8res grasses, elle contribue \u00e0 une r\u00e9duction optimale du poids corporel et du cholest\u00e9rol, et favorise \u00e9galement la sant\u00e9 cardiaque.\u00a0<strong>Les carottes<\/strong>\u00a0regorgent de min\u00e9raux, de vitamines A, C et K et de fibres. Ceux-ci affectent positivement la fonction des yeux,\u00a0<strong>l\u2019efficacit\u00e9 de la digestion<\/strong>\u00a0et la vitalit\u00e9 globale de l\u2019animal.<\/p>\n<h3><strong>Caract\u00e9ristiques de l&rsquo;aliment Brit Premium by Nature :<\/strong><\/h3>\n<ul>\n<li>complet<\/li>\n<li>prime<\/li>\n<li>poche<\/li>\n<li>85% de viande de qualit\u00e9<\/li>\n<li>dans une d\u00e9licieuse sauce<\/li>\n<li>sans OGM, soja et sucre ajout\u00e9<\/li>\n<li>prot\u00e9ines facilement digestibles<\/li>\n<li>carottes &#8211; vitamines A, C, K et min\u00e9raux<\/li>\n<li>soutien \u00e0 la digestion et \u00e0 l&rsquo;hydratation<\/li>\n<\/ul>\n<p><strong>Conditionnement<\/strong>\u00a0: 85 g<br \/>\n<strong>Saveur<\/strong>\u00a0: dinde, carotte<br \/>\n<strong>Destin\u00e9 \u00e0<\/strong>\u00a0: chiot, jeune chien<\/p>\n<div class=\"table-title-block col-md-12 col-sm-12 col-xs-12\">\n<div class=\"col-md-6 title-text-left\" data-id=\"table-title-left\">\n<div class=\"table-title-block col-md-12 col-sm-12 col-xs-12\">\n<div class=\"col-md-6 title-text-left\" data-id=\"table-title-left\">Tableau de posologie recommand\u00e9e par Brit Premium par Nature\u00a0:<\/div>\n<div data-id=\"table-title-left\"><\/div>\n<\/div>\n<div class=\"table-body-block nopadding col-md-12 col-sm-12 col-xs-12\">\n<table class=\"table table-edit\">\n<tbody>\n<tr>\n<td colspan=\"1\" rowspan=\"2\" data-id=\"2\">Poids actuel du chien :<\/td>\n<td colspan=\"5\" rowspan=\"1\" data-id=\"3\">\u00c2ge du chiot :<\/td>\n<\/tr>\n<tr>\n<td data-id=\"9\">2 mois<\/td>\n<td data-id=\"10\">4 mois<\/td>\n<td data-id=\"11\">6 mois<\/td>\n<td data-id=\"12\">9 mois<\/td>\n<td data-id=\"13\">12 mois<\/td>\n<\/tr>\n<tr>\n<td data-id=\"14\">1 \u00e0 5kg<\/td>\n<td data-id=\"15\">3 \u00e0 11 pi\u00e8ces<\/td>\n<td data-id=\"16\">3 \u00e0 10 pi\u00e8ces<\/td>\n<td data-id=\"17\">2 \u00e0 8 pi\u00e8ces<\/td>\n<td data-id=\"18\">2 \u00e0 6 pi\u00e8ces<\/td>\n<td data-id=\"19\">2 \u00e0 6 pi\u00e8ces<\/td>\n<\/tr>\n<tr>\n<td data-id=\"20\">5 \u00e0 13 kg<\/td>\n<td data-id=\"21\">11 &#8211; 22 pi\u00e8ces<\/td>\n<td data-id=\"22\">10 \u00e0 20 pi\u00e8ces<\/td>\n<td data-id=\"23\">8 \u00e0 18 pi\u00e8ces<\/td>\n<td data-id=\"24\">6 \u00e0 14 pi\u00e8ces<\/td>\n<td data-id=\"25\">6 \u00e0 11 pi\u00e8ces<\/td>\n<\/tr>\n<tr>\n<td data-id=\"26\">13 &#8211; 20kg<\/td>\n<td data-id=\"27\">22 &#8211; 31 pi\u00e8ces<\/td>\n<td data-id=\"28\">20 &#8211; 28 pi\u00e8ces<\/td>\n<td data-id=\"29\">18 &#8211; 26 pi\u00e8ces<\/td>\n<td data-id=\"30\">14 &#8211; 23 pi\u00e8ces<\/td>\n<td data-id=\"31\">11 &#8211; 21 pi\u00e8ces<\/td>\n<\/tr>\n<\/tbody>\n<\/table>\n<p><strong style=\"font-size: 23.04px\">Composition<\/strong><\/p>\n<\/div>\n<\/div>\n<\/div>\n<\/div>\n<\/div>\n<\/div>\n<\/div>\n<div class=\"col-md-5 product-tabs-composition\">\n<p><strong>Ingr\u00e9dients<\/strong>\u00a0:<br \/>\n85% viandes et produits d&rsquo;origine animale en filets (5% dinde), sous-produits v\u00e9g\u00e9taux (4% carottes), min\u00e9raux.<\/p>\n<p><strong>Composants analytiques<\/strong>\u00a0:<br \/>\nprot\u00e9ines brutes 7,5%, mati\u00e8res grasses brutes 3,5%, cendres brutes 1,5%, fibres brutes 0,8%, humidit\u00e9 82,0%, calcium 0,2%, phosphore 0,15%, sodium 0,3%.<\/p>\n<p><strong>Additifs nutritionnels dans 1 kg<\/strong>\u00a0:<br \/>\nvitamine A (3a672a) 550 UI, vitamine D3 (3a671) 110 UI, vitamine E (3a700) 50 mg, chlorure de choline (3a890) 615 mg, vitamine B1 (3a821) 0,4 mg, biotine (3a880) 0,2 mg, acide folique (3a316) 0,1 mg, D-pantoth\u00e9nate de calcium (3a841) 1,2 mg, zinc (3b612) 3,7 mg, mangan\u00e8se (3b505) 0,8 mg, iodure de potassium (3b201) 0,2 mg, fer (3b107) 2,4 mg, cuivre (3b407) 0,5 mg.<\/p>\n<p><strong>\u00c9nergie m\u00e9tabolisable<\/strong>\u00a0:<br \/>\n755 kcal\/kg.<\/p>\n<\/div>\n<\/div>\n<\/div>\n<\/div>\n","protected":false},"excerpt":{"rendered":"<p><img decoding=\"async\" class=\"\" src=\"https:\/\/brit-petfood.com\/file\/nodes\/icon-made-in-eu.png\" width=\"88\" height=\"87\" \/><\/p>\n<div class=\"hidden-xs\">\n<div class=\"hidden-xs\">Aliment complet premium pour chiots et jeunes chiens \u00e0 la viande de dinde et aux carottes<\/div>\n<\/div>\n","protected":false},"featured_media":16203,"template":"","meta":{"jetpack_publicize_message":"","jetpack_publicize_feature_enabled":true,"jetpack_social_post_already_shared":true,"jetpack_social_options":{"image_generator_settings":{"template":"highway","default_image_id":0,"font":"","enabled":false},"version":2}},"product_brand":[],"product_cat":[26,39],"product_tag":[],"class_list":{"0":"post-16202","1":"product","2":"type-product","3":"status-publish","4":"has-post-thumbnail","6":"product_cat-croquettes","7":"product_cat-friandises-et-pates-pour-chien","9":"first","10":"instock","11":"taxable","12":"shipping-taxable","13":"purchasable","14":"product-type-simple"},"supplier_id":5590,"supplier_sku":"","barcode":null,"atum_controlled":true,"out_stock_date":null,"out_stock_threshold":null,"inheritable":false,"inbound_stock":0,"stock_on_hold":0,"sold_today":0,"sales_last_days":9,"reserved_stock":0,"customer_returns":0,"warehouse_damage":0,"lost_in_post":0,"other_logs":0,"out_stock_days":0,"lost_sales":0,"has_location":false,"update_date":"2026-04-24T13:42:57","atum_locations":[],"atum_stock_status":"instock","restock_status":false,"low_stock_amount":10,"sales_update_date":"2026-04-24T13:42:56","calc_backorders":null,"jetpack_publicize_connections":[],"jetpack_sharing_enabled":true,"batches":[{"id":"1490","date_created":"2025-01-02 22:23:27","date_expiry":"2026-10-07 00:00:00","user_id":"2760","batch_number":"BritPremiumFiletsenSauceavecDinde&CarottesPuppy&Junior85g071026","location":"","quantity":"24.0000","quantity_available":"0.0000","units":"1","status":"archived","order_ids":"[16904,17060,17100,17149,17157,17333,17484]","supplier":"Brit","po":{"id":"1464","date_created":"2025-01-02 22:23:31","batch_id":"1490","po_number":"","supplier":"Brit","cost":null,"regular_price":null,"sale_price":null,"price_margin":null,"price_discount":null}},{"id":"1851","date_created":"2025-02-03 21:12:11","date_expiry":"2026-10-07 00:00:00","user_id":"2760","batch_number":"BritPremiumFiletsenSauceavecDinde&CarottesPuppy&Junior85g071026","location":"","quantity":"60.0000","quantity_available":"0.0000","units":"1","status":"archived","order_ids":"[17484,17896]","supplier":"Brit","po":{"id":"1825","date_created":"2025-02-03 21:12:13","batch_id":"1851","po_number":"","supplier":"Brit","cost":null,"regular_price":null,"sale_price":null,"price_margin":null,"price_discount":null}},{"id":"1874","date_created":"2025-02-05 21:13:02","date_expiry":"2026-10-07 00:00:00","user_id":"2760","batch_number":"BritPremiumFiletsenSauceavecDinde&CarottesPuppy&Junior85g071026","location":"","quantity":"12.0000","quantity_available":"0.0000","units":"1","status":"archived","order_ids":"[17896]","supplier":"BRIT","po":{"id":"1848","date_created":"2025-02-05 21:13:05","batch_id":"1874","po_number":"","supplier":"BRIT","cost":null,"regular_price":null,"sale_price":null,"price_margin":null,"price_discount":null}},{"id":"2195","date_created":"2025-02-26 22:28:14","date_expiry":"2026-10-07 00:00:00","user_id":"2760","batch_number":"BritPremiumFiletsenSauceavecDinde&CarottesPuppy&Junior85g071026","location":"","quantity":"48.0000","quantity_available":"0.0000","units":"1","status":"archived","order_ids":"[19181,19642]","supplier":"Brit","po":{"id":"2164","date_created":"2025-02-26 22:28:17","batch_id":"2195","po_number":"","supplier":"Brit","cost":null,"regular_price":null,"sale_price":null,"price_margin":null,"price_discount":null}},{"id":"3137","date_created":"2025-04-23 08:33:07","date_expiry":"2026-10-07 00:00:00","user_id":"2760","batch_number":"BritPremiumFiletsenSauceavecDinde&CarottesPuppy&Junior85g071026","location":"","quantity":"24.0000","quantity_available":"0.0000","units":"1","status":"archived","order_ids":"[21225]","supplier":"Brit","po":{"id":"3104","date_created":"2025-04-23 08:33:08","batch_id":"3137","po_number":"","supplier":"Brit","cost":null,"regular_price":null,"sale_price":null,"price_margin":null,"price_discount":null}},{"id":"3862","date_created":"2025-06-05 09:13:55","date_expiry":"2027-02-17 00:00:00","user_id":"2760","batch_number":"BritPremiumFiletsenSauceavecDinde&CarottesPuppy&Junior85g170227","location":"","quantity":"72.0000","quantity_available":"0.0000","units":"1","status":"archived","order_ids":"[23427,23591,24000,24276,24871,24895,24900,25312]","supplier":"Brit","po":{"id":"3826","date_created":"2025-06-05 09:13:55","batch_id":"3862","po_number":"","supplier":"Brit","cost":null,"regular_price":null,"sale_price":null,"price_margin":null,"price_discount":null}},{"id":"4778","date_created":"2025-08-08 14:47:47","date_expiry":"2027-02-17 00:00:00","user_id":"2760","batch_number":"BritPremiumFiletsenSauceavecDinde&CarottesPuppy&Junior85g170227","location":"","quantity":"144.0000","quantity_available":"0.0000","units":"1","status":"archived","order_ids":"[25612,26049,26060,26342,26867,27632,28211,29045,30977,30995,31405,31647,31730,31735,32278,32368,32787,32927,33127,33160,33270,33581,33589,33596,33744,33776,33922,34512,34551,34662,34663,35236,35263,35314,35627]","supplier":"Brit","po":{"id":"4742","date_created":"2025-08-08 14:47:49","batch_id":"4778","po_number":"","supplier":"Brit","cost":null,"regular_price":null,"sale_price":null,"price_margin":null,"price_discount":null}},{"id":"8086","date_created":"2026-03-05 11:16:35","date_expiry":"2027-04-30 00:00:00","user_id":"2760","batch_number":"BritPremiumFiletsenSauceavecDinde&CarottesPuppy&Junior85g300427","location":"","quantity":"72.0000","quantity_available":"43.0000","units":"1","status":"active","order_ids":"[37413,37743,37918,38402,38518,39523,39846,40002,40370]","supplier":"Brit","po":{"id":"8024","date_created":"2026-03-05 11:16:36","batch_id":"8086","po_number":"","supplier":"Brit","cost":null,"regular_price":null,"sale_price":null,"price_margin":null,"price_discount":null}}],"_links":{"self":[{"href":"https:\/\/petworld.ma\/index.php\/wp-json\/wp\/v2\/product\/16202","targetHints":{"allow":["GET"]}}],"collection":[{"href":"https:\/\/petworld.ma\/index.php\/wp-json\/wp\/v2\/product"}],"about":[{"href":"https:\/\/petworld.ma\/index.php\/wp-json\/wp\/v2\/types\/product"}],"wp:featuredmedia":[{"embeddable":true,"href":"https:\/\/petworld.ma\/index.php\/wp-json\/wp\/v2\/media\/16203"}],"wp:attachment":[{"href":"https:\/\/petworld.ma\/index.php\/wp-json\/wp\/v2\/media?parent=16202"}],"wp:term":[{"taxonomy":"product_brand","embeddable":true,"href":"https:\/\/petworld.ma\/index.php\/wp-json\/wp\/v2\/product_brand?post=16202"},{"taxonomy":"product_cat","embeddable":true,"href":"https:\/\/petworld.ma\/index.php\/wp-json\/wp\/v2\/product_cat?post=16202"},{"taxonomy":"product_tag","embeddable":true,"href":"https:\/\/petworld.ma\/index.php\/wp-json\/wp\/v2\/product_tag?post=16202"}],"curies":[{"name":"wp","href":"https:\/\/api.w.org\/{rel}","templated":true}]}}