{"id":16213,"date":"2025-01-02T10:30:58","date_gmt":"2025-01-02T10:30:58","guid":{"rendered":"https:\/\/petworld.ma\/?post_type=product&#038;p=16213"},"modified":"2026-04-29T09:24:34","modified_gmt":"2026-04-29T09:24:34","slug":"cat-plus-croquettes-saumon-4kg","status":"publish","type":"product","link":"https:\/\/petworld.ma\/index.php\/produit\/cat-plus-croquettes-saumon-4kg\/","title":{"rendered":"Cat Plus Croquettes Saumon 2kg | 4kg | 20kg"},"content":{"rendered":"<p>Croquette \u00e9conomique au saumon pour chat pas cher avec un bon rapport qualit\u00e9 prix.<\/p>\n<p>&nbsp;<\/p>\n<p><strong>Composition<\/strong>: c\u00e9r\u00e9ales, viandes et sous-produits animaux, sous-produits d\u2019origine v\u00e9g\u00e9tale, huiles et graisses, substances min\u00e9rales, poissons et sous-produits de poissons (dont cabillaud 4% \u00e0 partir de cabillaud d\u00e9shydrat\u00e9 dans les croquettes au cabillaud, saumon 4% \u00e0 partir de saumon d\u00e9shydrat\u00e9 dans les croquettes au saumon), extraits de prot\u00e9ines v\u00e9g\u00e9tales, levures, l\u00e9gumes (dont carottes 4% \u00e0 partir de carottes d\u00e9shydrat\u00e9es dans les croquettes aux carottes, l\u00e9gumes verts 4% dans les croquettes aux l\u00e9gumes verts).<\/p>\n<p>&nbsp;<\/p>\n","protected":false},"excerpt":{"rendered":"<p>Croquette \u00e9conomique au saumon pour chat pas cher avec un bon rapport qualit\u00e9 prix. &nbsp; Composition: c\u00e9r\u00e9ales, viandes et sous-produits animaux, sous-produits d\u2019origine v\u00e9g\u00e9tale, huiles et graisses, substances min\u00e9rales, poissons et sous-produits de poissons (dont cabillaud 4% \u00e0 partir de cabillaud d\u00e9shydrat\u00e9 dans les croquettes au cabillaud, saumon 4% \u00e0 partir de saumon d\u00e9shydrat\u00e9 dans [&#8230;]\n","protected":false},"featured_media":16214,"template":"","meta":{"jetpack_publicize_message":"","jetpack_publicize_feature_enabled":true,"jetpack_social_post_already_shared":true,"jetpack_social_options":{"image_generator_settings":{"template":"highway","default_image_id":0,"font":"","enabled":false},"version":2}},"product_brand":[],"product_cat":[40],"product_tag":[],"class_list":{"0":"post-16213","1":"product","2":"type-product","3":"status-publish","4":"has-post-thumbnail","6":"product_cat-coquettes-pour-chat","8":"first","9":"instock","10":"taxable","11":"shipping-taxable","12":"purchasable","13":"product-type-variable"},"supplier_id":5592,"supplier_sku":"","barcode":null,"atum_controlled":true,"out_stock_date":null,"out_stock_threshold":null,"inheritable":true,"inbound_stock":0,"stock_on_hold":5,"sold_today":0,"sales_last_days":3,"reserved_stock":0,"customer_returns":0,"warehouse_damage":0,"lost_in_post":0,"other_logs":0,"out_stock_days":0,"lost_sales":0,"has_location":false,"update_date":"2026-04-29T13:08:38","atum_locations":[],"atum_stock_status":"instock","restock_status":false,"low_stock_amount":"","sales_update_date":"2026-04-28T00:14:46","calc_backorders":null,"jetpack_publicize_connections":[],"jetpack_sharing_enabled":true,"batches":[],"_links":{"self":[{"href":"https:\/\/petworld.ma\/index.php\/wp-json\/wp\/v2\/product\/16213","targetHints":{"allow":["GET"]}}],"collection":[{"href":"https:\/\/petworld.ma\/index.php\/wp-json\/wp\/v2\/product"}],"about":[{"href":"https:\/\/petworld.ma\/index.php\/wp-json\/wp\/v2\/types\/product"}],"wp:featuredmedia":[{"embeddable":true,"href":"https:\/\/petworld.ma\/index.php\/wp-json\/wp\/v2\/media\/16214"}],"wp:attachment":[{"href":"https:\/\/petworld.ma\/index.php\/wp-json\/wp\/v2\/media?parent=16213"}],"wp:term":[{"taxonomy":"product_brand","embeddable":true,"href":"https:\/\/petworld.ma\/index.php\/wp-json\/wp\/v2\/product_brand?post=16213"},{"taxonomy":"product_cat","embeddable":true,"href":"https:\/\/petworld.ma\/index.php\/wp-json\/wp\/v2\/product_cat?post=16213"},{"taxonomy":"product_tag","embeddable":true,"href":"https:\/\/petworld.ma\/index.php\/wp-json\/wp\/v2\/product_tag?post=16213"}],"curies":[{"name":"wp","href":"https:\/\/api.w.org\/{rel}","templated":true}]}}