{"id":17353,"date":"2025-02-05T20:32:35","date_gmt":"2025-02-05T20:32:35","guid":{"rendered":"https:\/\/petworld.ma\/?post_type=product&#038;p=17353"},"modified":"2026-04-23T19:09:37","modified_gmt":"2026-04-23T19:09:37","slug":"jungle-lickable-treat-for-cat-cream-mix-914g","status":"publish","type":"product","link":"https:\/\/petworld.ma\/index.php\/produit\/jungle-lickable-treat-for-cat-cream-mix-914g\/","title":{"rendered":"Jungle Friandise Liquide pour Chat Cr\u00e8me Mix 9x14g"},"content":{"rendered":"<p>JUNGLE LICKABLE TREAT FOR CAT CREAM MIX 9*14 G JUNGLE LICKABLE TREAT FOR CAT CREAM\u00a0 est l\u2019un des produits populaires pour les chats. La cr\u00e8me glac\u00e9e est livr\u00e9e avec du poulet, du saumon et des tons emball\u00e9s et est vendue dans un emballage de 9 num\u00e9ros. En plus d\u2019\u00eatre d\u00e9licieuses, ces glaces contiennent des compos\u00e9s qui aident \u00e0 garder les chats en bonne sant\u00e9. Les compos\u00e9s utilis\u00e9s dans la cr\u00e8me glac\u00e9e pour chats jangal sont compos\u00e9s de prot\u00e9ines, de vitamines, de min\u00e9raux et d\u2019acides gras essentiels. Ces compos\u00e9s fournissent des besoins nutritionnels aux chats et les aident \u00e0 rester en bonne sant\u00e9. En outre, la pr\u00e9sence d\u2019acides gras essentiels dans la cr\u00e8me glac\u00e9e pour chats Jangal aide \u00e0 renforcer le syst\u00e8me immunitaire des chats et les rend r\u00e9sistants aux maladies et aux infections. Les diff\u00e9rentes saveurs de poulet, de saumon et de thon dans la cr\u00e8me glac\u00e9e pour chats Jangel offrent aux chats une vari\u00e9t\u00e9 de choix. Chaque chat peut pr\u00e9f\u00e9rer consommer un go\u00fbt particulier plus que d\u2019autres saveurs. Ces choix vari\u00e9s font que les chats aiment manger plus de cr\u00e8me glac\u00e9e et peuvent en consommer plus.<\/p>\n<div id=\"pg-w624d8191784ed-0\" class=\"panel-grid panel-has-style\">\n<div class=\"panel-row-style panel-row-style-for-w624d8191784ed-0\">\n<div id=\"pgc-w624d8191784ed-0-0\" class=\"panel-grid-cell\">\n<div id=\"panel-w624d8191784ed-0-0-0\" class=\"so-panel widget widget_sow-editor panel-first-child panel-last-child\" data-index=\"0\">\n<div class=\"so-widget-sow-editor so-widget-sow-editor-base\">\n<div class=\"siteorigin-widget-tinymce textwidget\">\n<h2 class=\"section-title\">INGR\u00c9DIENTS ET VALEURS D\u2019ANALYSE<\/h2>\n<div class=\"lead\"><\/div>\n<\/div>\n<\/div>\n<\/div>\n<\/div>\n<\/div>\n<\/div>\n<div id=\"pg-w624d8191784ed-1\" class=\"panel-grid panel-no-style\">\n<div id=\"pgc-w624d8191784ed-1-0\" class=\"panel-grid-cell\">\n<div id=\"panel-w624d8191784ed-1-0-0\" class=\"so-panel widget widget_sow-editor panel-first-child panel-last-child\" data-index=\"1\">\n<div class=\"so-widget-sow-editor so-widget-sow-editor-base\">\n<div class=\"siteorigin-widget-tinymce textwidget\">\n<h4>Il contient trois types de friandises liquides pour chats.<\/h4>\n<h4 class=\"entry-title\">G\u00e2terie liquide pour chat au poulet Jungle Cream<\/h4>\n<div class=\"entry-content\">\n<div class=\"entry-content\">\n<p>Ingr\u00e9dients : 32,8% de poulet, taurine, polyph\u00e9nol de th\u00e9.<br \/>\nVitamines : (A, B2, B3, B5, D3, E) 0,003%.<\/p>\n<\/div>\n<\/div>\n<div class=\"entry-content\">\n<h4 class=\"entry-title\">G\u00e2terie liquide pour chat au thon et aux crevettes Jungle Cream<\/h4>\n<p>Ingr\u00e9dients : 20,9 %, thon, 6,3 % crevettes, 4,2 % poulet, 2,7 % amidon, taurine, th\u00e9 Polyph\u00e9nols<br \/>\nVitamines : (A, B2, B3, B5, D3, E) 0,004 %.<\/p>\n<h4 class=\"entry-title\">Prix Jungle Cream Thon et Saumon Liquid Cat<\/h4>\n<p>Ingr\u00e9dients : 21% Thon, 6,3% Saumon, 4,2% Poulet, Taurine, Polyph\u00e9nol de th\u00e9, Huile de<br \/>\nlin Vitamines : (A, B2, B3, B5, D3, E) 0,004%.<\/p>\n<h4 class=\"entry-title\">Conseils nutritionnels<\/h4>\n<p>Ce produit est destin\u00e9 \u00e0 l\u2019alimentation des chats de plus de 3 mois. Donner 3 \u00e0 6 tubes par jour pour moins de 5 kg de poids corporel. Il est recommand\u00e9 de donner \u00e0 votre animal frais, entre les repas. Conserver dans un endroit frais et sec. Apr\u00e8s ouverture, conserver au r\u00e9frig\u00e9rateur et consommer dans les 2 jours.<\/p>\n<\/div>\n<\/div>\n<\/div>\n<\/div>\n<\/div>\n<\/div>\n","protected":false},"excerpt":{"rendered":"<h2>Explication<\/h2>\n<div id=\"pl-3273\" class=\"panel-layout\">\n<div id=\"pg-3273-0\" class=\"panel-grid panel-no-style\">\n<div id=\"pgc-3273-0-0\" class=\"panel-grid-cell\">\n<div id=\"panel-3273-0-0-0\" class=\"so-panel widget widget_sow-editor panel-first-child panel-last-child\" data-index=\"0\">\n<div class=\"so-widget-sow-editor so-widget-sow-editor-base\">\n<div class=\"siteorigin-widget-tinymce textwidget\">\n<h4 class=\"entry-title\">G\u00c2TERIES LIQUIDES POUR CHATS DE TOUTES RACES<\/h4>\n<h4 class=\"entry-title\">Avec la friandise liquide pour chats, qui est sp\u00e9cialement produite pour les chats, vous leur montrerez votre amiti\u00e9 et faciliterez en m\u00eame temps leur \u00e9ducation. Il est formul\u00e9 par des v\u00e9t\u00e9rinaires et des nutritionnistes selon les go\u00fbts des chats.<\/h4>\n<\/div>\n<\/div>\n<\/div>\n<\/div>\n<\/div>\n<\/div>\n","protected":false},"featured_media":17356,"template":"","meta":{"jetpack_publicize_message":"","jetpack_publicize_feature_enabled":true,"jetpack_social_post_already_shared":true,"jetpack_social_options":{"image_generator_settings":{"template":"highway","default_image_id":0,"font":"","enabled":false},"version":2}},"product_brand":[],"product_cat":[36,41],"product_tag":[],"class_list":{"0":"post-17353","1":"product","2":"type-product","3":"status-publish","4":"has-post-thumbnail","6":"product_cat-chat","7":"product_cat-friandises-et-pate-pour-chat","9":"first","10":"instock","11":"sale","12":"taxable","13":"shipping-taxable","14":"purchasable","15":"product-type-simple"},"supplier_id":30685,"supplier_sku":"JNGC-005","barcode":null,"atum_controlled":true,"out_stock_date":null,"out_stock_threshold":null,"inheritable":false,"inbound_stock":0,"stock_on_hold":0,"sold_today":0,"sales_last_days":11,"reserved_stock":0,"customer_returns":0,"warehouse_damage":0,"lost_in_post":0,"other_logs":0,"out_stock_days":0,"lost_sales":0,"has_location":false,"update_date":"2026-04-25T12:03:45","atum_locations":[],"atum_stock_status":"instock","restock_status":false,"low_stock_amount":48,"sales_update_date":"2026-04-25T12:03:44","calc_backorders":null,"jetpack_publicize_connections":[],"jetpack_sharing_enabled":true,"batches":[{"id":"1847","date_created":"2025-02-02 11:25:22","date_expiry":"2025-09-08 00:00:00","user_id":"2461","batch_number":"JUNGLELICKABLETREAT9*14G080925","location":"","quantity":"24.0000","quantity_available":"0.0000","units":"1","status":"archived","order_ids":"[17568]","supplier":"Casablanca","po":{"id":"1821","date_created":"2025-02-02 11:25:23","batch_id":"1847","po_number":"","supplier":"Casablanca","cost":null,"regular_price":null,"sale_price":null,"price_margin":null,"price_discount":null}},{"id":"1977","date_created":"2025-02-13 14:48:52","date_expiry":"2025-09-08 00:00:00","user_id":"2461","batch_number":"JUNGLELICKABLETREAT9*14G080925","location":"","quantity":"36.0000","quantity_available":"0.0000","units":"1","status":"archived","order_ids":"[17915]","supplier":"Casablanca","po":{"id":"1949","date_created":"2025-02-13 14:48:55","batch_id":"1977","po_number":"","supplier":"Casablanca","cost":null,"regular_price":null,"sale_price":null,"price_margin":null,"price_discount":null}},{"id":"4306","date_created":"2025-07-11 15:51:33","date_expiry":"2026-09-08 00:00:00","user_id":"2461","batch_number":"JUNGLELICKABLETREAT9*14G080926","location":"","quantity":"70.0000","quantity_available":"0.0000","units":"1","status":"archived","order_ids":"[24357,24368,24564,24806,24995,25052,25159,25211,25226,25269,25287,25296,25348,25444,25453,25537,25582,25587,25600,25675,25773,25816,25860,25883,25919,26030,26032,26070,26073,26087,26162,26164,26306,26311,26327,26341,26432,26451,26468,26476,26493,26500,26554,26566,26936]","supplier":"Casablanca","po":{"id":"4269","date_created":"2025-07-11 15:51:33","batch_id":"4306","po_number":"","supplier":"Casablanca","cost":null,"regular_price":null,"sale_price":null,"price_margin":null,"price_discount":null}},{"id":"4524","date_created":"2025-07-18 18:19:29","date_expiry":"2026-09-08 00:00:00","user_id":"2461","batch_number":"JUNGLELICKABLETREAT9*14G080926","location":"","quantity":"70.0000","quantity_available":"0.0000","units":"1","status":"archived","order_ids":"[26936,27126,27286,27421,28031,28093,28272,28517,28612,28649,28780,28855,28868,28901,28906,28908,28924,29050,29100,29276,29318,29484,29586,29662,29670,29781,29602,30044,30080,30188,30469]","supplier":"Casablanca","po":{"id":"4488","date_created":"2025-07-18 18:19:29","batch_id":"4524","po_number":"","supplier":"Casablanca","cost":null,"regular_price":null,"sale_price":null,"price_margin":null,"price_discount":null}},{"id":"6034","date_created":"2025-11-06 12:11:05","date_expiry":"2027-01-31 00:00:00","user_id":"2461","batch_number":"JUNGLELICKABLETREAT9*14G31012027","location":"","quantity":"24.0000","quantity_available":"0.0000","units":"1","status":"archived","order_ids":"[30469,30527,30581,30695,30723,30934,31029,31058,31065,31108,31482,31576,31635,31829,31918,31975,32008,32009,32714,32821,32883]","supplier":"Casablanca","po":{"id":"5978","date_created":"2025-11-06 12:11:05","batch_id":"6034","po_number":"","supplier":"Casablanca","cost":null,"regular_price":null,"sale_price":null,"price_margin":null,"price_discount":null}},{"id":"6827","date_created":"2025-12-22 11:54:36","date_expiry":"2027-07-30 00:00:00","user_id":"2461","batch_number":"JUNGLELICKABLETREAT9*14G30072027","location":"","quantity":"3.0000","quantity_available":"0.0000","units":"1","status":"archived","order_ids":"[32648]","supplier":"Casablanca","po":{"id":"6773","date_created":"2025-12-22 11:54:37","batch_id":"6827","po_number":"","supplier":"Casablanca","cost":null,"regular_price":null,"sale_price":null,"price_margin":null,"price_discount":null}},{"id":"7007","date_created":"2025-12-31 09:25:21","date_expiry":"2027-01-09 00:00:00","user_id":"2461","batch_number":"JUNGLELICKABLETREAT9*14G09012027","location":"","quantity":"36.0000","quantity_available":"0.0000","units":"1","status":"archived","order_ids":"[32965,32972,33093,33129,33219,33586,33778,33896,33947,34008,34074,34101]","supplier":"Casablanca","po":{"id":"6946","date_created":"2025-12-31 09:25:21","batch_id":"7007","po_number":"","supplier":"Casablanca","cost":null,"regular_price":null,"sale_price":null,"price_margin":null,"price_discount":null}},{"id":"8216","date_created":"2026-03-13 09:56:55","date_expiry":"2027-01-09 00:00:00","user_id":"2461","batch_number":"JUNGLELICKABLETREAT9*14G09012027","location":"","quantity":"216.0000","quantity_available":"162.0000","units":"1","status":"active","order_ids":"[37547,37661,37707,37730,37896,37919,38211,38303,38316,38379,38507,38585,38698,38966,39151,39159,39168,39198,39430,39552,39711,39950,40645,40646]","supplier":"PETLINE","po":{"id":"8154","date_created":"2026-03-13 09:56:55","batch_id":"8216","po_number":"","supplier":"PETLINE","cost":null,"regular_price":null,"sale_price":null,"price_margin":null,"price_discount":null}}],"_links":{"self":[{"href":"https:\/\/petworld.ma\/index.php\/wp-json\/wp\/v2\/product\/17353","targetHints":{"allow":["GET"]}}],"collection":[{"href":"https:\/\/petworld.ma\/index.php\/wp-json\/wp\/v2\/product"}],"about":[{"href":"https:\/\/petworld.ma\/index.php\/wp-json\/wp\/v2\/types\/product"}],"wp:featuredmedia":[{"embeddable":true,"href":"https:\/\/petworld.ma\/index.php\/wp-json\/wp\/v2\/media\/17356"}],"wp:attachment":[{"href":"https:\/\/petworld.ma\/index.php\/wp-json\/wp\/v2\/media?parent=17353"}],"wp:term":[{"taxonomy":"product_brand","embeddable":true,"href":"https:\/\/petworld.ma\/index.php\/wp-json\/wp\/v2\/product_brand?post=17353"},{"taxonomy":"product_cat","embeddable":true,"href":"https:\/\/petworld.ma\/index.php\/wp-json\/wp\/v2\/product_cat?post=17353"},{"taxonomy":"product_tag","embeddable":true,"href":"https:\/\/petworld.ma\/index.php\/wp-json\/wp\/v2\/product_tag?post=17353"}],"curies":[{"name":"wp","href":"https:\/\/api.w.org\/{rel}","templated":true}]}}