{"id":17635,"date":"2025-02-09T21:12:06","date_gmt":"2025-02-09T21:12:06","guid":{"rendered":"https:\/\/petworld.ma\/?post_type=product&#038;p=17635"},"modified":"2026-05-07T21:55:14","modified_gmt":"2026-05-07T21:55:14","slug":"reflex-plus-salmon-adult-cat-food-1-5kg-15kg","status":"publish","type":"product","link":"https:\/\/petworld.ma\/index.php\/produit\/reflex-plus-salmon-adult-cat-food-1-5kg-15kg\/","title":{"rendered":"Reflex Plus Salmon Adult Cat Food 1.5kg | 15kg"},"content":{"rendered":"<p>&nbsp;<\/p>\n<p><img decoding=\"async\" class=\"alignnone size-medium wp-image-17641\" src=\"https:\/\/petworld.ma\/wp-content\/uploads\/2025\/02\/Capture-decran-2025-02-07-210859-300x79.png\" alt=\"\" width=\"300\" height=\"79\" srcset=\"https:\/\/petworld.ma\/wp-content\/uploads\/2025\/02\/Capture-decran-2025-02-07-210859-300x79.png 300w, https:\/\/petworld.ma\/wp-content\/uploads\/2025\/02\/Capture-decran-2025-02-07-210859-510x135.png 510w, https:\/\/petworld.ma\/wp-content\/uploads\/2025\/02\/Capture-decran-2025-02-07-210859.png 730w\" sizes=\"(max-width: 300px) 100vw, 300px\" \/><\/p>\n<p>&nbsp;<\/p>\n<p>La nourriture pour chats adultes Reflex Plus au saumon est une nourriture pour chats de qualit\u00e9 sup\u00e9rieure formul\u00e9e pour toutes les races de chats de plus de 12 mois. Elle pr\u00e9sente une d\u00e9licieuse saveur de saumon qui pla\u00eet aux papilles des chats et est riche en vitamines, min\u00e9raux, pr\u00e9biotiques et antioxydants pour une alimentation compl\u00e8te et \u00e9quilibr\u00e9e.<\/p>\n<p>Lors de la transition entre l&rsquo;\u00e2ge de chaton et l&rsquo;\u00e2ge adulte, les chats subissent des changements physiologiques. En raison d&rsquo;un m\u00e9tabolisme ralenti, d&rsquo;une activit\u00e9 physique r\u00e9duite li\u00e9e au vieillissement et de changements hormonaux, leur corps devient plus sujet \u00e0 la prise de poids.<\/p>\n<p>L&rsquo;aliment pour chats adultes Reflex Plus au saumon poss\u00e8de une formule unique avec un profil nutritionnel complet et \u00e9quilibr\u00e9, fournissant tous les nutriments essentiels dont les chats adultes ont besoin dans leur vie quotidienne. Il aide \u00e0 maintenir un poids sant\u00e9 et soutient les fonctions corporelles.<\/p>\n<p><strong>Informations sur le contenu et valeurs d&rsquo;analyse<\/strong><\/p>\n<p><strong>Ingr\u00e9dients :\u00a0<\/strong>\u00a0Prot\u00e9ines de saumon hydrolys\u00e9es, Prot\u00e9ines animales (d\u00e9shydrat\u00e9es), Ma\u00efs, Graisse de poulet, Riz, Pulpe de betterave, Prot\u00e9ines de poisson hydrolys\u00e9es, Vitamines et min\u00e9raux, Huile de saumon, xylooligosaccharides (XOS), Levure de bi\u00e8re, Sel, Yucca schidigera, Conservateurs &#8211; antioxydants (E320 &amp; E321).<\/p>\n<p><strong>Min\u00e9raux\u00a0:<\/strong>\u00a0Demir (3B103) \u0130yot (3B202) Bak\u0131r (3B405) Manganez (3B502) \u00c7inko (3B603) Selenyum (3B802)<\/p>\n<p><strong>Vitamines\u00a0:<\/strong>\u00a0Vitamine A (3A672A) 18\u00a0000 UI\/kgVitamine D3 (3A671) 1\u00a0500 UI\/kgVitamine E (3A700) 200 mg\/kgVitamine C (3A300) 200 mg\/kgVitamine B1 (3A821) Vitamine B2 B3 (Niasin-3A315) B7 (Biotine-3A880) B9 (Folik Asit-3A316) Vitamine B12 Kolin (3A890) Vitamine K3 (3A710) Kalsiyum pantotenat Taurin (3A370) 1 500 mg\/kg<\/p>\n<h2 class=\"hdr -upp -fs14 -m -pam\"><strong>Recommandations nutritionnelles<\/strong><\/h2>\n<p>Quantit\u00e9 journali\u00e8re recommand\u00e9e (gramme par jour) en fonction du poids corporel (kg) et de la silhouette du chat (A-Maigre, B-Normal ou C-Surpoids), voir tableau.<\/p>\n<p>\u2022La ration quotidienne peut varier en fonction de la temp\u00e9rature ambiante, du mode de vie du chat (int\u00e9rieur-ext\u00e9rieur), de son temp\u00e9rament et de son activit\u00e9.<\/p>\n<p>\u2022 Afin d\u2019assurer le poids corporel id\u00e9al de votre chat, pesez la quantit\u00e9 de nourriture.<\/p>\n<p>\u2022 Pour fournir les bonnes portions, \u00e9valuez l\u2019app\u00e9tit de votre chat, son apparence visuelle et ses selles.<\/p>\n<p>\u2022 Le passage d\u2019un aliment \u00e0 un autre doit se faire progressivement en m\u00e9langeant de petites quantit\u00e9s des deux aliments sur une p\u00e9riode d\u2019une semaine.<\/p>\n<p>\u2022 Gardez toujours de l\u2019eau fra\u00eeche \u00e0 disposition.<\/p>\n<p>\u2022 Conservez le produit dans un endroit sec et frais et assurez-vous que le sac alimentaire est bien ferm\u00e9 apr\u00e8s chaque repas.<\/p>\n<p>\u2022 Num\u00e9ro de lot, num\u00e9ro d\u2019enregistrement d\u2019usine et date de p\u00e9remption, voir l\u2019emballage.<\/p>\n<table width=\"482\">\n<tbody>\n<tr>\n<td width=\"233\">Composants nutritifs<\/td>\n<td width=\"249\"><\/td>\n<\/tr>\n<tr>\n<td width=\"233\">Prot\u00e9ine brute<\/td>\n<td width=\"249\">32%<\/td>\n<\/tr>\n<tr>\n<td width=\"233\">Mati\u00e8res grasses brutes<\/td>\n<td width=\"249\">15%<\/td>\n<\/tr>\n<tr>\n<td width=\"233\">Cendres brutes<\/td>\n<td width=\"249\">8%<\/td>\n<\/tr>\n<tr>\n<td width=\"233\">Cellulose brute (fibre)<\/td>\n<td width=\"249\">2%<\/td>\n<\/tr>\n<\/tbody>\n<\/table>\n<p>&nbsp;<\/p>\n<table width=\"482\">\n<tbody>\n<tr>\n<td width=\"233\">Compl\u00e9ments alimentaires<\/td>\n<td width=\"249\"><\/td>\n<\/tr>\n<tr>\n<td width=\"233\">Vitamine A (3A672)<\/td>\n<td>18 000 UI\/kg<\/td>\n<\/tr>\n<tr>\n<td width=\"233\">Vitamine D3 (3A671)<\/td>\n<td>1 500 UI\/kg<\/td>\n<\/tr>\n<tr>\n<td width=\"233\">Vitamine E (3A700)<\/td>\n<td>200 mg\/kg<\/td>\n<\/tr>\n<tr>\n<td width=\"233\">Vitamine C (3A300)<\/td>\n<td>200 mg\/kg<\/td>\n<\/tr>\n<tr>\n<td width=\"233\">Taurine (3A370)<\/td>\n<td>1 500 mg\/kg<\/td>\n<\/tr>\n<\/tbody>\n<\/table>\n<div class=\"markup -pam\">\n<h2 class=\"hdr -upp -fs14 -m -pam\"><strong>Descriptif technique<\/strong><\/h2>\n<ul class=\"-pvs -mvxs -phm -lsn\">\n<li class=\"-pvxs\"><span class=\"-b\">Gamme de produits<\/span>: Saumon<\/li>\n<li class=\"-pvxs\"><span class=\"-b\">Mod\u00e8le<\/span>: reflex turc<\/li>\n<li class=\"-pvxs\"><span class=\"-b\">Pays de production<\/span>: Turkey<\/li>\n<li class=\"-pvxs\"><span class=\"-b\">Taille (Longueur x Largeur x Hauteur cm)<\/span>: 43<\/li>\n<li class=\"-pvxs\"><span class=\"-b\">Poids (kg)<\/span>: 15<\/li>\n<li class=\"-pvxs\"><span class=\"-b\">Couleur<\/span>: bleu<\/li>\n<li class=\"-pvxs\"><span class=\"-b\">Mati\u00e8re principale<\/span>: Croquette<\/li>\n<\/ul>\n<\/div>\n","protected":false},"excerpt":{"rendered":"<p>&nbsp; &nbsp; La nourriture pour chats adultes Reflex Plus au saumon est une nourriture pour chats de qualit\u00e9 sup\u00e9rieure formul\u00e9e pour toutes les races de chats de plus de 12 mois. Elle pr\u00e9sente une d\u00e9licieuse saveur de saumon qui pla\u00eet aux papilles des chats et est riche en vitamines, min\u00e9raux, pr\u00e9biotiques et antioxydants pour une [&#8230;]\n","protected":false},"featured_media":19503,"template":"","meta":{"jetpack_publicize_message":"","jetpack_publicize_feature_enabled":true,"jetpack_social_post_already_shared":true,"jetpack_social_options":{"image_generator_settings":{"template":"highway","default_image_id":0,"font":"","enabled":false},"version":2}},"product_brand":[],"product_cat":[37,36,40],"product_tag":[],"class_list":{"0":"post-17635","1":"product","2":"type-product","3":"status-publish","4":"has-post-thumbnail","6":"product_cat-aliments-pour-chat","7":"product_cat-chat","8":"product_cat-coquettes-pour-chat","10":"first","11":"instock","12":"taxable","13":"shipping-taxable","14":"purchasable","15":"product-type-variable"},"supplier_id":5592,"supplier_sku":"","barcode":null,"atum_controlled":true,"out_stock_date":null,"out_stock_threshold":null,"inheritable":true,"inbound_stock":0,"stock_on_hold":1,"sold_today":0,"sales_last_days":1,"reserved_stock":0,"customer_returns":0,"warehouse_damage":0,"lost_in_post":0,"other_logs":0,"out_stock_days":0,"lost_sales":0,"has_location":false,"update_date":"2026-05-08T14:35:30","atum_locations":[],"atum_stock_status":"instock","restock_status":false,"low_stock_amount":"","sales_update_date":"2026-05-07T00:19:44","calc_backorders":null,"jetpack_publicize_connections":[],"jetpack_sharing_enabled":true,"batches":[],"_links":{"self":[{"href":"https:\/\/petworld.ma\/index.php\/wp-json\/wp\/v2\/product\/17635","targetHints":{"allow":["GET"]}}],"collection":[{"href":"https:\/\/petworld.ma\/index.php\/wp-json\/wp\/v2\/product"}],"about":[{"href":"https:\/\/petworld.ma\/index.php\/wp-json\/wp\/v2\/types\/product"}],"wp:featuredmedia":[{"embeddable":true,"href":"https:\/\/petworld.ma\/index.php\/wp-json\/wp\/v2\/media\/19503"}],"wp:attachment":[{"href":"https:\/\/petworld.ma\/index.php\/wp-json\/wp\/v2\/media?parent=17635"}],"wp:term":[{"taxonomy":"product_brand","embeddable":true,"href":"https:\/\/petworld.ma\/index.php\/wp-json\/wp\/v2\/product_brand?post=17635"},{"taxonomy":"product_cat","embeddable":true,"href":"https:\/\/petworld.ma\/index.php\/wp-json\/wp\/v2\/product_cat?post=17635"},{"taxonomy":"product_tag","embeddable":true,"href":"https:\/\/petworld.ma\/index.php\/wp-json\/wp\/v2\/product_tag?post=17635"}],"curies":[{"name":"wp","href":"https:\/\/api.w.org\/{rel}","templated":true}]}}