{"id":17668,"date":"2025-02-08T13:32:41","date_gmt":"2025-02-08T13:32:41","guid":{"rendered":"https:\/\/petworld.ma\/index.php\/produit\/oralade-advanced-gi-500-ml\/"},"modified":"2026-04-28T18:10:44","modified_gmt":"2026-04-28T18:10:44","slug":"oralade-advanced-gi-500-ml","status":"publish","type":"product","link":"https:\/\/petworld.ma\/index.php\/produit\/oralade-advanced-gi-500-ml\/","title":{"rendered":"Oralade Advanced GI+ 500 ML"},"content":{"rendered":"<div id=\"comp-lilf0cqk\" class=\"comp-lilf0cqk SPY_vo\">\n<div class=\"\" data-mesh-id=\"comp-lilf0cqkinlineContent\" data-testid=\"inline-content\">\n<div data-mesh-id=\"comp-lilf0cqkinlineContent-gridContainer\" data-testid=\"mesh-container-content\"><\/div>\n<\/div>\n<\/div>\n<div id=\"comp-lilfhgmj\" class=\"KaEeLN comp-lilfhgmj\">\n<ul>\n<li class=\"uYj0Sg wixui-box\" data-testid=\"container-bg\"><span style=\"color: #555555\">Chaud comme une soupe au poulet &#8211; <\/span><span style=\"color: #555555\">augmente encore l\u2019ar\u00f4me et l\u2019app\u00e9tence pour les mangeurs super difficiles. Assurez-vous simplement qu\u2019il ne fait pas trop chaud &#8211; juste en dessous de la temp\u00e9rature corporelle est recommand\u00e9 (36<\/span><span style=\"color: #555555\">\u00b0C)<\/span><\/li>\n<li class=\"uYj0Sg wixui-box\" data-testid=\"container-bg\">Congelez-le \u2013 <span style=\"color: #555555\">L\u2019oralade peut \u00eatre congel\u00e9e, sans effet sur sa qualit\u00e9 et sa fonction, jusqu\u2019\u00e0 12 mois, ce qui r\u00e9duit les d\u00e9chets si moins d\u2019une bouteille pleine est n\u00e9cessaire.<\/span><\/li>\n<li class=\"uYj0Sg wixui-box\" data-testid=\"container-bg\">La cong\u00e9lation de l\u2019Oralade dans des gla\u00e7ons est un r\u00e9gal pour aider \u00e0 maintenir l\u2019hydratation par temps chaud. Utilisez une peluche Oralade congel\u00e9e pour une g\u00e2terie z\u00e9ro calorie pour les animaux de compagnie suivant un r\u00e9gime restreint.<\/li>\n<li class=\"uYj0Sg wixui-box\" data-testid=\"container-bg\">Le produit v\u00e9t\u00e9rinaire de r\u00e9hydratation orale #1 au Royaume-Uni<\/li>\n<\/ul>\n<\/div>\n<div id=\"comp-lilfk687\" class=\"KaEeLN comp-lilfk687\">\n<div class=\"\" data-mesh-id=\"comp-lilfk687inlineContent\" data-testid=\"inline-content\">\n<div data-mesh-id=\"comp-lilfk687inlineContent-gridContainer\" data-testid=\"mesh-container-content\">\n<div id=\"comp-lilfk69b2\" class=\"HcOXKn c9GqVL QxJLC3 lq2cno comp-lilfk69b2 wixui-rich-text\" data-testid=\"richTextElement\">\n<div id=\"comp-lhfwcdxd\" class=\"HcOXKn c9GqVL QxJLC3 lq2cno comp-lhfwcdxd wixui-rich-text\" data-testid=\"richTextElement\">\n<p class=\"font_7 wixui-rich-text__text\"><span class=\"wixGuard wixui-rich-text__text\">\u200b<\/span><\/p>\n<p class=\"font_8 wixui-rich-text__text\"><span class=\"color_19 wixui-rich-text__text\"><span class=\"wixui-rich-text__text\">Oralade\u00ae GI+<\/span>\u00a0<span class=\"wixui-rich-text__text\">est un d\u00e9licieux support de r\u00e9hydratation orale au go\u00fbt naturel de poulet r\u00f4ti, pr\u00eat \u00e0 servir, pour chiens et chats, qui permet une absorption \u00e9quilibr\u00e9e de l\u2019eau, des \u00e9lectrolytes essentiels et des sucres simples.<\/span><\/span><\/p>\n<p class=\"font_8 wixui-rich-text__text\"><span class=\"wixui-rich-text__text\"><span class=\"color_19 wixui-rich-text__text\">Il est con\u00e7u pour fournir une hydratation rapide et efficace en harmonie avec les besoins naturels de l\u2019organisme, tout en comprenant des fibres pr\u00e9biotiques facilement digestibles et des acides amin\u00e9s fonctionnels pour fournir un soutien intestinal vital \u00e0 votre ami \u00e0 quatre pattes !<\/span><\/span><\/p>\n<p class=\"font_8 wixui-rich-text__text\"><span class=\"wixui-rich-text__text\"><span class=\"color_19 wixui-rich-text__text\">Ne contenant aucune mati\u00e8re grasse et seulement 1 % de prot\u00e9ines, Oralade GI+ ne n\u00e9cessite aucune digestion, est facilement absorb\u00e9 et peut \u00eatre utilis\u00e9 sans danger \u00e0 toutes les \u00e9tapes de la vie.<\/span><\/span><\/p>\n<\/div>\n<div id=\"comp-lilf6i5d\" class=\"HcOXKn c9GqVL QxJLC3 lq2cno comp-lilf6i5d wixui-rich-text\" data-testid=\"richTextElement\">\n<h3 class=\"font_3 wixui-rich-text__text\"><span class=\"color_23 wixui-rich-text__text\">Dextrose<\/span><\/h3>\n<\/div>\n<div id=\"comp-lilf6i5w\" class=\"HcOXKn c9GqVL QxJLC3 lq2cno comp-lilf6i5w wixui-rich-text\" data-testid=\"richTextElement\">\n<p class=\"font_7 wixui-rich-text__text\"><span class=\"wixui-rich-text__text\"><span class=\"color_19 wixui-rich-text__text\">Essentiellement, le glucose fournit de l\u2019\u00e9nergie simple. Il est essentiel dans les solutions de r\u00e9hydratation orale (SRO), lorsqu\u2019elles sont dans le bon rapport avec le sodium, d\u2019activer le syst\u00e8me de cotransport sodium-glucose. Cela optimise l\u2019absorption du sodium et de l\u2019eau pour une hydratation rapide. Il agit \u00e9galement comme une source d\u2019\u00e9nergie pour les cellules intestinales saines et aide \u00e0 inhiber les s\u00e9cr\u00e9tions gastriques.<\/span><\/span><\/p>\n<\/div>\n<div id=\"comp-lilf7iwl\" class=\"HcOXKn c9GqVL QxJLC3 lq2cno comp-lilf7iwl wixui-rich-text\" data-testid=\"richTextElement\">\n<h3 class=\"font_3 wixui-rich-text__text\"><span class=\"color_23 wixui-rich-text__text\">\u00c9lectrolytes : (Na) Sodium, (K) Chlorure de potassium (CL)<\/span><\/h3>\n<\/div>\n<div id=\"comp-lilf7ix3\" class=\"HcOXKn c9GqVL QxJLC3 lq2cno comp-lilf7ix3 wixui-rich-text\" data-testid=\"richTextElement\">\n<p class=\"font_7 wixui-rich-text__text\"><span class=\"wixui-rich-text__text\"><span class=\"color_19 wixui-rich-text__text\">Dans le rapport id\u00e9al, avec du dextrose, pour assurer l\u2019isotonie de l\u2019oralade. Favorise une hydratation normale chez les chiens et les chats et aide \u00e0 restaurer les d\u00e9s\u00e9quilibres \u00e9lectrolytiques caus\u00e9s par la perte de liquide.<\/span><\/span><\/p>\n<\/div>\n<div id=\"comp-lilf94c4\" class=\"HcOXKn c9GqVL QxJLC3 lq2cno comp-lilf94c4 wixui-rich-text\" data-testid=\"richTextElement\">\n<h3 class=\"font_3 wixui-rich-text__text\"><span class=\"color_23 wixui-rich-text__text\">Z\u00e9ro contre-indication<\/span><\/h3>\n<\/div>\n<div id=\"comp-lilf94cn\" class=\"HcOXKn c9GqVL QxJLC3 lq2cno comp-lilf94cn wixui-rich-text\" data-testid=\"richTextElement\">\n<p class=\"font_7 wixui-rich-text__text\"><span class=\"wixui-rich-text__text\"><span class=\"color_19 wixui-rich-text__text\">La formulation \u00e9quilibr\u00e9e de l\u2019Oralade la rend adapt\u00e9e \u00e0 toutes les conditions, chez toutes les esp\u00e8ces carnivores.<\/span><\/span><\/p>\n<h3 class=\"font_7 wixui-rich-text__text\"><span class=\"wixui-rich-text__text\"><span class=\"color_19 wixui-rich-text__text\">Comment \u00e7a marche :\u00a0<\/span><\/span><\/h3>\n<p class=\"font_7 wixui-rich-text__text\"><span class=\"wixui-rich-text__text\"><img decoding=\"async\" src=\"https:\/\/cdn.shopify.com\/s\/files\/1\/0550\/9854\/0170\/files\/gi_triple_function-1200x981.png?v=1725293264\" \/><\/span><\/p>\n<div id=\"comp-lhfwy9wi\" class=\"HcOXKn c9GqVL QxJLC3 lq2cno comp-lhfwy9wi wixui-rich-text\" data-testid=\"richTextElement\">\n<h3 class=\"font_3 wixui-rich-text__text\"><strong><span class=\"color_23 wixui-rich-text__text\">Triple fonction<\/span><\/strong><\/h3>\n<\/div>\n<div id=\"comp-lhfwyykb\" class=\"HcOXKn c9GqVL QxJLC3 lq2cno comp-lhfwyykb wixui-rich-text\" data-testid=\"richTextElement\">\n<p class=\"font_7 wixui-rich-text__text\"><span class=\"wixui-rich-text__text\">Aussi simple et facile que 1, 2, 3&#8230;<\/span><\/p>\n<p class=\"font_7 wixui-rich-text__text\"><span class=\"wixui-rich-text__text\"><span class=\"wixGuard wixui-rich-text__text\">\u200b<\/span><\/span><span style=\"text-decoration: underline\"><span class=\"wixui-rich-text__text\">1. PR\u00c9-HYDRATATION<\/span><\/span><\/p>\n<p class=\"font_8 wixui-rich-text__text\"><span class=\"wixui-rich-text__text\"><span class=\"color_19 wixui-rich-text__text\">Maintenir la sant\u00e9<\/span><\/span><span class=\"wixui-rich-text__text\"><span class=\"color_19 wixui-rich-text__text\">et la vitalit\u00e9 et utiliser pour une gestion proactive de l\u2019hydratation et une intervention pr\u00e9coce en cas d\u2019augmentation de la perte de liquide ou de diminution de l\u2019apport hydrique<\/span><\/span><span class=\"wixui-rich-text__text\"><span class=\"color_19 wixui-rich-text__text\">.<\/span><\/span><\/p>\n<p class=\"font_8 wixui-rich-text__text\"><span style=\"text-decoration: underline\"><span class=\"wixui-rich-text__text\">2. R\u00c9HYDRATATION<\/span><\/span><\/p>\n<p class=\"font_8 wixui-rich-text__text\"><span class=\"wixui-rich-text__text\"><span class=\"color_19 wixui-rich-text__text\">Corrigez l\u2019\u00e9quilibre hydrique et \u00e9lectrolytique et utilisez-le pour maintenir une hydratation optimale, m\u00eame pendant les p\u00e9riodes de troubles gastro-intestinaux.<\/span><\/span><\/p>\n<p class=\"font_8 wixui-rich-text__text\"><span style=\"text-decoration: underline\"><span class=\"wixui-rich-text__text\">3. SOUTIEN GASTRO-INTESTINAL MICRO-ENT\u00c9RAL<\/span><\/span><\/p>\n<p class=\"font_8 wixui-rich-text__text\"><span class=\"wixui-rich-text__text\"><span class=\"color_19 wixui-rich-text__text\">Soutenir la fonction intestinale et l\u2019utiliser chez les patients inapp\u00e9tissants ou anorexiques pour fournir une nutrition essentielle aux ent\u00e9rocytes, soutenant la fonction gastro-intestinale pour aider \u00e0 ouvrir la voie \u00e0 la nutrition ent\u00e9rale volontaire. La formulation unique contient des acides amin\u00e9s et des sucres simples pour soutenir les ent\u00e9rocytes, et des pr\u00e9biotiques pour favoriser un microbiome gastro-intestinal sain.<\/span><\/span><\/p>\n<h3 class=\"font_8 wixui-rich-text__text\"><span class=\"wixui-rich-text__text\">Guide d&rsquo;alimentation :\u00a0<\/span><\/h3>\n<p>&nbsp;<\/p>\n<table style=\"height: 571px\" width=\"863\">\n<tbody>\n<tr>\n<td><\/td>\n<td><\/td>\n<td><\/td>\n<td><\/td>\n<\/tr>\n<tr>\n<td>\n<h3 class=\"font_8 wixui-rich-text__text\"><span class=\"wixui-rich-text__text\">Utiliser<\/span><\/h3>\n<\/td>\n<td>\n<h3 class=\"font_8 wixui-rich-text__text\"><span class=\"wixui-rich-text__text\">Taille\/Poids<\/span><\/h3>\n<\/td>\n<td>\n<h3 class=\"font_8 wixui-rich-text__text\"><span class=\"wixui-rich-text__text\">ml\/kg par 24h<\/span><\/h3>\n<\/td>\n<td>\n<h3 class=\"font_8 wixui-rich-text__text\">Volume par 24heures (ml)<\/h3>\n<\/td>\n<\/tr>\n<tr>\n<td>\n<h3 class=\"font_8 wixui-rich-text__text\"><span class=\"wixui-rich-text__text\">R\u00e9hydratation Orale<\/span><\/h3>\n<\/td>\n<td>\n<div id=\"comp-lhfxpp7d\" class=\"HcOXKn c9GqVL QxJLC3 lq2cno comp-lhfxpp7d wixui-rich-text\" data-testid=\"richTextElement\">\n<p class=\"font_8 wixui-rich-text__text\"><span class=\"color_19 wixui-rich-text__text\">Chats\/Chatons\/Chiots\u00a0<span class=\"wixui-rich-text__text\">&lt;4kg<\/span><\/span><\/p>\n<\/div>\n<\/td>\n<td>\n<p class=\"font_8 wixui-rich-text__text\"><span class=\"wixui-rich-text__text\">50<\/span><\/p>\n<\/td>\n<td>\n<div id=\"comp-lhfxyu3t\" class=\"HcOXKn c9GqVL QxJLC3 lq2cno comp-lhfxyu3t wixui-rich-text\" data-testid=\"richTextElement\">\n<p class=\"font_8 wixui-rich-text__text\"><span class=\"color_19 wixui-rich-text__text\">&lt;200<\/span><\/p>\n<\/div>\n<\/td>\n<\/tr>\n<tr>\n<td>\n<h3 class=\"font_8 wixui-rich-text__text\"><span class=\"wixui-rich-text__text\">\u00a0<\/span><\/h3>\n<\/td>\n<td>\n<div id=\"comp-lhfxpp7d\" class=\"HcOXKn c9GqVL QxJLC3 lq2cno comp-lhfxpp7d wixui-rich-text\" data-testid=\"richTextElement\">\n<div id=\"comp-lhfxo40r\" class=\"HcOXKn c9GqVL QxJLC3 lq2cno comp-lhfxo40r wixui-rich-text\" data-testid=\"richTextElement\">\n<p class=\"font_8 wixui-rich-text__text\"><span class=\"color_19 wixui-rich-text__text\">Petits chiens\u00a0<span class=\"wixui-rich-text__text\">4 &#8211; 10kg<\/span><\/span><\/p>\n<\/div>\n<\/div>\n<\/td>\n<td>\n<p class=\"font_8 wixui-rich-text__text\"><span class=\"wixui-rich-text__text\">44<\/span><\/p>\n<\/td>\n<td>\n<div id=\"comp-lhfxyu3t\" class=\"HcOXKn c9GqVL QxJLC3 lq2cno comp-lhfxyu3t wixui-rich-text\" data-testid=\"richTextElement\">\n<div id=\"comp-lhfxoc0i\" class=\"KaEeLN comp-lhfxoc0i\">\n<div class=\"\" data-mesh-id=\"comp-lhfxoc0iinlineContent\" data-testid=\"inline-content\">\n<div data-mesh-id=\"comp-lhfxoc0iinlineContent-gridContainer\" data-testid=\"mesh-container-content\">\n<div id=\"comp-lhfxyu4a\" class=\"HcOXKn c9GqVL QxJLC3 lq2cno comp-lhfxyu4a wixui-rich-text\" data-testid=\"richTextElement\">\n<p class=\"font_8 wixui-rich-text__text\"><span class=\"color_19 wixui-rich-text__text\">200 &#8211; 450<\/span><\/p>\n<\/div>\n<\/div>\n<\/div>\n<\/div>\n<\/div>\n<\/td>\n<\/tr>\n<tr>\n<td>\n<h3 class=\"font_8 wixui-rich-text__text\"><span class=\"wixui-rich-text__text\">\u00a0<\/span><\/h3>\n<\/td>\n<td>\n<div id=\"comp-lhfxpp7d\" class=\"HcOXKn c9GqVL QxJLC3 lq2cno comp-lhfxpp7d wixui-rich-text\" data-testid=\"richTextElement\">\n<div id=\"comp-lhfxn9xx\" class=\"HcOXKn c9GqVL QxJLC3 lq2cno comp-lhfxn9xx wixui-rich-text\" data-testid=\"richTextElement\">\n<p class=\"font_8 wixui-rich-text__text\"><span class=\"color_19 wixui-rich-text__text\">Chiens de taille moyenne\u00a0<span class=\"wixui-rich-text__text\">10 &#8211; 25 kg<\/span><\/span><\/p>\n<\/div>\n<\/div>\n<\/td>\n<td>\n<div id=\"comp-lhfxu413\" class=\"HcOXKn c9GqVL QxJLC3 lq2cno comp-lhfxu413 wixui-rich-text\" data-testid=\"richTextElement\">\n<p class=\"font_8 wixui-rich-text__text\"><span class=\"color_19 wixui-rich-text__text\">33<\/span><\/p>\n<\/div>\n<\/td>\n<td>\n<div id=\"comp-lhfxyu3t\" class=\"HcOXKn c9GqVL QxJLC3 lq2cno comp-lhfxyu3t wixui-rich-text\" data-testid=\"richTextElement\">\n<div id=\"comp-lhfxyu4t\" class=\"HcOXKn c9GqVL QxJLC3 lq2cno comp-lhfxyu4t wixui-rich-text\" data-testid=\"richTextElement\">\n<p class=\"font_8 wixui-rich-text__text\"><span class=\"color_19 wixui-rich-text__text\">450 &#8211; 825<\/span><\/p>\n<\/div>\n<\/div>\n<\/td>\n<\/tr>\n<tr>\n<td>\n<h3 class=\"font_8 wixui-rich-text__text\"><span class=\"wixui-rich-text__text\">\u00a0<\/span><\/h3>\n<\/td>\n<td>\n<div id=\"comp-lhfxpp7d\" class=\"HcOXKn c9GqVL QxJLC3 lq2cno comp-lhfxpp7d wixui-rich-text\" data-testid=\"richTextElement\">\n<div id=\"comp-lhfxqkba\" class=\"HcOXKn c9GqVL QxJLC3 lq2cno comp-lhfxqkba wixui-rich-text\" data-testid=\"richTextElement\">\n<p class=\"font_8 wixui-rich-text__text\"><span class=\"color_19 wixui-rich-text__text\">Grands chiens\u00a0<span class=\"wixui-rich-text__text\">de 25 \u00e0 45 kg<\/span><\/span><\/p>\n<\/div>\n<\/div>\n<\/td>\n<td>\n<div id=\"comp-lhfxu431\" class=\"HcOXKn c9GqVL QxJLC3 lq2cno comp-lhfxu431 wixui-rich-text\" data-testid=\"richTextElement\">\n<p class=\"font_8 wixui-rich-text__text\"><span class=\"color_19 wixui-rich-text__text\">30<\/span><\/p>\n<\/div>\n<div id=\"comp-lhfxyu5b\" class=\"HcOXKn c9GqVL QxJLC3 lq2cno comp-lhfxyu5b wixui-rich-text\" data-testid=\"richTextElement\"><\/div>\n<\/td>\n<td>\n<div id=\"comp-lhfxyu3t\" class=\"HcOXKn c9GqVL QxJLC3 lq2cno comp-lhfxyu3t wixui-rich-text\" data-testid=\"richTextElement\">\n<div id=\"comp-lhfxqkaf\" class=\"KaEeLN comp-lhfxqkaf\">\n<div class=\"\" data-mesh-id=\"comp-lhfxqkafinlineContent\" data-testid=\"inline-content\">\n<div data-mesh-id=\"comp-lhfxqkafinlineContent-gridContainer\" data-testid=\"mesh-container-content\">\n<div id=\"comp-lhfxyu5b\" class=\"HcOXKn c9GqVL QxJLC3 lq2cno comp-lhfxyu5b wixui-rich-text\" data-testid=\"richTextElement\">\n<p class=\"font_8 wixui-rich-text__text\"><span class=\"color_19 wixui-rich-text__text\">825 &#8211; 1350<\/span><\/p>\n<\/div>\n<\/div>\n<\/div>\n<\/div>\n<div data-mesh-id=\"comp-lhfzngkd-rotated-wrapper\"><\/div>\n<\/div>\n<\/td>\n<\/tr>\n<tr>\n<td>\n<h3 class=\"font_8 wixui-rich-text__text\"><span class=\"wixui-rich-text__text\">\u00a0<\/span><\/h3>\n<\/td>\n<td>\n<div id=\"comp-lhfxpp7d\" class=\"HcOXKn c9GqVL QxJLC3 lq2cno comp-lhfxpp7d wixui-rich-text\" data-testid=\"richTextElement\">\n<div id=\"comp-lhfxrk7l\" class=\"HcOXKn c9GqVL QxJLC3 lq2cno comp-lhfxrk7l wixui-rich-text\" data-testid=\"richTextElement\">\n<p class=\"font_8 wixui-rich-text__text\"><span class=\"color_19 wixui-rich-text__text\">XL Chiens\u00a0<span class=\"wixui-rich-text__text\">45 &#8211; 60kg<\/span><\/span><\/p>\n<\/div>\n<\/div>\n<\/td>\n<td>\n<p class=\"font_8 wixui-rich-text__text\"><span class=\"wixui-rich-text__text\">26<\/span><\/p>\n<\/td>\n<td>\n<div id=\"comp-lhfxyu3t\" class=\"HcOXKn c9GqVL QxJLC3 lq2cno comp-lhfxyu3t wixui-rich-text\" data-testid=\"richTextElement\">\n<div id=\"comp-lhfxyu5r\" class=\"HcOXKn c9GqVL QxJLC3 lq2cno comp-lhfxyu5r wixui-rich-text\" data-testid=\"richTextElement\">\n<p class=\"font_8 wixui-rich-text__text\"><span class=\"color_19 wixui-rich-text__text\">1350 &#8211; 1560<\/span><\/p>\n<\/div>\n<\/div>\n<\/td>\n<\/tr>\n<\/tbody>\n<\/table>\n<p>&nbsp;<\/p>\n<p>Les valeurs ci-dessus sont bas\u00e9es sur les volumes des directives d\u2019entretien, les besoins r\u00e9els peuvent varier en fonction de l\u2019\u00e2ge, de la race et du niveau d\u2019activit\u00e9 de l\u2019animal. Les pertes de liquide suppl\u00e9mentaires\/continues doivent \u00e9galement \u00eatre prises en compte.\u00a0<span class=\"wixui-rich-text__text\">Nutrition micro-ent\u00e9rale par sonde d\u2019alimentation :<\/span>\u00a00,25 &#8211; 0,5 ml\/kg\/h pendant les heures 0 \u00e0 4 et augmentant de +50% toutes les 4 heures suivantes.<\/p>\n<h3>Informations Nutritionnelles :<\/h3>\n<div id=\"comp-lhfy8gxz\" class=\"HcOXKn c9GqVL QxJLC3 lq2cno comp-lhfy8gxz wixui-rich-text\" data-testid=\"richTextElement\">\n<h3 class=\"font_3 wixui-rich-text__text\"><span class=\"color_23 wixui-rich-text__text\">Ingr\u00e9dients<\/span><\/h3>\n<\/div>\n<div id=\"comp-lhfy94r2\" class=\"HcOXKn c9GqVL QxJLC3 lq2cno comp-lhfy94r2 wixui-rich-text\" data-testid=\"richTextElement\">\n<p class=\"font_8 wixui-rich-text__text\"><span class=\"wixui-rich-text__text\"><span class=\"color_19 wixui-rich-text__text\">Composition\u00a0:\u00a0<\/span><\/span><span class=\"wixui-rich-text__text\"><span class=\"color_19 wixui-rich-text__text\">Eau purifi\u00e9e, Dextrose Monohydrat\u00e9, Hydrolysat de foie de poulet (1,5%), Chlorure de sodium, Chlorure de potassium, Phosphate monosodique, Huiles et graisses v\u00e9g\u00e9tales, Ar\u00f4me naturel Sans citrates ni conservateurs<\/span><\/span><br class=\"wixui-rich-text__text\" \/><br class=\"wixui-rich-text__text\" \/><span class=\"wixui-rich-text__text\"><span class=\"color_19 wixui-rich-text__text\">Additifs\u00a0:\u00a0<\/span><\/span><span class=\"wixui-rich-text__text\"><span class=\"color_19 wixui-rich-text__text\">par kg : Additifs technologiques : Gomme de xanthane 1200mg, Fructo-oligosaccharide 1000mg, Additifs sensoriels : Glycine 4000mg, Glutamate monosodique 1200mg, L-Glutamique Acide 400mg<\/span><\/span><br class=\"wixui-rich-text__text\" \/><br class=\"wixui-rich-text__text\" \/><span class=\"wixui-rich-text__text\"><span class=\"color_19 wixui-rich-text__text\">Constituants analytiques :\u00a0<\/span><\/span><span class=\"wixui-rich-text__text\"><span class=\"color_19 wixui-rich-text__text\">Humidit\u00e9 96%, Prot\u00e9ines brutes 1%, Mati\u00e8re inorganique 0,5%, Fibres brutes 0,3%, Chlorure 0,2%, Mati\u00e8res grasses brutes 0,1%, Sodium 0,14%, Potassium 0,08%, Phosphore 0,027%, Calcium 0,006%, 14kcal\/100ml<\/span><\/span><\/p>\n<\/div>\n<\/div>\n<\/div>\n<\/div>\n<\/div>\n<\/div>\n<\/div>\n","protected":false},"excerpt":{"rendered":"<p>Chaud comme une soupe au poulet &#8211; augmente encore l\u2019ar\u00f4me et l\u2019app\u00e9tence pour les mangeurs super difficiles. Assurez-vous simplement qu\u2019il ne fait pas trop chaud &#8211; juste en dessous de la temp\u00e9rature corporelle est recommand\u00e9 (36\u00b0C) Congelez-le \u2013 L\u2019oralade peut \u00eatre congel\u00e9e, sans effet sur sa qualit\u00e9 et sa fonction, jusqu\u2019\u00e0 12 mois, ce qui [&#8230;]\n","protected":false},"featured_media":17667,"template":"","meta":{"jetpack_publicize_message":"","jetpack_publicize_feature_enabled":true,"jetpack_social_post_already_shared":true,"jetpack_social_options":{"image_generator_settings":{"template":"highway","default_image_id":0,"font":"","enabled":false},"version":2}},"product_brand":[],"product_cat":[218,219],"product_tag":[],"class_list":{"0":"post-17668","1":"product","2":"type-product","3":"status-publish","4":"has-post-thumbnail","6":"product_cat-complement-alimentaire","7":"product_cat-complement-alimentaire-hygiene-et-soins-pour-chat","9":"first","10":"instock","11":"sale","12":"taxable","13":"shipping-taxable","14":"purchasable","15":"product-type-simple"},"supplier_id":null,"supplier_sku":"","barcode":null,"atum_controlled":false,"out_stock_date":null,"out_stock_threshold":null,"inheritable":false,"inbound_stock":null,"stock_on_hold":0,"sold_today":0,"sales_last_days":0,"reserved_stock":null,"customer_returns":null,"warehouse_damage":null,"lost_in_post":null,"other_logs":null,"out_stock_days":0,"lost_sales":0,"has_location":false,"update_date":"2026-05-01T00:15:32","atum_locations":[],"atum_stock_status":"instock","restock_status":false,"low_stock_amount":2,"sales_update_date":"2026-05-01T00:15:32","calc_backorders":null,"jetpack_publicize_connections":[],"jetpack_sharing_enabled":true,"batches":[{"id":"1901","date_created":"2025-02-09 13:36:48","date_expiry":"2027-02-28 00:00:00","user_id":"2461","batch_number":"Oralade0227","location":"","quantity":"5.0000","quantity_available":"0.0000","units":"1","status":"archived","order_ids":"[18286]"},{"id":"2175","date_created":"2025-02-26 21:16:59","date_expiry":"2027-02-28 00:00:00","user_id":"2461","batch_number":"Oralade0227","location":"","quantity":"12.0000","quantity_available":"11.0000","units":"1","status":"active","order_ids":"[20411]"},{"id":"3490","date_created":"2025-05-19 08:47:32","date_expiry":"2027-02-28 00:00:00","user_id":"2461","batch_number":"Oralade0227","location":"","quantity":"6.0000","quantity_available":"2.0000","units":"1","status":"active","order_ids":"[22077,23310,23361]","supplier":"atlas veterinaire","po":{"id":"3457","date_created":"2025-05-19 08:47:32","batch_id":"3490","po_number":"","supplier":"atlas veterinaire","cost":null,"regular_price":null,"sale_price":null,"price_margin":null,"price_discount":null}}],"_links":{"self":[{"href":"https:\/\/petworld.ma\/index.php\/wp-json\/wp\/v2\/product\/17668","targetHints":{"allow":["GET"]}}],"collection":[{"href":"https:\/\/petworld.ma\/index.php\/wp-json\/wp\/v2\/product"}],"about":[{"href":"https:\/\/petworld.ma\/index.php\/wp-json\/wp\/v2\/types\/product"}],"wp:featuredmedia":[{"embeddable":true,"href":"https:\/\/petworld.ma\/index.php\/wp-json\/wp\/v2\/media\/17667"}],"wp:attachment":[{"href":"https:\/\/petworld.ma\/index.php\/wp-json\/wp\/v2\/media?parent=17668"}],"wp:term":[{"taxonomy":"product_brand","embeddable":true,"href":"https:\/\/petworld.ma\/index.php\/wp-json\/wp\/v2\/product_brand?post=17668"},{"taxonomy":"product_cat","embeddable":true,"href":"https:\/\/petworld.ma\/index.php\/wp-json\/wp\/v2\/product_cat?post=17668"},{"taxonomy":"product_tag","embeddable":true,"href":"https:\/\/petworld.ma\/index.php\/wp-json\/wp\/v2\/product_tag?post=17668"}],"curies":[{"name":"wp","href":"https:\/\/api.w.org\/{rel}","templated":true}]}}