{"id":17702,"date":"2025-02-09T12:38:41","date_gmt":"2025-02-09T12:38:41","guid":{"rendered":"https:\/\/petworld.ma\/?post_type=product&#038;p=17702"},"modified":"2026-05-03T13:25:51","modified_gmt":"2026-05-03T13:25:51","slug":"oralade-advanced-rf-330-ml","status":"publish","type":"product","link":"https:\/\/petworld.ma\/index.php\/produit\/oralade-advanced-rf-330-ml\/","title":{"rendered":"Oralade Advanced RF+ 330 ML"},"content":{"rendered":"<ul class=\"a-unordered-list a-vertical a-spacing-mini\">\n<li class=\"a-spacing-mini\"><span class=\"a-list-item\">Oralade RF Support est une solution pr\u00eate \u00e0 \u00eatre consomm\u00e9e pour une alimentation microent\u00e9rale et un soutien \u00e0 la r\u00e9hydratation orale chez les chats atteints de maladies intestinales aigu\u00ebs et de maladies r\u00e9nales chroniques (CKD). Avec une tr\u00e8s faible teneur en mati\u00e8res grasses et une faible teneur en prot\u00e9ines, Oralade RF est facile \u00e0 dig\u00e9rer.<\/span><\/li>\n<li class=\"a-spacing-mini\"><span class=\"a-list-item\">Oralade RF Support contient des liquides essentiels, des \u00e9lectrolytes, des acides amin\u00e9s fonctionnels et du glucose afin de favoriser une r\u00e9g\u00e9n\u00e9ration pr\u00e9coce des ent\u00e9rocytes. Une faible teneur en phosphore soulage les reins.<\/span><\/li>\n<li class=\"a-spacing-mini\"><span class=\"a-list-item\">Oralade RF Support contient \u00e9galement des acides amin\u00e9s fonctionnels de la taurine et de l&rsquo;arginine pour soutenir la sant\u00e9 des yeux, du c\u0153ur et du foie.<\/span><\/li>\n<li class=\"a-spacing-mini\"><span class=\"a-list-item\">Apr\u00e8s ouverture, veuillez utiliser le support Oralade RF dans les 72 \u00e9tudes. Peut \u00e9galement \u00eatre congel\u00e9 pour une utilisation ult\u00e9rieure comme gla\u00e7ons. Peut \u00eatre congel\u00e9 pendant 12 mois. Dur\u00e9e d&rsquo;alimentation recommand\u00e9e : 14 jours.<\/span><\/li>\n<li class=\"a-spacing-mini\"><span class=\"a-list-item\">Composition : eau d\u00e9min\u00e9ralis\u00e9e, dextros\u00e9mos\u00e9mylhydrate, chlorure de sodium, chlorure de potassium, phosphate de sodium, hydrolysat de foie de volaille<\/span><\/li>\n<\/ul>\n<p><strong style=\"font-size: 20.16px;color: #333333\">Descriptif technique:<\/strong><\/p>\n<div class=\"a-expander-content a-expander-extend-content\" data-expanded=\"true\">\n<div class=\"a-row a-expander-container a-expander-inline-container\">\n<div class=\"a-expander-content a-expander-section-content a-section-expander-inner\" data-expanded=\"true\">\n<table id=\"productDetails_techSpec_section_1\" class=\"a-keyvalue prodDetTable\" role=\"presentation\">\n<tbody>\n<tr>\n<th class=\"a-color-secondary a-size-base prodDetSectionEntry\">Fabricant<\/th>\n<td class=\"a-size-base prodDetAttrValue\">\u200eOralade<\/td>\n<\/tr>\n<tr>\n<th class=\"a-color-secondary a-size-base prodDetSectionEntry\">Dimensions du colis<\/th>\n<td class=\"a-size-base prodDetAttrValue\">\u200e17.9 x 5.3 x 5.2 centim\u00e8tres<\/td>\n<\/tr>\n<tr>\n<th class=\"a-color-secondary a-size-base prodDetSectionEntry\">Dimensions de l&rsquo;article L\u00a0x\u00a0l\u00a0x\u00a0H<\/th>\n<td class=\"a-size-base prodDetAttrValue\">\u200e6.2 x 6.2 x 20.2 centim\u00e8tres<\/td>\n<\/tr>\n<tr>\n<th class=\"a-color-secondary a-size-base prodDetSectionEntry\">Marque<\/th>\n<td class=\"a-size-base prodDetAttrValue\">\u200eoralade<\/td>\n<\/tr>\n<tr>\n<th class=\"a-color-secondary a-size-base prodDetSectionEntry\">Format<\/th>\n<td class=\"a-size-base prodDetAttrValue\">\u200eLiquide<\/td>\n<\/tr>\n<tr>\n<th class=\"a-color-secondary a-size-base prodDetSectionEntry\">Caract\u00e9ristiques sp\u00e9ciales<\/th>\n<td class=\"a-size-base prodDetAttrValue\">\u200eFacile \u00e0 utiliser, Verrouillable<\/td>\n<\/tr>\n<tr>\n<th class=\"a-color-secondary a-size-base prodDetSectionEntry\">Public cible<\/th>\n<td class=\"a-size-base prodDetAttrValue\">\u200eChat<\/td>\n<\/tr>\n<tr>\n<th class=\"a-color-secondary a-size-base prodDetSectionEntry\">Num\u00e9ro du mod\u00e8le de l&rsquo;article<\/th>\n<td class=\"a-size-base prodDetAttrValue\">\u200e28267<\/td>\n<\/tr>\n<tr>\n<th class=\"a-color-secondary a-size-base prodDetSectionEntry\">Dimensions du produit (L x l x h)<\/th>\n<td class=\"a-size-base prodDetAttrValue\">\u200e6,2 x 6,2 x 20,2 cm; 99,79 grammes<\/td>\n<\/tr>\n<tr>\n<th class=\"a-color-secondary a-size-base prodDetSectionEntry\">ASIN<\/th>\n<td class=\"a-size-base prodDetAttrValue\">\u200eB073S6SXF7<\/td>\n<\/tr>\n<\/tbody>\n<\/table>\n<\/div>\n<\/div>\n<\/div>\n","protected":false},"excerpt":{"rendered":"<p>Oralade RF Support est une solution pr\u00eate \u00e0 \u00eatre consomm\u00e9e pour une alimentation microent\u00e9rale et un soutien \u00e0 la r\u00e9hydratation orale chez les chats atteints de maladies intestinales aigu\u00ebs et de maladies r\u00e9nales chroniques (CKD). Avec une tr\u00e8s faible teneur en mati\u00e8res grasses et une faible teneur en prot\u00e9ines, Oralade RF est facile \u00e0 dig\u00e9rer. [&#8230;]\n","protected":false},"featured_media":17703,"template":"","meta":{"jetpack_publicize_message":"","jetpack_publicize_feature_enabled":true,"jetpack_social_post_already_shared":true,"jetpack_social_options":{"image_generator_settings":{"template":"highway","default_image_id":0,"font":"","enabled":false},"version":2}},"product_brand":[],"product_cat":[219],"product_tag":[],"class_list":{"0":"post-17702","1":"product","2":"type-product","3":"status-publish","4":"has-post-thumbnail","6":"product_cat-complement-alimentaire-hygiene-et-soins-pour-chat","8":"first","9":"instock","10":"sale","11":"taxable","12":"shipping-taxable","13":"purchasable","14":"product-type-simple"},"supplier_id":null,"supplier_sku":"","barcode":null,"atum_controlled":false,"out_stock_date":null,"out_stock_threshold":null,"inheritable":false,"inbound_stock":null,"stock_on_hold":1,"sold_today":0,"sales_last_days":6,"reserved_stock":null,"customer_returns":null,"warehouse_damage":null,"lost_in_post":null,"other_logs":null,"out_stock_days":0,"lost_sales":0,"has_location":false,"update_date":"2026-05-07T00:16:43","atum_locations":[],"atum_stock_status":"instock","restock_status":false,"low_stock_amount":2,"sales_update_date":"2026-05-07T00:16:43","calc_backorders":null,"jetpack_publicize_connections":[],"jetpack_sharing_enabled":true,"batches":[{"id":"1902","date_created":"2025-02-09 13:37:40","date_expiry":"2027-05-31 00:00:00","user_id":"2461","batch_number":"Oralade0527","location":"","quantity":"6.0000","quantity_available":"0.0000","units":"1","status":"archived","order_ids":"[19215,19445,20077,21311,21814]"},{"id":"3489","date_created":"2025-05-19 08:45:50","date_expiry":"2027-05-31 00:00:00","user_id":"2461","batch_number":"Oralade0527","location":"","quantity":"23.0000","quantity_available":"0.0000","units":"1","status":"archived","order_ids":"[22252,23181,23341,23676,23966,26472,26661,26869,27911,29118,30029,30482,31238,35291,41043,41137]","supplier":"atlas veterinaire","po":{"id":"3456","date_created":"2025-05-19 08:45:51","batch_id":"3489","po_number":"","supplier":"atlas veterinaire","cost":null,"regular_price":null,"sale_price":null,"price_margin":null,"price_discount":null}},{"id":"9279","date_created":"2026-05-01 14:02:00","date_expiry":"2027-05-31 00:00:00","user_id":"2461","batch_number":"Oralade0527","location":"","quantity":"12.0000","quantity_available":"11.0000","units":"1","status":"active","order_ids":"[41268]","supplier":"atlas veterinaire","po":{"id":"9202","date_created":"2026-05-01 14:02:00","batch_id":"9279","po_number":"","supplier":"atlas veterinaire","cost":null,"regular_price":null,"sale_price":null,"price_margin":null,"price_discount":null}}],"_links":{"self":[{"href":"https:\/\/petworld.ma\/index.php\/wp-json\/wp\/v2\/product\/17702","targetHints":{"allow":["GET"]}}],"collection":[{"href":"https:\/\/petworld.ma\/index.php\/wp-json\/wp\/v2\/product"}],"about":[{"href":"https:\/\/petworld.ma\/index.php\/wp-json\/wp\/v2\/types\/product"}],"wp:featuredmedia":[{"embeddable":true,"href":"https:\/\/petworld.ma\/index.php\/wp-json\/wp\/v2\/media\/17703"}],"wp:attachment":[{"href":"https:\/\/petworld.ma\/index.php\/wp-json\/wp\/v2\/media?parent=17702"}],"wp:term":[{"taxonomy":"product_brand","embeddable":true,"href":"https:\/\/petworld.ma\/index.php\/wp-json\/wp\/v2\/product_brand?post=17702"},{"taxonomy":"product_cat","embeddable":true,"href":"https:\/\/petworld.ma\/index.php\/wp-json\/wp\/v2\/product_cat?post=17702"},{"taxonomy":"product_tag","embeddable":true,"href":"https:\/\/petworld.ma\/index.php\/wp-json\/wp\/v2\/product_tag?post=17702"}],"curies":[{"name":"wp","href":"https:\/\/api.w.org\/{rel}","templated":true}]}}