{"id":179,"date":"2022-12-16T10:43:26","date_gmt":"2022-12-16T10:43:26","guid":{"rendered":"http:\/\/petworld.ma\/?post_type=product&#038;p=179"},"modified":"2026-03-12T17:21:52","modified_gmt":"2026-03-12T17:21:52","slug":"shampoing-amplificateur-de-la-couleur-noir-300ml","status":"publish","type":"product","link":"https:\/\/petworld.ma\/index.php\/produit\/shampoing-amplificateur-de-la-couleur-noir-300ml\/","title":{"rendered":"Shampoing Amplificateur de la Couleur Noir (300ml)"},"content":{"rendered":"<p>Shampooing de haute qualit\u00e9 (300ml) pour chiens qui intensifie les couleurs noires, les nuances grises et fonc\u00e9es.<\/p>\n<p>Shampooing de haute qualit\u00e9 pour chiens qui intensifie les couleurs noires, les nuances grises et fonc\u00e9es. Les tensioactifs naturels de sa formule fournissent une mousse abondante et un meilleur rin\u00e7age, laissant la fourrure \/ le pelage doux et soyeux, offrant un parfum naturel de tr\u00e8s longue dur\u00e9e. En raison de ses tensioactifs doux et \u00e9cologiques, il convient \u00e0 un usage fr\u00e9quent et \u00e0 toutes sortes de fourrures \/ manteaux. PH adapt\u00e9.<\/p>\n<p><a href=\"https:\/\/wa.me\/212708052510\" target=\"_blank\" rel=\"noopener noreferrer\"><img loading=\"lazy\" decoding=\"async\" class=\"fr-fic fr-dib aligncenter\" src=\"https:\/\/cdn.youcan.shop\/stores\/d0742d556df94ddbc7ae4c9810aff04b\/others\/aE2LxkTRdND08IF1P7b5lQL78Blqje1ovLrdhytH.png\" width=\"288\" height=\"76\" data-name=\"stores\/d0742d556df94ddbc7ae4c9810aff04b\/others\/aE2LxkTRdND08IF1P7b5lQL78Blqje1ovLrdhytH.png\" \/><\/a><\/p>\n","protected":false},"excerpt":{"rendered":"<p>Shampooing de haute qualit\u00e9 (300ml) pour chiens qui intensifie les couleurs noires, les nuances grises et fonc\u00e9es. Shampooing de haute qualit\u00e9 pour chiens qui intensifie les couleurs noires, les nuances grises et fonc\u00e9es. Les tensioactifs naturels de sa formule fournissent une mousse abondante et un meilleur rin\u00e7age, laissant la fourrure \/ le pelage doux et [&#8230;]\n","protected":false},"featured_media":589,"template":"","meta":{"jetpack_publicize_message":"","jetpack_publicize_feature_enabled":true,"jetpack_social_post_already_shared":false,"jetpack_social_options":{"image_generator_settings":{"template":"highway","default_image_id":0,"font":"","enabled":false},"version":2}},"product_brand":[],"product_cat":[214],"product_tag":[],"class_list":{"0":"post-179","1":"product","2":"type-product","3":"status-publish","4":"has-post-thumbnail","6":"product_cat-parfums-shampoing","8":"first","9":"instock","10":"taxable","11":"shipping-taxable","12":"purchasable","13":"product-type-simple"},"supplier_id":5587,"supplier_sku":"7851","barcode":null,"atum_controlled":true,"out_stock_date":null,"out_stock_threshold":null,"inheritable":false,"inbound_stock":0,"stock_on_hold":0,"sold_today":0,"sales_last_days":0,"reserved_stock":0,"customer_returns":0,"warehouse_damage":0,"lost_in_post":0,"other_logs":0,"out_stock_days":0,"lost_sales":0,"has_location":false,"update_date":"2026-04-04T17:06:51","atum_locations":[],"atum_stock_status":"instock","restock_status":false,"low_stock_amount":10,"sales_update_date":"2026-04-04T17:06:51","calc_backorders":null,"jetpack_publicize_connections":[],"jetpack_sharing_enabled":true,"batches":[{"id":"7755","date_created":"2026-02-18 11:50:16","date_expiry":"2036-04-30 00:00:00","user_id":"2760","batch_number":"Shampoing Amplificateur de la Couleur Noir04\/2036","location":"","quantity":"1.0000","quantity_available":"0.0000","units":"1","status":"archived","order_ids":"[36251]","supplier":"ROYAL CANIN","po":{"id":"7691","date_created":"2026-02-18 11:50:17","batch_id":"7755","po_number":"","supplier":"ROYAL CANIN","cost":null,"regular_price":null,"sale_price":null,"price_margin":null,"price_discount":null}},{"id":"7858","date_created":"2026-02-22 12:51:28","date_expiry":"2036-04-30 00:00:00","user_id":"2760","batch_number":"Shampoing Amplificateur de la Couleur Noir04\/2036","location":"","quantity":"36.0000","quantity_available":"36.0000","units":"1","status":"active","order_ids":null,"supplier":"ROYAL CANIN","po":{"id":"7793","date_created":"2026-02-22 12:51:28","batch_id":"7858","po_number":"","supplier":"ROYAL CANIN","cost":null,"regular_price":null,"sale_price":null,"price_margin":null,"price_discount":null}}],"_links":{"self":[{"href":"https:\/\/petworld.ma\/index.php\/wp-json\/wp\/v2\/product\/179","targetHints":{"allow":["GET"]}}],"collection":[{"href":"https:\/\/petworld.ma\/index.php\/wp-json\/wp\/v2\/product"}],"about":[{"href":"https:\/\/petworld.ma\/index.php\/wp-json\/wp\/v2\/types\/product"}],"wp:featuredmedia":[{"embeddable":true,"href":"https:\/\/petworld.ma\/index.php\/wp-json\/wp\/v2\/media\/589"}],"wp:attachment":[{"href":"https:\/\/petworld.ma\/index.php\/wp-json\/wp\/v2\/media?parent=179"}],"wp:term":[{"taxonomy":"product_brand","embeddable":true,"href":"https:\/\/petworld.ma\/index.php\/wp-json\/wp\/v2\/product_brand?post=179"},{"taxonomy":"product_cat","embeddable":true,"href":"https:\/\/petworld.ma\/index.php\/wp-json\/wp\/v2\/product_cat?post=179"},{"taxonomy":"product_tag","embeddable":true,"href":"https:\/\/petworld.ma\/index.php\/wp-json\/wp\/v2\/product_tag?post=179"}],"curies":[{"name":"wp","href":"https:\/\/api.w.org\/{rel}","templated":true}]}}