{"id":18226,"date":"2025-02-23T19:49:22","date_gmt":"2025-02-23T19:49:22","guid":{"rendered":"https:\/\/petworld.ma\/?post_type=product&#038;p=18226"},"modified":"2026-03-12T16:49:43","modified_gmt":"2026-03-12T16:49:43","slug":"ownat-grain-free-prime-senior-poulet-et-dinde-12kg","status":"publish","type":"product","link":"https:\/\/petworld.ma\/index.php\/produit\/ownat-grain-free-prime-senior-poulet-et-dinde-12kg\/","title":{"rendered":"Ownat Grain Free Prime Senior +7 Poulet et Dinde 12Kg"},"content":{"rendered":"<p>Destin\u00e9 aux chiens \u00e0 compter de 7-8 ans. \u00c9labor\u00e9 avec 50% de viande fra\u00eeche de poulet de dinde, et un apport suppl\u00e9mentaire de sulfate de chondro\u00eftine et de glucosamine qui contribue \u00e0 maintenir la masse musculaire, les articulations et les cartilages en parfait \u00e9tat au cours du vieillissement.<\/p>\n<p><em><strong>Composition<\/strong><\/em><\/p>\n<p>Poulet frais* (min. 25% avant l&rsquo;extrusion), dinde fra\u00eeche* (min. 25% avant l&rsquo;extrusion), poulet d\u00e9shydrat\u00e9 (13%), petits pois entiers* (9%), racines de manioc* (7%), graisse de volaille (pr\u00e9serv\u00e9e avec des antioxydants naturels), poissons d\u00e9shydrat\u00e9s (anchois du P\u00e9rou, chinchard et maquereau), pomme de terre d\u00e9shydrat\u00e9e* (3%), \u0153uf d\u00e9shydrat\u00e9* (2%), porc d\u00e9shydrat\u00e9 (2%), levure de bi\u00e8re* (1%), pomme* (1%), gousse de caroube* (1%), pulpe de betterave, prot\u00e9ines de poulet hydrolys\u00e9es, graines de lin* (1%), huile de poisson (pr\u00e9serv\u00e9e avec des antioxydants naturels), luzerne d\u00e9shydrat\u00e9e*, sel gemme*, fructo-oligosaccharides et mannane-oligosaccharides, glucosamine (1 000 mg\/kg), algues marines d\u00e9shydrat\u00e9es* (500 mg\/kg), yucca schidigera, chondro\u00eftine sulfate (200 mg\/kg), airelles* (100 mg\/kg), thym* (80 mg\/kg), fleur de camomille* (80 mg\/kg), fenouil* (80 mg\/kg), \u00e9chinac\u00e9e* (80 mg\/kg), th\u00e9 vert* (80 mg\/kg). *Ingr\u00e9dients naturels<\/p>\n<p>&nbsp;<\/p>\n<p><em><strong>Composants analytiques<\/strong><\/em><\/p>\n<p>Prot\u00e9ines : 36%, teneur en mati\u00e8res grasses : 14%, cellulose brute : 4%, mati\u00e8re inorganique : 9%, humidit\u00e9 : 8%, om\u00e9ga 6 : 3,2%, om\u00e9ga 3 : 0,5%, calcium : 1,6%, phosphore : 1,1%.<\/p>\n<p><img decoding=\"async\" class=\"alignnone wp-image-18227 alignleft\" src=\"https:\/\/petworld.ma\/wp-content\/uploads\/2025\/02\/Capture-decran-2025-02-23-144912-300x151.png\" alt=\"\" width=\"161\" height=\"81\" srcset=\"https:\/\/petworld.ma\/wp-content\/uploads\/2025\/02\/Capture-decran-2025-02-23-144912-300x151.png 300w, https:\/\/petworld.ma\/wp-content\/uploads\/2025\/02\/Capture-decran-2025-02-23-144912.png 306w\" sizes=\"(max-width: 161px) 100vw, 161px\" \/><strong>COMPLET ET \u00c9QUILIBR\u00c9<\/strong><\/p>\n<p>\u00c9labor\u00e9es \u00e0 base d&rsquo;ingr\u00e9dients naturels et de viande fra\u00eeche, leurs formulations compl\u00e8tes et \u00e9quilibr\u00e9es, apportent, dans les proportions ad\u00e9quates, tous les composants nutritionnels essentiels, indispensables pour un bon d\u00e9veloppement et fonctionnement de l&rsquo;organisme de votre animal de compagnie.<\/p>\n<p>&nbsp;<\/p>\n<p><img decoding=\"async\" class=\"wp-image-18228 alignleft\" src=\"https:\/\/petworld.ma\/wp-content\/uploads\/2025\/02\/Capture-decran-2025-02-23-144932-300x136.png\" alt=\"\" width=\"155\" height=\"70\" srcset=\"https:\/\/petworld.ma\/wp-content\/uploads\/2025\/02\/Capture-decran-2025-02-23-144932-300x136.png 300w, https:\/\/petworld.ma\/wp-content\/uploads\/2025\/02\/Capture-decran-2025-02-23-144932.png 318w\" sizes=\"(max-width: 155px) 100vw, 155px\" \/><strong>SANS CONSERVATEURS NI<\/strong><br \/>\n<strong>COLORANTS<\/strong><\/p>\n<p>Nous avons remplac\u00e9 les conservateurs artificiels par des conservateurs naturels, des extraits d&rsquo;huiles v\u00e9g\u00e9tales et des plantes.<br \/>\nNous avons totalement \u00e9limin\u00e9 les colorants. Nos recettes n&rsquo;incluent aucun additif n&rsquo;apportant pas de valeur nutritionnelle au produit.<\/p>\n<p>&nbsp;<\/p>\n<p><img decoding=\"async\" class=\"wp-image-18229 alignleft\" src=\"https:\/\/petworld.ma\/wp-content\/uploads\/2025\/02\/Capture-decran-2025-02-23-144950-300x138.png\" alt=\"\" width=\"150\" height=\"69\" srcset=\"https:\/\/petworld.ma\/wp-content\/uploads\/2025\/02\/Capture-decran-2025-02-23-144950-300x138.png 300w, https:\/\/petworld.ma\/wp-content\/uploads\/2025\/02\/Capture-decran-2025-02-23-144950.png 329w\" sizes=\"(max-width: 150px) 100vw, 150px\" \/><strong>UN PROCESSUS D&rsquo;\u00c9LABORATION<\/strong><br \/>\n<strong>RESPECTUEUX<\/strong><\/p>\n<p>Nous utilisons la technologie la plus moderne qui nous permet de retenir au maximum les nutriments d&rsquo;origine des ingr\u00e9dients et d&rsquo;optimiser la digestibilit\u00e9 de nos produits.<\/p>\n","protected":false},"excerpt":{"rendered":"<p>Destin\u00e9 aux chiens \u00e0 compter de 7-8 ans. \u00c9labor\u00e9 avec 50% de viande fra\u00eeche de poulet de dinde, et un apport suppl\u00e9mentaire de sulfate de chondro\u00eftine et de glucosamine qui contribue \u00e0 maintenir la masse musculaire, les articulations et les cartilages en parfait \u00e9tat au cours du vieillissement.<\/p>\n","protected":false},"featured_media":18232,"template":"","meta":{"jetpack_publicize_message":"","jetpack_publicize_feature_enabled":true,"jetpack_social_post_already_shared":true,"jetpack_social_options":{"image_generator_settings":{"template":"highway","default_image_id":0,"font":"","enabled":false},"version":2}},"product_brand":[],"product_cat":[26],"product_tag":[],"class_list":{"0":"post-18226","1":"product","2":"type-product","3":"status-publish","4":"has-post-thumbnail","6":"product_cat-croquettes","8":"first","9":"instock","10":"taxable","11":"shipping-taxable","12":"purchasable","13":"product-type-simple"},"supplier_id":5595,"supplier_sku":"441","barcode":null,"atum_controlled":true,"out_stock_date":null,"out_stock_threshold":null,"inheritable":false,"inbound_stock":0,"stock_on_hold":0,"sold_today":0,"sales_last_days":0,"reserved_stock":0,"customer_returns":0,"warehouse_damage":0,"lost_in_post":0,"other_logs":0,"out_stock_days":0,"lost_sales":0,"has_location":false,"update_date":"2026-04-30T00:15:36","atum_locations":[],"atum_stock_status":"instock","restock_status":false,"low_stock_amount":2,"sales_update_date":"2026-04-30T00:15:35","calc_backorders":null,"jetpack_publicize_connections":[],"jetpack_sharing_enabled":true,"batches":[{"id":"2135","date_created":"2025-02-23 14:04:21","date_expiry":"2026-05-30 00:00:00","user_id":"2760","batch_number":"OWNATGFPRIMESENIORPouletetDinde12Kg0526","location":"","quantity":"3.0000","quantity_available":"0.0000","units":"1","status":"archived","order_ids":"[18435,18728,19745]","supplier":"Ownat","po":{"id":"2105","date_created":"2025-02-23 14:04:22","batch_id":"2135","po_number":"","supplier":"Ownat","cost":null,"regular_price":null,"sale_price":null,"price_margin":null,"price_discount":null}},{"id":"2705","date_created":"2025-04-04 23:59:28","date_expiry":"2026-05-30 00:00:00","user_id":"2760","batch_number":"OWNATGFPRIMESENIORPouletetDinde12Kg0526","location":"","quantity":"1.0000","quantity_available":"0.0000","units":"1","status":"archived","order_ids":"[22451]","supplier":"Ownat","po":{"id":"2673","date_created":"2025-04-04 23:59:29","batch_id":"2705","po_number":"","supplier":"Ownat","cost":null,"regular_price":null,"sale_price":null,"price_margin":null,"price_discount":null}},{"id":"3005","date_created":"2025-04-11 21:35:23","date_expiry":"2026-05-30 00:00:00","user_id":"2760","batch_number":"OWNATGFPRIMESENIORPouletetDinde12Kg0526","location":"","quantity":"1.0000","quantity_available":"0.0000","units":"1","status":"archived","order_ids":"[22885]","supplier":"Ownat","po":{"id":"2971","date_created":"2025-04-11 21:35:24","batch_id":"3005","po_number":"","supplier":"Ownat","cost":null,"regular_price":null,"sale_price":null,"price_margin":null,"price_discount":null}},{"id":"4290","date_created":"2025-07-08 20:55:23","date_expiry":"2026-11-30 00:00:00","user_id":"2760","batch_number":"OWNATGFPRIMESENIORPouletetDinde12Kg1126","location":"","quantity":"2.0000","quantity_available":"0.0000","units":"1","status":"archived","order_ids":"[25153,25282]","supplier":"Ownat","po":{"id":"4253","date_created":"2025-07-08 20:55:24","batch_id":"4290","po_number":"","supplier":"Ownat","cost":null,"regular_price":null,"sale_price":null,"price_margin":null,"price_discount":null}},{"id":"4643","date_created":"2025-08-01 08:44:24","date_expiry":"2026-11-30 00:00:00","user_id":"2760","batch_number":"OWNATGFPRIMESENIORPouletetDinde12Kg1126","location":"","quantity":"4.0000","quantity_available":"1.0000","units":"1","status":"active","order_ids":"[26764,30069,33221]","supplier":"Ownat","po":{"id":"4607","date_created":"2025-08-01 08:44:25","batch_id":"4643","po_number":"","supplier":"Ownat","cost":null,"regular_price":null,"sale_price":null,"price_margin":null,"price_discount":null}},{"id":"7137","date_created":"2026-01-13 09:45:37","date_expiry":"2026-11-30 00:00:00","user_id":"2760","batch_number":"OWNATGFPRIMESENIORPouletetDinde12Kg1126","location":"","quantity":"1.0000","quantity_available":"1.0000","units":"1","status":"active","order_ids":null,"supplier":"Ownat","po":{"id":"7073","date_created":"2026-01-13 09:45:38","batch_id":"7137","po_number":"","supplier":"Ownat","cost":null,"regular_price":null,"sale_price":null,"price_margin":null,"price_discount":null}}],"_links":{"self":[{"href":"https:\/\/petworld.ma\/index.php\/wp-json\/wp\/v2\/product\/18226","targetHints":{"allow":["GET"]}}],"collection":[{"href":"https:\/\/petworld.ma\/index.php\/wp-json\/wp\/v2\/product"}],"about":[{"href":"https:\/\/petworld.ma\/index.php\/wp-json\/wp\/v2\/types\/product"}],"wp:featuredmedia":[{"embeddable":true,"href":"https:\/\/petworld.ma\/index.php\/wp-json\/wp\/v2\/media\/18232"}],"wp:attachment":[{"href":"https:\/\/petworld.ma\/index.php\/wp-json\/wp\/v2\/media?parent=18226"}],"wp:term":[{"taxonomy":"product_brand","embeddable":true,"href":"https:\/\/petworld.ma\/index.php\/wp-json\/wp\/v2\/product_brand?post=18226"},{"taxonomy":"product_cat","embeddable":true,"href":"https:\/\/petworld.ma\/index.php\/wp-json\/wp\/v2\/product_cat?post=18226"},{"taxonomy":"product_tag","embeddable":true,"href":"https:\/\/petworld.ma\/index.php\/wp-json\/wp\/v2\/product_tag?post=18226"}],"curies":[{"name":"wp","href":"https:\/\/api.w.org\/{rel}","templated":true}]}}