{"id":18559,"date":"2025-03-03T10:07:01","date_gmt":"2025-03-03T10:07:01","guid":{"rendered":"https:\/\/petworld.ma\/?post_type=product&#038;p=18559"},"modified":"2026-03-12T16:50:02","modified_gmt":"2026-03-12T16:50:02","slug":"carnilove-cat-snack-crunchy-salmon-with-mint-saumon-50g","status":"publish","type":"product","link":"https:\/\/petworld.ma\/index.php\/produit\/carnilove-cat-snack-crunchy-salmon-with-mint-saumon-50g\/","title":{"rendered":"Carnilove Cat Snack Crunchy Salmon with Mint (Saumon) 50g"},"content":{"rendered":"<p><img decoding=\"async\" class=\"benefits_icon alignleft\" src=\"https:\/\/carnilove.com\/assets\/front\/images\/grain-free-potato-free.png\" width=\"100\" height=\"99\" \/>Une d\u00e9licieuse friandise \u00e0 base de saumon.<\/p>\n<p>Parfum\u00e9e \u00e0 la menthe pour une hygi\u00e8ne bucco-dentaire optimale.<\/p>\n<p>Convient \u00e0 tous les chats.<\/p>\n<p>&nbsp;<\/p>\n<h2>Composition<\/h2>\n<p>saumon 55 % (40 % saumon s\u00e9ch\u00e9, 15 % saumon frais), citrouille 12 %, pois jaunes 8 %, graisse de poulet (conserv\u00e9e par des tocoph\u00e9rols 7 %), sauce \u00e0 base de saumon 5 %, menthe 4 %, carottes 2 %, pois chiches 2 %, pommes s\u00e9ch\u00e9es 2 %, graine de lin 2 %, huile de lin 1 %.<\/p>\n<h2>Analyse de la composition pour 1 kg<\/h2>\n<p>prot\u00e9ine brute 38,0 %, teneur en mati\u00e8res grasses 15,0 %, humidit\u00e9 10,0 %, cendres brutes 9,0 %, cellulose brute 2,8 %, calcium 1,4 %, phosphore 1,1 %, acides gras Om\u00e9ga-3 0,8 %, acides gras Om\u00e9ga-6 1,8 %. Contient des antioxyg\u00e8nes naturels.<\/p>\n<h2>Apport \u00e9nerg\u00e9tique<\/h2>\n<p>3 750 kcal\/kg<\/p>\n","protected":false},"excerpt":{"rendered":"<p>Une d\u00e9licieuse friandise \u00e0 base de saumon. Parfum\u00e9e \u00e0 la menthe pour une hygi\u00e8ne bucco-dentaire optimale. Convient \u00e0 tous les chats. &nbsp; Composition saumon 55 % (40 % saumon s\u00e9ch\u00e9, 15 % saumon frais), citrouille 12 %, pois jaunes 8 %, graisse de poulet (conserv\u00e9e par des tocoph\u00e9rols 7 %), sauce \u00e0 base de saumon [&#8230;]\n","protected":false},"featured_media":18561,"template":"","meta":{"jetpack_publicize_message":"","jetpack_publicize_feature_enabled":true,"jetpack_social_post_already_shared":true,"jetpack_social_options":{"image_generator_settings":{"template":"highway","default_image_id":0,"font":"","enabled":false},"version":2}},"product_brand":[],"product_cat":[41],"product_tag":[],"class_list":{"0":"post-18559","1":"product","2":"type-product","3":"status-publish","4":"has-post-thumbnail","6":"product_cat-friandises-et-pate-pour-chat","8":"first","9":"outofstock","10":"taxable","11":"shipping-taxable","12":"purchasable","13":"product-type-simple"},"supplier_id":7839,"supplier_sku":"CL - Cats - Snack Salmon","barcode":null,"atum_controlled":true,"out_stock_date":"2026-03-12 16:50:01","out_stock_threshold":null,"inheritable":false,"inbound_stock":0,"stock_on_hold":0,"sold_today":0,"sales_last_days":0,"reserved_stock":0,"customer_returns":0,"warehouse_damage":0,"lost_in_post":0,"other_logs":0,"out_stock_days":54,"lost_sales":0,"has_location":false,"update_date":"2026-05-06T00:17:44","atum_locations":[],"atum_stock_status":"outofstock","restock_status":false,"low_stock_amount":5,"sales_update_date":"2026-05-06T00:17:44","calc_backorders":null,"jetpack_publicize_connections":[],"jetpack_sharing_enabled":true,"batches":[{"id":"2228","date_created":"2025-03-02 22:36:47","date_expiry":"2025-06-11 00:00:00","user_id":"2461","batch_number":"CarniloveCatSnackCrunchySalmonwithMint50g11062025","location":"","quantity":"24.0000","quantity_available":"1.0000","units":"1","status":"archived","order_ids":"[18750,18790,19076,20837,21627,22042,22225,22896]","supplier":"Carnilove","po":{"id":"2197","date_created":"2025-03-02 22:36:48","batch_id":"2228","po_number":"","supplier":"Carnilove","cost":null,"regular_price":null,"sale_price":null,"price_margin":null,"price_discount":null}}],"_links":{"self":[{"href":"https:\/\/petworld.ma\/index.php\/wp-json\/wp\/v2\/product\/18559","targetHints":{"allow":["GET"]}}],"collection":[{"href":"https:\/\/petworld.ma\/index.php\/wp-json\/wp\/v2\/product"}],"about":[{"href":"https:\/\/petworld.ma\/index.php\/wp-json\/wp\/v2\/types\/product"}],"wp:featuredmedia":[{"embeddable":true,"href":"https:\/\/petworld.ma\/index.php\/wp-json\/wp\/v2\/media\/18561"}],"wp:attachment":[{"href":"https:\/\/petworld.ma\/index.php\/wp-json\/wp\/v2\/media?parent=18559"}],"wp:term":[{"taxonomy":"product_brand","embeddable":true,"href":"https:\/\/petworld.ma\/index.php\/wp-json\/wp\/v2\/product_brand?post=18559"},{"taxonomy":"product_cat","embeddable":true,"href":"https:\/\/petworld.ma\/index.php\/wp-json\/wp\/v2\/product_cat?post=18559"},{"taxonomy":"product_tag","embeddable":true,"href":"https:\/\/petworld.ma\/index.php\/wp-json\/wp\/v2\/product_tag?post=18559"}],"curies":[{"name":"wp","href":"https:\/\/api.w.org\/{rel}","templated":true}]}}