{"id":19342,"date":"2025-03-21T09:49:56","date_gmt":"2025-03-21T09:49:56","guid":{"rendered":"https:\/\/petworld.ma\/?post_type=product&#038;p=19342"},"modified":"2025-03-21T09:52:17","modified_gmt":"2025-03-21T09:52:17","slug":"medaille-bronx-cercle-grand-the-legend-clous-en-laiton-anglais","status":"publish","type":"product","link":"https:\/\/petworld.ma\/index.php\/produit\/medaille-bronx-cercle-grand-the-legend-clous-en-laiton-anglais\/","title":{"rendered":"M\u00e9daille Bronx Cercle Grand \u00ab\u00a0The Legend\u00a0\u00bb Clous en Laiton Anglais"},"content":{"rendered":"<div id=\"product-description-short-493\" class=\"rte-content product-description\">\n<p>Adoptez l&rsquo;ambiance iconique de la Big Apple. Le design de la m\u00e9daille Bronx Cercle Grand \u00ab\u00a0The Legend\u00a0\u00bb Clous en Laiton Anglais s&rsquo;inspire des coins les plus caract\u00e9ristiques du quartier am\u00e9ricain. Enti\u00e8rement finie \u00e0 la main en Italie, dans notre manufacture. Personnalisable au dos avec une gravure facilement lisible et durable. \u00c9quip\u00e9e d&rsquo;un anneau pratique pour l&rsquo;attacher au Porte-Tag.<\/p>\n<\/div>\n","protected":false},"excerpt":{"rendered":"<div id=\"product-description-short-493\" class=\"rte-content product-description\">\n<div id=\"product-description-short-506\" class=\"rte-content product-description\">\n<div id=\"product-description-short-432\" class=\"rte-content product-description\">\n<div id=\"product-description-short-432\" class=\"rte-content product-description\">\n<div id=\"product-description-short-794\" class=\"rte-content product-description\">\n<p>La m\u00e9daille Bronx Cercle Grand \u00ab\u00a0The Legend\u00a0\u00bb Clous en Laiton Anglais est un hommage \u00e0 un quartier embl\u00e9matique de New York, parfaite pour les animaux de compagnie au caract\u00e8re affirm\u00e9 !<\/p>\n<\/div>\n<\/div>\n<\/div>\n<\/div>\n<\/div>\n","protected":false},"featured_media":19344,"template":"","meta":{"jetpack_publicize_message":"","jetpack_publicize_feature_enabled":true,"jetpack_social_post_already_shared":true,"jetpack_social_options":{"image_generator_settings":{"template":"highway","default_image_id":0,"font":"","enabled":false},"version":2}},"product_brand":[],"product_cat":[153,154],"product_tag":[],"class_list":{"0":"post-19342","1":"product","2":"type-product","3":"status-publish","4":"has-post-thumbnail","6":"product_cat-pendentif-personnalise-chat-chien","7":"product_cat-pendentif-personnalise","9":"first","10":"instock","11":"taxable","12":"shipping-taxable","13":"purchasable","14":"product-type-simple"},"supplier_id":13352,"supplier_sku":"CE01CBOLE","barcode":null,"atum_controlled":true,"out_stock_date":null,"out_stock_threshold":null,"inheritable":false,"inbound_stock":0,"stock_on_hold":0,"sold_today":0,"sales_last_days":0,"reserved_stock":0,"customer_returns":0,"warehouse_damage":0,"lost_in_post":0,"other_logs":0,"out_stock_days":0,"lost_sales":0,"has_location":false,"update_date":"2026-05-07T00:16:58","atum_locations":[],"atum_stock_status":"instock","restock_status":false,"low_stock_amount":3,"sales_update_date":"2026-05-07T00:16:58","calc_backorders":0,"jetpack_publicize_connections":[],"jetpack_sharing_enabled":true,"batches":[],"_links":{"self":[{"href":"https:\/\/petworld.ma\/index.php\/wp-json\/wp\/v2\/product\/19342","targetHints":{"allow":["GET"]}}],"collection":[{"href":"https:\/\/petworld.ma\/index.php\/wp-json\/wp\/v2\/product"}],"about":[{"href":"https:\/\/petworld.ma\/index.php\/wp-json\/wp\/v2\/types\/product"}],"wp:featuredmedia":[{"embeddable":true,"href":"https:\/\/petworld.ma\/index.php\/wp-json\/wp\/v2\/media\/19344"}],"wp:attachment":[{"href":"https:\/\/petworld.ma\/index.php\/wp-json\/wp\/v2\/media?parent=19342"}],"wp:term":[{"taxonomy":"product_brand","embeddable":true,"href":"https:\/\/petworld.ma\/index.php\/wp-json\/wp\/v2\/product_brand?post=19342"},{"taxonomy":"product_cat","embeddable":true,"href":"https:\/\/petworld.ma\/index.php\/wp-json\/wp\/v2\/product_cat?post=19342"},{"taxonomy":"product_tag","embeddable":true,"href":"https:\/\/petworld.ma\/index.php\/wp-json\/wp\/v2\/product_tag?post=19342"}],"curies":[{"name":"wp","href":"https:\/\/api.w.org\/{rel}","templated":true}]}}