{"id":19377,"date":"2025-03-21T14:56:06","date_gmt":"2025-03-21T14:56:06","guid":{"rendered":"https:\/\/petworld.ma\/?post_type=product&#038;p=19377"},"modified":"2026-04-01T13:43:49","modified_gmt":"2026-04-01T13:43:49","slug":"pro-plan-small-and-mini-sensitive-digestion-riche-en-agneau-3kg","status":"publish","type":"product","link":"https:\/\/petworld.ma\/index.php\/produit\/pro-plan-small-and-mini-sensitive-digestion-riche-en-agneau-3kg\/","title":{"rendered":"Pro Plan Small and Mini Adult Sensitive Digestion &#8211; Riche en Agneau 3Kg"},"content":{"rendered":"<p><strong>Caract\u00e9ristiques<\/strong><\/p>\n<ul>\n<li style=\"list-style-type: none;\">\n<ul>\n<li>Hautement digestible pour les chiens ayant une digestion sensible.<\/li>\n<li>Contient des pr\u00e9biotiques scientifiquement prouv\u00e9s pour augmenter le nombre de bifidobact\u00e9ries, pour un meilleur \u00e9quilibre de la microflore intestinale.<\/li>\n<li>Avec des ingr\u00e9dients sp\u00e9cifiques pour favoriser la bonne sant\u00e9 intestinale et la bonne consistance des selles.<\/li>\n<li>Une combinaison de nutriments essentiels pour aider \u00e0 soutenir la bonne sant\u00e9 des articulations.<\/li>\n<li>Agneau de haute qualit\u00e9 en ingr\u00e9dient N\u00b01.<\/li>\n<\/ul>\n<\/li>\n<\/ul>\n<p><strong>Ingr\u00e9dients: <\/strong>Agneau de haute qualit\u00e9 (20 %) (dont poumons et foie), Prot\u00e9ines de volaille d\u00e9shydrat\u00e9es, Riz (16 %), Ma\u00efs, Graisses animales, Farine de prot\u00e9ines de ma\u00efs, Pulpe de betterave d\u00e9shydrat\u00e9e* (5 %), Farine de soja, Gruau de ma\u00efs, Substances min\u00e9rales, \u0152ufs d\u00e9shydrat\u00e9s, Huile de poisson, Hydrolysat, Levures<\/p>\n<p><strong>Guide d&rsquo;alimentation<\/strong><\/p>\n<p>Voir le tableau des rations journali\u00e8res recommand\u00e9es. Ces rations sont donn\u00e9es \u00e0 titre indicatif. Pour aider votre chien \u00e0 maintenir une condition corporelle id\u00e9ale, les rations journali\u00e8res doivent \u00eatre adapt\u00e9es \u00e0 son niveau d\u2019activit\u00e9, sa condition physique et ses besoins individuels. De l\u2019eau fra\u00eeche et propre doit toujours \u00eatre \u00e0 la disposition de votre chien. Pour surveiller la sant\u00e9 de votre chien, consultez r\u00e9guli\u00e8rement votre v\u00e9t\u00e9rinaire.<\/p>\n<div class=\"table-wrapper\">\n<table>\n<tbody>\n<tr>\n<td><\/td>\n<td><strong>&lt;1h d&rsquo;activit\u00e9<\/strong><\/td>\n<td><strong>1 \u00e0 3h d&rsquo;activit\u00e9<\/strong><\/td>\n<\/tr>\n<tr>\n<td><strong>Poids du chien<\/strong><\/td>\n<td>g\/jour<\/td>\n<td>g\/jour<\/td>\n<\/tr>\n<tr>\n<td>1\u00a0kg<\/td>\n<td>35<\/td>\n<td>40<\/td>\n<\/tr>\n<tr>\n<td>5\u00a0kg<\/td>\n<td>105<\/td>\n<td>120<\/td>\n<\/tr>\n<tr>\n<td>10 kg<\/td>\n<td>165<\/td>\n<td>190<\/td>\n<\/tr>\n<\/tbody>\n<\/table>\n<\/div>\n<p>&nbsp;<\/p>\n<p>&nbsp;<\/p>\n<div class=\"field__item\"><\/div>\n","protected":false},"excerpt":{"rendered":"<ul>\n<li>Hautement digestible pour les chiens ayant une digestion sensible.<\/li>\n<li>Contient des pr\u00e9biotiques scientifiquement prouv\u00e9s pour augmenter le nombre de bifidobact\u00e9ries, pour un meilleur \u00e9quilibre de la microflore intestinale.<\/li>\n<li>Avec des ingr\u00e9dients sp\u00e9cifiques pour favoriser la bonne sant\u00e9 intestinale et la bonne consistance des selles.<\/li>\n<li>Am\u00e9liore l\u2019\u00e9quilibre de la microflore intestinale.<\/li>\n<li>Une combinaison de nutriments essentiels pour aider \u00e0 soutenir la bonne sant\u00e9 des articulations.<\/li>\n<\/ul>\n","protected":false},"featured_media":19380,"template":"","meta":{"jetpack_publicize_message":"","jetpack_publicize_feature_enabled":true,"jetpack_social_post_already_shared":true,"jetpack_social_options":{"image_generator_settings":{"template":"highway","default_image_id":0,"font":"","enabled":false},"version":2}},"product_brand":[],"product_cat":[26],"product_tag":[],"class_list":{"0":"post-19377","1":"product","2":"type-product","3":"status-publish","4":"has-post-thumbnail","6":"product_cat-croquettes","8":"first","9":"instock","10":"taxable","11":"shipping-taxable","12":"purchasable","13":"product-type-simple"},"supplier_id":5598,"supplier_sku":"11268","barcode":null,"atum_controlled":true,"out_stock_date":null,"out_stock_threshold":null,"inheritable":false,"inbound_stock":0,"stock_on_hold":0,"sold_today":0,"sales_last_days":0,"reserved_stock":0,"customer_returns":0,"warehouse_damage":0,"lost_in_post":0,"other_logs":0,"out_stock_days":0,"lost_sales":0,"has_location":false,"update_date":"2026-04-29T00:16:30","atum_locations":[],"atum_stock_status":"instock","restock_status":false,"low_stock_amount":1,"sales_update_date":"2026-04-29T00:16:30","calc_backorders":0,"jetpack_publicize_connections":[],"jetpack_sharing_enabled":true,"batches":[{"id":"2413","date_created":"2025-03-21 15:01:13","date_expiry":"2026-06-30 00:00:00","user_id":"50","batch_number":"ProPlanMiniDige0626","location":"","quantity":"1.0000","quantity_available":"0.0000","units":"1","status":"archived","order_ids":"[32770]","supplier":"Proplan","po":{"id":"2382","date_created":"2025-03-21 15:01:16","batch_id":"2413","po_number":"","supplier":"Proplan","cost":null,"regular_price":null,"sale_price":null,"price_margin":null,"price_discount":null}},{"id":"7049","date_created":"2026-01-02 11:19:38","date_expiry":"2027-01-30 00:00:00","user_id":"50","batch_number":"ProPlanMiniDige0127","location":"","quantity":"1.0000","quantity_available":"0.0000","units":"1","status":"archived","order_ids":"[36692]","supplier":"Proplan","po":{"id":"6987","date_created":"2026-01-02 11:19:39","batch_id":"7049","po_number":"","supplier":"Proplan","cost":null,"regular_price":null,"sale_price":null,"price_margin":null,"price_discount":null}},{"id":"8119","date_created":"2026-03-06 10:40:09","date_expiry":"2027-02-28 00:00:00","user_id":"50","batch_number":"ProPlanMiniDige0227","location":"","quantity":"1.0000","quantity_available":"0.0000","units":"1","status":"archived","order_ids":"[38249]","supplier":"Proplan","po":{"id":"8058","date_created":"2026-03-06 10:40:09","batch_id":"8119","po_number":"","supplier":"Proplan","cost":null,"regular_price":null,"sale_price":null,"price_margin":null,"price_discount":null}},{"id":"8606","date_created":"2026-04-01 13:43:48","date_expiry":"2027-02-28 00:00:00","user_id":"50","batch_number":"ProPlanMiniDige0227","location":"","quantity":"1.0000","quantity_available":"1.0000","units":"1","status":"active","order_ids":null,"supplier":"Proplan","po":{"id":"8534","date_created":"2026-04-01 13:43:48","batch_id":"8606","po_number":"","supplier":"Proplan","cost":null,"regular_price":null,"sale_price":null,"price_margin":null,"price_discount":null}}],"_links":{"self":[{"href":"https:\/\/petworld.ma\/index.php\/wp-json\/wp\/v2\/product\/19377","targetHints":{"allow":["GET"]}}],"collection":[{"href":"https:\/\/petworld.ma\/index.php\/wp-json\/wp\/v2\/product"}],"about":[{"href":"https:\/\/petworld.ma\/index.php\/wp-json\/wp\/v2\/types\/product"}],"wp:featuredmedia":[{"embeddable":true,"href":"https:\/\/petworld.ma\/index.php\/wp-json\/wp\/v2\/media\/19380"}],"wp:attachment":[{"href":"https:\/\/petworld.ma\/index.php\/wp-json\/wp\/v2\/media?parent=19377"}],"wp:term":[{"taxonomy":"product_brand","embeddable":true,"href":"https:\/\/petworld.ma\/index.php\/wp-json\/wp\/v2\/product_brand?post=19377"},{"taxonomy":"product_cat","embeddable":true,"href":"https:\/\/petworld.ma\/index.php\/wp-json\/wp\/v2\/product_cat?post=19377"},{"taxonomy":"product_tag","embeddable":true,"href":"https:\/\/petworld.ma\/index.php\/wp-json\/wp\/v2\/product_tag?post=19377"}],"curies":[{"name":"wp","href":"https:\/\/api.w.org\/{rel}","templated":true}]}}