{"id":195,"date":"2022-12-16T14:11:29","date_gmt":"2022-12-16T14:11:29","guid":{"rendered":"https:\/\/petworld.ma\/?post_type=product&#038;p=195"},"modified":"2026-04-20T12:14:06","modified_gmt":"2026-04-20T12:14:06","slug":"laisse-harnais-bleu-20mmx120cm-pour-chien-de-race-moyenne-canijess","status":"publish","type":"product","link":"https:\/\/petworld.ma\/index.php\/produit\/laisse-harnais-bleu-20mmx120cm-pour-chien-de-race-moyenne-canijess\/","title":{"rendered":"Laisse Harnais Bleu &#8211; 20mmx120cm pour chien de race moyenne- CANIJESS"},"content":{"rendered":"<p>Harnais avec une laisse int\u00e9gr\u00e9e adapt\u00e9 pour les chiens de race moyenne. Tr\u00e8s confortable!!!<\/p>\n<p>Dimension : 20mmx120cm<\/p>\n<p>&nbsp;<\/p>\n","protected":false},"excerpt":{"rendered":"<p>Harnais avec une laisse int\u00e9gr\u00e9e adapt\u00e9 pour les chiens de race moyenne. Tr\u00e8s confortable!!! Dimension : 20mmx120cm &nbsp;<\/p>\n","protected":false},"featured_media":603,"template":"","meta":{"jetpack_publicize_message":"","jetpack_publicize_feature_enabled":true,"jetpack_social_post_already_shared":false,"jetpack_social_options":{"image_generator_settings":{"template":"highway","default_image_id":0,"font":"","enabled":false},"version":2}},"product_brand":[],"product_cat":[92],"product_tag":[],"class_list":{"0":"post-195","1":"product","2":"type-product","3":"status-publish","4":"has-post-thumbnail","6":"product_cat-harnais-et-laisses-pour-chien","8":"first","9":"outofstock","10":"taxable","11":"shipping-taxable","12":"purchasable","13":"product-type-simple"},"supplier_id":5587,"supplier_sku":"","barcode":null,"atum_controlled":true,"out_stock_date":"2026-04-20 12:14:06","out_stock_threshold":null,"inheritable":false,"inbound_stock":0,"stock_on_hold":0,"sold_today":0,"sales_last_days":1,"reserved_stock":0,"customer_returns":0,"warehouse_damage":0,"lost_in_post":0,"other_logs":0,"out_stock_days":11,"lost_sales":165,"has_location":false,"update_date":"2026-05-02T00:15:02","atum_locations":[],"atum_stock_status":"outofstock","restock_status":false,"low_stock_amount":0,"sales_update_date":"2026-05-02T00:15:01","calc_backorders":null,"jetpack_publicize_connections":[],"jetpack_sharing_enabled":true,"batches":[],"_links":{"self":[{"href":"https:\/\/petworld.ma\/index.php\/wp-json\/wp\/v2\/product\/195","targetHints":{"allow":["GET"]}}],"collection":[{"href":"https:\/\/petworld.ma\/index.php\/wp-json\/wp\/v2\/product"}],"about":[{"href":"https:\/\/petworld.ma\/index.php\/wp-json\/wp\/v2\/types\/product"}],"wp:featuredmedia":[{"embeddable":true,"href":"https:\/\/petworld.ma\/index.php\/wp-json\/wp\/v2\/media\/603"}],"wp:attachment":[{"href":"https:\/\/petworld.ma\/index.php\/wp-json\/wp\/v2\/media?parent=195"}],"wp:term":[{"taxonomy":"product_brand","embeddable":true,"href":"https:\/\/petworld.ma\/index.php\/wp-json\/wp\/v2\/product_brand?post=195"},{"taxonomy":"product_cat","embeddable":true,"href":"https:\/\/petworld.ma\/index.php\/wp-json\/wp\/v2\/product_cat?post=195"},{"taxonomy":"product_tag","embeddable":true,"href":"https:\/\/petworld.ma\/index.php\/wp-json\/wp\/v2\/product_tag?post=195"}],"curies":[{"name":"wp","href":"https:\/\/api.w.org\/{rel}","templated":true}]}}