{"id":19766,"date":"2025-03-29T23:53:15","date_gmt":"2025-03-29T23:53:15","guid":{"rendered":"https:\/\/petworld.ma\/?post_type=product&#038;p=19766"},"modified":"2026-03-24T15:33:21","modified_gmt":"2026-03-24T15:33:21","slug":"morando-morceaux-de-saumon-et-crevettes-avec-sauce-pour-chats-405g","status":"publish","type":"product","link":"https:\/\/petworld.ma\/index.php\/produit\/morando-morceaux-de-saumon-et-crevettes-avec-sauce-pour-chats-405g\/","title":{"rendered":"Morando Morceaux de Saumon et Crevettes avec Sauce Pour Chats 405g"},"content":{"rendered":"<p><strong>Sp\u00e9cifications techniques :<\/strong><\/p>\n<ul>\n<li><strong>Poids net :<\/strong>\u00a0bo\u00eete de 405 g.<\/li>\n<li><strong>Profil aromatique :<\/strong>\u00a0P\u00e2t\u00e9 de saumon et crevettes.<\/li>\n<li><strong>Conseils de conservation\u00a0:<\/strong>\u00a0\u00c0 conserver dans un endroit frais et sec. Conserver toute portion non utilis\u00e9e au r\u00e9frig\u00e9rateur et consommer dans les 24\u00a0heures.<\/li>\n<\/ul>\n<p>&nbsp;<\/p>\n<p><strong>Quantit\u00e9 d&rsquo;alimentation recommand\u00e9e :<\/strong><\/p>\n<ul>\n<li>Chatons : 1 \u00e0 2 bo\u00eetes par jour, r\u00e9parties en plusieurs repas.<\/li>\n<li>Chats adultes : 1 bo\u00eete pour 3 \u00e0 4 kg de poids corporel par jour.<\/li>\n<\/ul>\n","protected":false},"excerpt":{"rendered":"<div class=\"elementor-element elementor-element-1a60c1e elementor-widget elementor-widget-product-description-short elementor-widget-text-editor\" data-id=\"1a60c1e\" data-element_type=\"widget\" data-widget_type=\"product-description-short.default\">\n<div class=\"elementor-widget-container\">\n<div class=\"ce-product-description-short\">Repas complet et \u00e9quilibr\u00e9. Recette facile \u00e0 dig\u00e9rer et hautement app\u00e9tente. Excellent rapport nutritionnel de vitamines et min\u00e9raux.<\/div>\n<\/div>\n<\/div>\n<div class=\"elementor-element elementor-element-17a31d2 elementor-countdown--label-block elementor-widget elementor-widget-product-sale-countdown elementor-widget-countdown\" data-id=\"17a31d2\" data-element_type=\"widget\" data-widget_type=\"product-sale-countdown.default\">\n<div class=\"elementor-widget-container\">\n<div class=\"elementor-countdown-wrapper\" data-date=\"1743548400\" data-expire-actions=\"false\">\n<div class=\"elementor-countdown-item\"><\/div>\n<\/div>\n<\/div>\n<\/div>\n","protected":false},"featured_media":19768,"template":"","meta":{"jetpack_publicize_message":"","jetpack_publicize_feature_enabled":true,"jetpack_social_post_already_shared":true,"jetpack_social_options":{"image_generator_settings":{"template":"highway","default_image_id":0,"font":"","enabled":false},"version":2}},"product_brand":[],"product_cat":[41],"product_tag":[],"class_list":{"0":"post-19766","1":"product","2":"type-product","3":"status-publish","4":"has-post-thumbnail","6":"product_cat-friandises-et-pate-pour-chat","8":"first","9":"outofstock","10":"sale","11":"taxable","12":"shipping-taxable","13":"purchasable","14":"product-type-simple"},"supplier_id":5587,"supplier_sku":"72862","barcode":"8007520099592","atum_controlled":true,"out_stock_date":null,"out_stock_threshold":null,"inheritable":false,"inbound_stock":0,"stock_on_hold":0,"sold_today":0,"sales_last_days":0,"reserved_stock":0,"customer_returns":0,"warehouse_damage":0,"lost_in_post":0,"other_logs":0,"out_stock_days":0,"lost_sales":0,"has_location":false,"update_date":"2026-04-28T00:16:27","atum_locations":[],"atum_stock_status":"outofstock","restock_status":false,"low_stock_amount":24,"sales_update_date":"2026-04-28T00:16:27","calc_backorders":null,"jetpack_publicize_connections":[],"jetpack_sharing_enabled":true,"batches":[{"id":"2581","date_created":"2025-03-30 00:00:02","date_expiry":"2026-11-09 00:00:00","user_id":"1","batch_number":"MorandoSaumon091126","location":"","quantity":"480.0000","quantity_available":"0.0000","units":"1","status":"archived","order_ids":"[20431,20638,20905,21005,21098,21168,21463,21581,22623,22811,22904,23223,23597,24322,24356,24365,24393,24489,24769,24848,24949,25044,25064,25152,25374,25506,25517,25523,25620,25707,25752,25823,25838,26087,26597,26857,26875,27000,27008,27438,27719,27765,28261,28361,28401,28439,28839,28845,28901,29094,29367,29602,29622,30021,30154,30183,30392,30745,31121,31756,32327,32880,33234,33293,33298,33656,33680,33863,34508,34686,34710,34866,35088,35876,35998]","supplier":"Royal Canin","po":{"id":"2549","date_created":"2025-03-30 00:00:05","batch_id":"2581","po_number":"","supplier":"Royal Canin","cost":null,"regular_price":null,"sale_price":null,"price_margin":null,"price_discount":null}}],"_links":{"self":[{"href":"https:\/\/petworld.ma\/index.php\/wp-json\/wp\/v2\/product\/19766","targetHints":{"allow":["GET"]}}],"collection":[{"href":"https:\/\/petworld.ma\/index.php\/wp-json\/wp\/v2\/product"}],"about":[{"href":"https:\/\/petworld.ma\/index.php\/wp-json\/wp\/v2\/types\/product"}],"wp:featuredmedia":[{"embeddable":true,"href":"https:\/\/petworld.ma\/index.php\/wp-json\/wp\/v2\/media\/19768"}],"wp:attachment":[{"href":"https:\/\/petworld.ma\/index.php\/wp-json\/wp\/v2\/media?parent=19766"}],"wp:term":[{"taxonomy":"product_brand","embeddable":true,"href":"https:\/\/petworld.ma\/index.php\/wp-json\/wp\/v2\/product_brand?post=19766"},{"taxonomy":"product_cat","embeddable":true,"href":"https:\/\/petworld.ma\/index.php\/wp-json\/wp\/v2\/product_cat?post=19766"},{"taxonomy":"product_tag","embeddable":true,"href":"https:\/\/petworld.ma\/index.php\/wp-json\/wp\/v2\/product_tag?post=19766"}],"curies":[{"name":"wp","href":"https:\/\/api.w.org\/{rel}","templated":true}]}}