{"id":19787,"date":"2025-03-30T12:42:54","date_gmt":"2025-03-30T12:42:54","guid":{"rendered":"https:\/\/petworld.ma\/?post_type=product&#038;p=19787"},"modified":"2026-04-15T22:37:24","modified_gmt":"2026-04-15T22:37:24","slug":"morando-patee-au-poulet-pour-chats-400g","status":"publish","type":"product","link":"https:\/\/petworld.ma\/index.php\/produit\/morando-patee-au-poulet-pour-chats-400g\/","title":{"rendered":"Morando P\u00e2t\u00e9e au Poulet Pour Chats 400g"},"content":{"rendered":"<p><strong>Sp\u00e9cifications techniques :<\/strong><\/p>\n<ul>\n<li><strong>Poids net :<\/strong> bo\u00eete de 400 g.<\/li>\n<li><strong>Profil aromatique :<\/strong> P\u00e2t\u00e9 de Poulet<\/li>\n<li><strong>Conseils de conservation\u00a0:<\/strong>\u00a0\u00c0 conserver dans un endroit frais et sec. Conserver toute portion non utilis\u00e9e au r\u00e9frig\u00e9rateur et consommer dans les 24\u00a0heures.<\/li>\n<\/ul>\n<p>&nbsp;<\/p>\n<p><strong>Quantit\u00e9 d&rsquo;alimentation recommand\u00e9e :<\/strong><\/p>\n<ul>\n<li>Chatons : 1 \u00e0 2 bo\u00eetes par jour, r\u00e9parties en plusieurs repas.<\/li>\n<li>Chats adultes : 1 bo\u00eete pour 3 \u00e0 4 kg de poids corporel par jour.<\/li>\n<\/ul>\n","protected":false},"excerpt":{"rendered":"<div class=\"elementor-element elementor-element-1a60c1e elementor-widget elementor-widget-product-description-short elementor-widget-text-editor\" data-id=\"1a60c1e\" data-element_type=\"widget\" data-widget_type=\"product-description-short.default\">\n<div class=\"elementor-widget-container\">\n<div class=\"ce-product-description-short\">Repas complet et \u00e9quilibr\u00e9. Recette facile \u00e0 dig\u00e9rer et hautement app\u00e9tente. Excellent rapport nutritionnel de vitamines et min\u00e9raux.<\/div>\n<\/div>\n<\/div>\n<div class=\"elementor-element elementor-element-17a31d2 elementor-countdown--label-block elementor-widget elementor-widget-product-sale-countdown elementor-widget-countdown\" data-id=\"17a31d2\" data-element_type=\"widget\" data-widget_type=\"product-sale-countdown.default\">\n<div class=\"elementor-widget-container\">\n<div class=\"elementor-countdown-wrapper\" data-date=\"1743548400\" data-expire-actions=\"false\">\n<div class=\"elementor-countdown-item\"><\/div>\n<\/div>\n<\/div>\n<\/div>\n","protected":false},"featured_media":19789,"template":"","meta":{"jetpack_publicize_message":"","jetpack_publicize_feature_enabled":true,"jetpack_social_post_already_shared":true,"jetpack_social_options":{"image_generator_settings":{"template":"highway","default_image_id":0,"font":"","enabled":false},"version":2}},"product_brand":[],"product_cat":[41],"product_tag":[],"class_list":{"0":"post-19787","1":"product","2":"type-product","3":"status-publish","4":"has-post-thumbnail","6":"product_cat-friandises-et-pate-pour-chat","8":"first","9":"instock","10":"sale","11":"taxable","12":"shipping-taxable","13":"purchasable","14":"product-type-simple"},"supplier_id":5587,"supplier_sku":"72874","barcode":"8007520012652","atum_controlled":true,"out_stock_date":null,"out_stock_threshold":null,"inheritable":false,"inbound_stock":0,"stock_on_hold":0,"sold_today":0,"sales_last_days":2,"reserved_stock":0,"customer_returns":0,"warehouse_damage":0,"lost_in_post":0,"other_logs":0,"out_stock_days":0,"lost_sales":0,"has_location":false,"update_date":"2026-04-27T00:15:40","atum_locations":[],"atum_stock_status":"instock","restock_status":false,"low_stock_amount":24,"sales_update_date":"2026-04-27T00:15:40","calc_backorders":null,"jetpack_publicize_connections":[],"jetpack_sharing_enabled":true,"batches":[{"id":"2601","date_created":"2025-03-30 12:53:03","date_expiry":"2026-11-23 00:00:00","user_id":"1","batch_number":"MorandoPoulet231126","location":"","quantity":"240.0000","quantity_available":"21.0000","units":"1","status":"active","order_ids":"[20176,21098,21159,21168,21224,21463,21487,21516,21581,22623,22904,23223,23268,23520,23597,23736,24489,24769,24848,24878,24949,25044,25064,25443,25506,25522,25523,25743,25752,25787,25821,25838,26098,26238,26248,26597,26875,26877,27000,27321,27438,28839,28845,28901,29234,29367,29519,29602,30154,30183,30527,31485,32152,32327,32452,33260,33293,33687,34202,34203,35244,37029,38266,39900]","supplier":"Royal Canin","po":{"id":"2569","date_created":"2025-03-30 12:53:07","batch_id":"2601","po_number":"","supplier":"Royal Canin","cost":null,"regular_price":null,"sale_price":null,"price_margin":null,"price_discount":null}}],"_links":{"self":[{"href":"https:\/\/petworld.ma\/index.php\/wp-json\/wp\/v2\/product\/19787","targetHints":{"allow":["GET"]}}],"collection":[{"href":"https:\/\/petworld.ma\/index.php\/wp-json\/wp\/v2\/product"}],"about":[{"href":"https:\/\/petworld.ma\/index.php\/wp-json\/wp\/v2\/types\/product"}],"wp:featuredmedia":[{"embeddable":true,"href":"https:\/\/petworld.ma\/index.php\/wp-json\/wp\/v2\/media\/19789"}],"wp:attachment":[{"href":"https:\/\/petworld.ma\/index.php\/wp-json\/wp\/v2\/media?parent=19787"}],"wp:term":[{"taxonomy":"product_brand","embeddable":true,"href":"https:\/\/petworld.ma\/index.php\/wp-json\/wp\/v2\/product_brand?post=19787"},{"taxonomy":"product_cat","embeddable":true,"href":"https:\/\/petworld.ma\/index.php\/wp-json\/wp\/v2\/product_cat?post=19787"},{"taxonomy":"product_tag","embeddable":true,"href":"https:\/\/petworld.ma\/index.php\/wp-json\/wp\/v2\/product_tag?post=19787"}],"curies":[{"name":"wp","href":"https:\/\/api.w.org\/{rel}","templated":true}]}}