{"id":19919,"date":"2025-04-01T11:37:17","date_gmt":"2025-04-01T11:37:17","guid":{"rendered":"https:\/\/petworld.ma\/?post_type=product&#038;p=19919"},"modified":"2026-04-18T12:14:01","modified_gmt":"2026-04-18T12:14:01","slug":"coupe-griffes-chien-et-chat-14cm-bleu-rose","status":"publish","type":"product","link":"https:\/\/petworld.ma\/index.php\/produit\/coupe-griffes-chien-et-chat-14cm-bleu-rose\/","title":{"rendered":"Coupe griffes chien et chat 14cm (Bleu | Rose)"},"content":{"rendered":"<ul>\n<li>\u00a0pour chiens, chats et autres petits animaux<\/li>\n<li>\u00a0poign\u00e9e en plastique avec rev\u00eatement anti-d\u00e9rapant en caoutchouc\/m\u00e9tal<\/li>\n<li>\u00a0acier inoxydable<\/li>\n<li>avec serrure<\/li>\n<li>Lime incluse<\/li>\n<\/ul>\n","protected":false},"excerpt":{"rendered":"<p>\u00a0pour chiens, chats et autres petits animaux \u00a0poign\u00e9e en plastique avec rev\u00eatement anti-d\u00e9rapant en caoutchouc\/m\u00e9tal \u00a0acier inoxydable avec serrure Lime incluse<\/p>\n","protected":false},"featured_media":19923,"template":"","meta":{"jetpack_publicize_message":"","jetpack_publicize_feature_enabled":true,"jetpack_social_post_already_shared":true,"jetpack_social_options":{"image_generator_settings":{"template":"highway","default_image_id":0,"font":"","enabled":false},"version":2}},"product_brand":[],"product_cat":[222,223],"product_tag":[],"class_list":{"0":"post-19919","1":"product","2":"type-product","3":"status-publish","4":"has-post-thumbnail","6":"product_cat-brosses-coupe-griffes","7":"product_cat-brosses-coupe-griffes-hygiene-et-soins","9":"first","10":"instock","11":"sale","12":"taxable","13":"shipping-taxable","14":"purchasable","15":"product-type-variable"},"supplier_id":5592,"supplier_sku":"","barcode":null,"atum_controlled":true,"out_stock_date":"2025-04-01 11:37:17","out_stock_threshold":null,"inheritable":true,"inbound_stock":0,"stock_on_hold":0,"sold_today":0,"sales_last_days":0,"reserved_stock":0,"customer_returns":0,"warehouse_damage":0,"lost_in_post":0,"other_logs":0,"out_stock_days":402,"lost_sales":0,"has_location":false,"update_date":"2026-05-09T00:18:22","atum_locations":[],"atum_stock_status":"instock","restock_status":false,"low_stock_amount":"","sales_update_date":"2026-05-09T00:18:22","calc_backorders":null,"jetpack_publicize_connections":[],"jetpack_sharing_enabled":true,"batches":[],"_links":{"self":[{"href":"https:\/\/petworld.ma\/index.php\/wp-json\/wp\/v2\/product\/19919","targetHints":{"allow":["GET"]}}],"collection":[{"href":"https:\/\/petworld.ma\/index.php\/wp-json\/wp\/v2\/product"}],"about":[{"href":"https:\/\/petworld.ma\/index.php\/wp-json\/wp\/v2\/types\/product"}],"wp:featuredmedia":[{"embeddable":true,"href":"https:\/\/petworld.ma\/index.php\/wp-json\/wp\/v2\/media\/19923"}],"wp:attachment":[{"href":"https:\/\/petworld.ma\/index.php\/wp-json\/wp\/v2\/media?parent=19919"}],"wp:term":[{"taxonomy":"product_brand","embeddable":true,"href":"https:\/\/petworld.ma\/index.php\/wp-json\/wp\/v2\/product_brand?post=19919"},{"taxonomy":"product_cat","embeddable":true,"href":"https:\/\/petworld.ma\/index.php\/wp-json\/wp\/v2\/product_cat?post=19919"},{"taxonomy":"product_tag","embeddable":true,"href":"https:\/\/petworld.ma\/index.php\/wp-json\/wp\/v2\/product_tag?post=19919"}],"curies":[{"name":"wp","href":"https:\/\/api.w.org\/{rel}","templated":true}]}}