{"id":19983,"date":"2025-04-02T15:52:41","date_gmt":"2025-04-02T15:52:41","guid":{"rendered":"https:\/\/petworld.ma\/?post_type=product&#038;p=19983"},"modified":"2026-03-12T16:53:48","modified_gmt":"2026-03-12T16:53:48","slug":"barres-de-collation-pour-chats-saumon-au-truite-compy-au-poulet-et-foie-barritas-10-pieces","status":"publish","type":"product","link":"https:\/\/petworld.ma\/index.php\/produit\/barres-de-collation-pour-chats-saumon-au-truite-compy-au-poulet-et-foie-barritas-10-pieces\/","title":{"rendered":"Barritas Barres de Collation Pour Chats (Saumon au Truite | Compy au Poulet et Foie) 10 pi\u00e8ces"},"content":{"rendered":"<p>Excellentes friandises pour chat \u00e0 base de saumon.<\/p>\n<ul>\n<li>Sans c\u00e9r\u00e9ale<\/li>\n<li>Sans colorant<\/li>\n<li>Sans gluten<\/li>\n<\/ul>\n","protected":false},"excerpt":{"rendered":"<p>Excellentes friandises pour chat \u00e0 base de saumon. Sans c\u00e9r\u00e9ale Sans colorant Sans gluten<\/p>\n","protected":false},"featured_media":19987,"template":"","meta":{"jetpack_publicize_message":"","jetpack_publicize_feature_enabled":true,"jetpack_social_post_already_shared":true,"jetpack_social_options":{"image_generator_settings":{"template":"highway","default_image_id":0,"font":"","enabled":false},"version":2}},"product_brand":[],"product_cat":[41],"product_tag":[],"class_list":{"0":"post-19983","1":"product","2":"type-product","3":"status-publish","4":"has-post-thumbnail","6":"product_cat-friandises-et-pate-pour-chat","8":"first","9":"outofstock","10":"taxable","11":"shipping-taxable","12":"purchasable","13":"product-type-variable"},"supplier_id":null,"supplier_sku":"","barcode":null,"atum_controlled":true,"out_stock_date":null,"out_stock_threshold":null,"inheritable":true,"inbound_stock":0,"stock_on_hold":0,"sold_today":0,"sales_last_days":0,"reserved_stock":0,"customer_returns":0,"warehouse_damage":0,"lost_in_post":0,"other_logs":0,"out_stock_days":0,"lost_sales":0,"has_location":false,"update_date":"2026-05-13T00:22:14","atum_locations":[],"atum_stock_status":"outofstock","restock_status":false,"low_stock_amount":"","sales_update_date":"2026-05-13T00:22:14","calc_backorders":null,"jetpack_publicize_connections":[],"jetpack_sharing_enabled":true,"batches":[],"_links":{"self":[{"href":"https:\/\/petworld.ma\/index.php\/wp-json\/wp\/v2\/product\/19983","targetHints":{"allow":["GET"]}}],"collection":[{"href":"https:\/\/petworld.ma\/index.php\/wp-json\/wp\/v2\/product"}],"about":[{"href":"https:\/\/petworld.ma\/index.php\/wp-json\/wp\/v2\/types\/product"}],"wp:featuredmedia":[{"embeddable":true,"href":"https:\/\/petworld.ma\/index.php\/wp-json\/wp\/v2\/media\/19987"}],"wp:attachment":[{"href":"https:\/\/petworld.ma\/index.php\/wp-json\/wp\/v2\/media?parent=19983"}],"wp:term":[{"taxonomy":"product_brand","embeddable":true,"href":"https:\/\/petworld.ma\/index.php\/wp-json\/wp\/v2\/product_brand?post=19983"},{"taxonomy":"product_cat","embeddable":true,"href":"https:\/\/petworld.ma\/index.php\/wp-json\/wp\/v2\/product_cat?post=19983"},{"taxonomy":"product_tag","embeddable":true,"href":"https:\/\/petworld.ma\/index.php\/wp-json\/wp\/v2\/product_tag?post=19983"}],"curies":[{"name":"wp","href":"https:\/\/api.w.org\/{rel}","templated":true}]}}