{"id":20002,"date":"2025-04-02T15:58:03","date_gmt":"2025-04-02T15:58:03","guid":{"rendered":"https:\/\/petworld.ma\/?post_type=product&#038;p=20002"},"modified":"2026-04-29T00:25:50","modified_gmt":"2026-04-29T00:25:50","slug":"balance-pour-peser-la-nourriture-pour-animaux-de-compagnie","status":"publish","type":"product","link":"https:\/\/petworld.ma\/index.php\/produit\/balance-pour-peser-la-nourriture-pour-animaux-de-compagnie\/","title":{"rendered":"Balance Pour Peser la Nourriture Pour Animaux de Compagnie"},"content":{"rendered":"<p><iframe title=\"cuill\u00e8re a mesurer\" width=\"1020\" height=\"574\" src=\"https:\/\/www.youtube.com\/embed\/pHopoEtk3po?feature=oembed\" frameborder=\"0\" allow=\"accelerometer; autoplay; clipboard-write; encrypted-media; gyroscope; picture-in-picture; web-share\" referrerpolicy=\"strict-origin-when-cross-origin\" allowfullscreen><\/iframe><\/p>\n<p><strong data-spm-anchor-id=\"a2g0o.detail.1000023.i1.3146R74fR74f5D\">\u00c9chelle de nourriture pour animaux de compagnie cuill\u00e8re chien chat bol d&rsquo;alimentation cuill\u00e8re \u00e0 mesurer Portable \u00e9lectronique mesure tasse avec affichage LED accessoires pour animaux de compagnie.<\/strong><\/p>\n","protected":false},"excerpt":{"rendered":"<p>\u00c9chelle de nourriture pour animaux de compagnie cuill\u00e8re chien chat bol d&rsquo;alimentation cuill\u00e8re \u00e0 mesurer Portable \u00e9lectronique mesure tasse avec affichage LED accessoires pour animaux de compagnie.<\/p>\n","protected":false},"featured_media":20004,"template":"","meta":{"jetpack_publicize_message":"","jetpack_publicize_feature_enabled":true,"jetpack_social_post_already_shared":true,"jetpack_social_options":{"image_generator_settings":{"template":"highway","default_image_id":0,"font":"","enabled":false},"version":2}},"product_brand":[],"product_cat":[36,23,134,133],"product_tag":[],"class_list":{"0":"post-20002","1":"product","2":"type-product","3":"status-publish","4":"has-post-thumbnail","6":"product_cat-chat","7":"product_cat-chien","8":"product_cat-gamelles","9":"product_cat-gamelle","11":"first","12":"instock","13":"sale","14":"taxable","15":"shipping-taxable","16":"purchasable","17":"product-type-simple"},"supplier_id":5592,"supplier_sku":"","barcode":null,"atum_controlled":true,"out_stock_date":null,"out_stock_threshold":null,"inheritable":false,"inbound_stock":0,"stock_on_hold":1,"sold_today":1,"sales_last_days":4,"reserved_stock":0,"customer_returns":0,"warehouse_damage":0,"lost_in_post":0,"other_logs":0,"out_stock_days":0,"lost_sales":0,"has_location":false,"update_date":"2026-04-29T14:06:52","atum_locations":[],"atum_stock_status":"instock","restock_status":false,"low_stock_amount":1,"sales_update_date":"2026-04-29T14:06:51","calc_backorders":null,"jetpack_publicize_connections":[],"jetpack_sharing_enabled":true,"batches":[],"_links":{"self":[{"href":"https:\/\/petworld.ma\/index.php\/wp-json\/wp\/v2\/product\/20002","targetHints":{"allow":["GET"]}}],"collection":[{"href":"https:\/\/petworld.ma\/index.php\/wp-json\/wp\/v2\/product"}],"about":[{"href":"https:\/\/petworld.ma\/index.php\/wp-json\/wp\/v2\/types\/product"}],"wp:featuredmedia":[{"embeddable":true,"href":"https:\/\/petworld.ma\/index.php\/wp-json\/wp\/v2\/media\/20004"}],"wp:attachment":[{"href":"https:\/\/petworld.ma\/index.php\/wp-json\/wp\/v2\/media?parent=20002"}],"wp:term":[{"taxonomy":"product_brand","embeddable":true,"href":"https:\/\/petworld.ma\/index.php\/wp-json\/wp\/v2\/product_brand?post=20002"},{"taxonomy":"product_cat","embeddable":true,"href":"https:\/\/petworld.ma\/index.php\/wp-json\/wp\/v2\/product_cat?post=20002"},{"taxonomy":"product_tag","embeddable":true,"href":"https:\/\/petworld.ma\/index.php\/wp-json\/wp\/v2\/product_tag?post=20002"}],"curies":[{"name":"wp","href":"https:\/\/api.w.org\/{rel}","templated":true}]}}