{"id":20012,"date":"2025-04-02T15:59:51","date_gmt":"2025-04-02T15:59:51","guid":{"rendered":"https:\/\/petworld.ma\/?post_type=product&#038;p=20012"},"modified":"2025-12-08T18:25:06","modified_gmt":"2025-12-08T18:25:06","slug":"petit-buddy-dingo-panda-en-peluche-pour-chien-all-for-paws","status":"publish","type":"product","link":"https:\/\/petworld.ma\/index.php\/produit\/petit-buddy-dingo-panda-en-peluche-pour-chien-all-for-paws\/","title":{"rendered":"Petit Buddy Dingo Panda en Peluche Pour Chien All For Paws"},"content":{"rendered":"<p>Les peluches pour chien Panda Dingo et Petit Ami d&rsquo;All For Paws conviennent aux jeux d&rsquo;int\u00e9rieur comme d&rsquo;ext\u00e9rieur. Elles permettent de multiplier les interactions avec votre chien et de renforcer le lien qui vous unit. Votre petit compagnon \u00e0 quatre pattes adorera ce jouet adorable et c\u00e2lin. Il l&#8217;emportera partout avec lui.<\/p>\n<ul class=\"a-unordered-list a-vertical a-spacing-mini\">\n<li class=\"a-spacing-mini\"><span class=\"a-list-item\">Con\u00e7u pour inspirer la joie aux animaux de compagnie et \u00e0 leurs propri\u00e9taires.<\/span><\/li>\n<li class=\"a-spacing-mini\"><span class=\"a-list-item\">Fabriqu\u00e9 en mat\u00e9riau doux et non toxique.<\/span><\/li>\n<li class=\"a-spacing-mini\"><span class=\"a-list-item\">Offre un merveilleux moment de jeu avec vos chiens.<\/span><\/li>\n<li class=\"a-spacing-mini\"><span class=\"a-list-item\">Cadeau parfait pour tous vos amis amoureux des chiens.<\/span><\/li>\n<li class=\"a-spacing-mini\"><span class=\"a-list-item\">Convient aux chiens de petite et moyenne taille.<\/span><\/li>\n<\/ul>\n<div class=\"block active\">\n<p><strong>Mat\u00e9riel<\/strong><\/p>\n<\/div>\n<div class=\"none\">\n<ul>\n<li>Polyester<\/li>\n<\/ul>\n<\/div>\n","protected":false},"excerpt":{"rendered":"<p>Les peluches pour chien Panda Dingo et Petit Ami d&rsquo;All For Paws conviennent aux jeux d&rsquo;int\u00e9rieur comme d&rsquo;ext\u00e9rieur. Elles permettent de multiplier les interactions avec votre chien et de renforcer le lien qui vous unit. Votre petit compagnon \u00e0 quatre pattes adorera ce jouet adorable et c\u00e2lin. Il l&#8217;emportera partout avec lui. Con\u00e7u pour inspirer [&#8230;]\n","protected":false},"featured_media":20013,"template":"","meta":{"jetpack_publicize_message":"","jetpack_publicize_feature_enabled":true,"jetpack_social_post_already_shared":true,"jetpack_social_options":{"image_generator_settings":{"template":"highway","default_image_id":0,"font":"","enabled":false},"version":2}},"product_brand":[],"product_cat":[106],"product_tag":[],"class_list":{"0":"post-20012","1":"product","2":"type-product","3":"status-publish","4":"has-post-thumbnail","6":"product_cat-jouet-et-dressage","8":"first","9":"outofstock","10":"taxable","11":"shipping-taxable","12":"purchasable","13":"product-type-simple"},"supplier_id":5603,"supplier_sku":"4209","barcode":null,"atum_controlled":true,"out_stock_date":"2025-12-08 18:25:06","out_stock_threshold":null,"inheritable":false,"inbound_stock":0,"stock_on_hold":0,"sold_today":0,"sales_last_days":0,"reserved_stock":0,"customer_returns":0,"warehouse_damage":0,"lost_in_post":0,"other_logs":0,"out_stock_days":137,"lost_sales":3522,"has_location":false,"update_date":"2026-04-25T08:58:43","atum_locations":[],"atum_stock_status":"outofstock","restock_status":false,"low_stock_amount":1,"sales_update_date":"2026-04-25T08:58:43","calc_backorders":null,"jetpack_publicize_connections":[],"jetpack_sharing_enabled":true,"batches":[],"_links":{"self":[{"href":"https:\/\/petworld.ma\/index.php\/wp-json\/wp\/v2\/product\/20012","targetHints":{"allow":["GET"]}}],"collection":[{"href":"https:\/\/petworld.ma\/index.php\/wp-json\/wp\/v2\/product"}],"about":[{"href":"https:\/\/petworld.ma\/index.php\/wp-json\/wp\/v2\/types\/product"}],"wp:featuredmedia":[{"embeddable":true,"href":"https:\/\/petworld.ma\/index.php\/wp-json\/wp\/v2\/media\/20013"}],"wp:attachment":[{"href":"https:\/\/petworld.ma\/index.php\/wp-json\/wp\/v2\/media?parent=20012"}],"wp:term":[{"taxonomy":"product_brand","embeddable":true,"href":"https:\/\/petworld.ma\/index.php\/wp-json\/wp\/v2\/product_brand?post=20012"},{"taxonomy":"product_cat","embeddable":true,"href":"https:\/\/petworld.ma\/index.php\/wp-json\/wp\/v2\/product_cat?post=20012"},{"taxonomy":"product_tag","embeddable":true,"href":"https:\/\/petworld.ma\/index.php\/wp-json\/wp\/v2\/product_tag?post=20012"}],"curies":[{"name":"wp","href":"https:\/\/api.w.org\/{rel}","templated":true}]}}