{"id":20057,"date":"2025-04-02T16:21:31","date_gmt":"2025-04-02T16:21:31","guid":{"rendered":"https:\/\/petworld.ma\/?post_type=product&#038;p=20057"},"modified":"2026-03-12T23:23:45","modified_gmt":"2026-03-12T23:23:45","slug":"peluche-pour-chien-rough-and-tough-quokka-petit-beco","status":"publish","type":"product","link":"https:\/\/petworld.ma\/index.php\/produit\/peluche-pour-chien-rough-and-tough-quokka-petit-beco\/","title":{"rendered":"Peluche Pour Chien Rough and Tough Quokka Petit Beco"},"content":{"rendered":"<p>Quinn, le mignon Quokka, est une nouvelle peluche de Beco fabriqu\u00e9e \u00e0 partir de bouteilles en plastique recycl\u00e9es pour sensibiliser \u00e0 la pollution des oc\u00e9ans et \u00e0 la biodiversit\u00e9 menac\u00e9e en Australie. Avec ce jouet, Beco veut rappeler aux gens de r\u00e9duire ou de recycler le plastique autant que possible.<\/p>\n<p>Les jouets sont extr\u00eamement robustes et peuvent r\u00e9sister aux morsures et aux luttes pendant le jeu. Le remplissage de ce jouet est fabriqu\u00e9 \u00e0 partir de mat\u00e9riaux recycl\u00e9s, donnant une seconde vie aux d\u00e9chets plastiques et favorisant leur recyclage.<\/p>\n<p>Les \u00e9l\u00e9ments sont tiss\u00e9s ensemble avec des coutures doubles et renforc\u00e9s par une deuxi\u00e8me couche de tissu. Tous les jouets en peluche contiennent un couineur puissant \u00e0 l&rsquo;int\u00e9rieur du jouet.<\/p>\n<p>Veuillez ne jamais laisser votre animal jouer sans surveillance. Aucun jouet n\u2019est indestructible et quelques pi\u00e8ces sont facilement aval\u00e9es.<\/p>\n<p><strong>Mat\u00e9riaux utilis\u00e9s\u00a0\u00a0<\/strong><strong>:\u00a0<\/strong>\u00a0Plastique recycl\u00e9 (RPET), Polyester<\/p>\n<p><strong>Dimensions :<\/strong>\u00a0\u00a010 x 15 x 4 cm<\/p>\n","protected":false},"excerpt":{"rendered":"<p>Quinn, le mignon Quokka, est une nouvelle peluche de Beco fabriqu\u00e9e \u00e0 partir de bouteilles en plastique recycl\u00e9es pour sensibiliser \u00e0 la pollution des oc\u00e9ans et \u00e0 la biodiversit\u00e9 menac\u00e9e en Australie. Avec ce jouet, Beco veut rappeler aux gens de r\u00e9duire ou de recycler le plastique autant que possible. Les jouets sont extr\u00eamement robustes [&#8230;]\n","protected":false},"featured_media":20060,"template":"","meta":{"jetpack_publicize_message":"","jetpack_publicize_feature_enabled":true,"jetpack_social_post_already_shared":true,"jetpack_social_options":{"image_generator_settings":{"template":"highway","default_image_id":0,"font":"","enabled":false},"version":2}},"product_brand":[],"product_cat":[23,106],"product_tag":[],"class_list":{"0":"post-20057","1":"product","2":"type-product","3":"status-publish","4":"has-post-thumbnail","6":"product_cat-chien","7":"product_cat-jouet-et-dressage","9":"first","10":"instock","11":"sale","12":"taxable","13":"shipping-taxable","14":"purchasable","15":"product-type-simple"},"supplier_id":5603,"supplier_sku":"BTT-S-QUOK","barcode":null,"atum_controlled":true,"out_stock_date":null,"out_stock_threshold":null,"inheritable":false,"inbound_stock":0,"stock_on_hold":0,"sold_today":0,"sales_last_days":0,"reserved_stock":0,"customer_returns":0,"warehouse_damage":0,"lost_in_post":0,"other_logs":0,"out_stock_days":0,"lost_sales":0,"has_location":false,"update_date":"2026-05-02T00:18:36","atum_locations":[],"atum_stock_status":"instock","restock_status":false,"low_stock_amount":2,"sales_update_date":"2026-05-02T00:18:36","calc_backorders":null,"jetpack_publicize_connections":[],"jetpack_sharing_enabled":true,"batches":[],"_links":{"self":[{"href":"https:\/\/petworld.ma\/index.php\/wp-json\/wp\/v2\/product\/20057","targetHints":{"allow":["GET"]}}],"collection":[{"href":"https:\/\/petworld.ma\/index.php\/wp-json\/wp\/v2\/product"}],"about":[{"href":"https:\/\/petworld.ma\/index.php\/wp-json\/wp\/v2\/types\/product"}],"wp:featuredmedia":[{"embeddable":true,"href":"https:\/\/petworld.ma\/index.php\/wp-json\/wp\/v2\/media\/20060"}],"wp:attachment":[{"href":"https:\/\/petworld.ma\/index.php\/wp-json\/wp\/v2\/media?parent=20057"}],"wp:term":[{"taxonomy":"product_brand","embeddable":true,"href":"https:\/\/petworld.ma\/index.php\/wp-json\/wp\/v2\/product_brand?post=20057"},{"taxonomy":"product_cat","embeddable":true,"href":"https:\/\/petworld.ma\/index.php\/wp-json\/wp\/v2\/product_cat?post=20057"},{"taxonomy":"product_tag","embeddable":true,"href":"https:\/\/petworld.ma\/index.php\/wp-json\/wp\/v2\/product_tag?post=20057"}],"curies":[{"name":"wp","href":"https:\/\/api.w.org\/{rel}","templated":true}]}}