{"id":20680,"date":"2025-04-15T14:46:05","date_gmt":"2025-04-15T14:46:05","guid":{"rendered":"https:\/\/petworld.ma\/?post_type=product&#038;p=20680"},"modified":"2026-04-14T08:26:43","modified_gmt":"2026-04-14T08:26:43","slug":"antibiotique-locale-en-spray-150ml","status":"publish","type":"product","link":"https:\/\/petworld.ma\/index.php\/produit\/antibiotique-locale-en-spray-150ml\/","title":{"rendered":"Antibiotique Locale en Spray 150ml (NEOCLOR-T)"},"content":{"rendered":"<p>Traitement des plaies accidentelle ou chirurgicale et des l\u00e9sions infectieuses podales (abc\u00e8s, mycoses, dermatite ulc\u00e9rative).<\/p>\n<h3>MODE ET VOIE D\u2019ADMINISTRATION<\/h3>\n<p>\u2022 Usage externe.<br \/>\n\u2022 Bien agiter avant l\u2019emploi.<br \/>\n\u2022 Ne pas vaporiser \u00e0 moins de 15-20 cm.<br \/>\n\u2022 Proc\u00e9der par des br\u00e8ves pressions sans pulv\u00e9risation prolong\u00e9e<br \/>\n\u2022 Traitement \u00e0 r\u00e9p\u00e9ter selon l\u2019\u00e9volution et la gravit\u00e9 des l\u00e9sions.<\/p>\n<p>&nbsp;<\/p>\n<p>Ne pas administrer aux animaux reconnus allergiques aux t\u00e9tracyclines.<\/p>\n","protected":false},"excerpt":{"rendered":"<p>Traitement des plaies accidentelle ou chirurgicale et des l\u00e9sions infectieuses podales (abc\u00e8s, mycoses, dermatite ulc\u00e9rative). MODE ET VOIE D\u2019ADMINISTRATION \u2022 Usage externe. \u2022 Bien agiter avant l\u2019emploi. \u2022 Ne pas vaporiser \u00e0 moins de 15-20 cm. \u2022 Proc\u00e9der par des br\u00e8ves pressions sans pulv\u00e9risation prolong\u00e9e \u2022 Traitement \u00e0 r\u00e9p\u00e9ter selon l\u2019\u00e9volution et la gravit\u00e9 des [&#8230;]\n","protected":false},"featured_media":20682,"template":"","meta":{"jetpack_publicize_message":"","jetpack_publicize_feature_enabled":true,"jetpack_social_post_already_shared":true,"jetpack_social_options":{"image_generator_settings":{"template":"highway","default_image_id":0,"font":"","enabled":false},"version":2}},"product_brand":[],"product_cat":[229,228,218,219,106,225,224],"product_tag":[],"class_list":{"0":"post-20680","1":"product","2":"type-product","3":"status-publish","4":"has-post-thumbnail","6":"product_cat-antiparasitaires-vermifuges-hygiene-et-soins-pour-chat","7":"product_cat-antiparasitaires-vermifuges","8":"product_cat-complement-alimentaire","9":"product_cat-complement-alimentaire-hygiene-et-soins-pour-chat","10":"product_cat-jouet-et-dressage","11":"product_cat-lingettes-serviettes-hygiene-et-soins-pour-chat","12":"product_cat-lingettes-serviettes","14":"first","15":"instock","16":"taxable","17":"shipping-taxable","18":"purchasable","19":"product-type-simple"},"supplier_id":5592,"supplier_sku":"","barcode":null,"atum_controlled":true,"out_stock_date":null,"out_stock_threshold":null,"inheritable":false,"inbound_stock":0,"stock_on_hold":0,"sold_today":0,"sales_last_days":0,"reserved_stock":0,"customer_returns":0,"warehouse_damage":0,"lost_in_post":0,"other_logs":0,"out_stock_days":0,"lost_sales":0,"has_location":false,"update_date":"2026-04-28T00:14:30","atum_locations":[],"atum_stock_status":"instock","restock_status":false,"low_stock_amount":2,"sales_update_date":"2026-04-28T00:14:30","calc_backorders":null,"jetpack_publicize_connections":[],"jetpack_sharing_enabled":true,"batches":[{"id":"3061","date_created":"2025-04-15 16:24:13","date_expiry":"2027-02-28 00:00:00","user_id":"2461","batch_number":"NEOCLOR0227","location":"","quantity":"2.0000","quantity_available":"0.0000","units":"1","status":"archived","order_ids":"[20810,21162]","supplier":"Casablanca","po":{"id":"3028","date_created":"2025-04-15 16:24:13","batch_id":"3061","po_number":"","supplier":"Casablanca","cost":null,"regular_price":null,"sale_price":null,"price_margin":null,"price_discount":null}},{"id":"3526","date_created":"2025-05-20 09:03:04","date_expiry":"2027-02-28 00:00:00","user_id":"2461","batch_number":"NEOCLOR0227","location":"","quantity":"5.0000","quantity_available":"0.0000","units":"1","status":"archived","order_ids":"[22401,22478,22498,22714]","supplier":"Casablanca","po":{"id":"3493","date_created":"2025-05-20 09:03:05","batch_id":"3526","po_number":"","supplier":"Casablanca","cost":null,"regular_price":null,"sale_price":null,"price_margin":null,"price_discount":null}},{"id":"7570","date_created":"2026-02-06 16:07:18","date_expiry":"2027-10-28 00:00:00","user_id":"2461","batch_number":"NEOCLOR1027","location":"","quantity":"6.0000","quantity_available":"4.0000","units":"1","status":"active","order_ids":"[37539,38426]","supplier":"Casablanca","po":{"id":"7505","date_created":"2026-02-06 16:07:19","batch_id":"7570","po_number":"","supplier":"Casablanca","cost":null,"regular_price":null,"sale_price":null,"price_margin":null,"price_discount":null}},{"id":"7897","date_created":"2026-02-23 19:50:31","date_expiry":"2027-10-28 00:00:00","user_id":"2461","batch_number":"NEOCLOR1027","location":"","quantity":"20.0000","quantity_available":"20.0000","units":"1","status":"active","order_ids":null,"supplier":"Casablanca","po":{"id":"7832","date_created":"2026-02-23 19:50:32","batch_id":"7897","po_number":"","supplier":"Casablanca","cost":null,"regular_price":null,"sale_price":null,"price_margin":null,"price_discount":null}}],"_links":{"self":[{"href":"https:\/\/petworld.ma\/index.php\/wp-json\/wp\/v2\/product\/20680","targetHints":{"allow":["GET"]}}],"collection":[{"href":"https:\/\/petworld.ma\/index.php\/wp-json\/wp\/v2\/product"}],"about":[{"href":"https:\/\/petworld.ma\/index.php\/wp-json\/wp\/v2\/types\/product"}],"wp:featuredmedia":[{"embeddable":true,"href":"https:\/\/petworld.ma\/index.php\/wp-json\/wp\/v2\/media\/20682"}],"wp:attachment":[{"href":"https:\/\/petworld.ma\/index.php\/wp-json\/wp\/v2\/media?parent=20680"}],"wp:term":[{"taxonomy":"product_brand","embeddable":true,"href":"https:\/\/petworld.ma\/index.php\/wp-json\/wp\/v2\/product_brand?post=20680"},{"taxonomy":"product_cat","embeddable":true,"href":"https:\/\/petworld.ma\/index.php\/wp-json\/wp\/v2\/product_cat?post=20680"},{"taxonomy":"product_tag","embeddable":true,"href":"https:\/\/petworld.ma\/index.php\/wp-json\/wp\/v2\/product_tag?post=20680"}],"curies":[{"name":"wp","href":"https:\/\/api.w.org\/{rel}","templated":true}]}}