{"id":22130,"date":"2025-05-21T18:44:57","date_gmt":"2025-05-21T18:44:57","guid":{"rendered":"https:\/\/petworld.ma\/?post_type=product&#038;p=22130"},"modified":"2026-04-16T18:10:24","modified_gmt":"2026-04-16T18:10:24","slug":"beaphar-top-10-multivitamines-pour-chien-180-comprimes","status":"publish","type":"product","link":"https:\/\/petworld.ma\/index.php\/produit\/beaphar-top-10-multivitamines-pour-chien-180-comprimes\/","title":{"rendered":"Beaphar TOP 10 Multivitamines Pour Chien 180 comprim\u00e9s"},"content":{"rendered":"<p>Les comprim\u00e9s multivitamin\u00e9s Beaphar Top 10 contiennent dix vitamines, min\u00e9raux et oligo-\u00e9l\u00e9ments essentiels qui favorisent la vitalit\u00e9 et renforcent la condition physique de votre chien. Top 10 favorise le d\u00e9veloppement naturel des os et des dents chez les jeunes chiens, et assure un pelage brillant et des yeux brillants. Chez les chiens plus \u00e2g\u00e9s, Top 10 contribue \u00e0 maintenir la vivacit\u00e9 et l&rsquo;agilit\u00e9 de l&rsquo;animal. Il contient \u00e9galement de la L-Carnitine pour des muscles forts. Contient suffisamment de comprim\u00e9s pour traiter un chien de taille moyenne pendant 6 semaines.<\/p>\n<p><strong>Dosage<\/strong><\/p>\n<p>Donner 1 comprim\u00e9 par 5 kg de poids corporel chaque jour<\/p>\n<p>&nbsp;<\/p>\n","protected":false},"excerpt":{"rendered":"<p>Contenant une grande vari\u00e9t\u00e9 de vitamines et min\u00e9raux essentiels, ces comprim\u00e9s savoureux contribuent au bon fonctionnement de l&rsquo;organisme, notamment du c\u0153ur, du syst\u00e8me nerveux et du syst\u00e8me digestif. Ils contribuent \u00e9galement \u00e0 la sant\u00e9 de la peau et du pelage, ainsi qu&rsquo;\u00e0 la force du syst\u00e8me musculo-squelettique.<\/p>\n","protected":false},"featured_media":22131,"template":"","meta":{"jetpack_publicize_message":"","jetpack_publicize_feature_enabled":true,"jetpack_social_post_already_shared":true,"jetpack_social_options":{"image_generator_settings":{"template":"highway","default_image_id":0,"font":"","enabled":false},"version":2}},"product_brand":[],"product_cat":[218],"product_tag":[],"class_list":{"0":"post-22130","1":"product","2":"type-product","3":"status-publish","4":"has-post-thumbnail","6":"product_cat-complement-alimentaire","8":"first","9":"instock","10":"taxable","11":"shipping-taxable","12":"purchasable","13":"product-type-simple"},"supplier_id":5603,"supplier_sku":"10394","barcode":null,"atum_controlled":true,"out_stock_date":null,"out_stock_threshold":null,"inheritable":false,"inbound_stock":0,"stock_on_hold":0,"sold_today":0,"sales_last_days":0,"reserved_stock":0,"customer_returns":0,"warehouse_damage":0,"lost_in_post":0,"other_logs":0,"out_stock_days":0,"lost_sales":0,"has_location":false,"update_date":"2026-04-26T00:14:54","atum_locations":[],"atum_stock_status":"instock","restock_status":false,"low_stock_amount":2,"sales_update_date":"2026-04-26T00:14:53","calc_backorders":null,"jetpack_publicize_connections":[],"jetpack_sharing_enabled":true,"batches":[{"id":"3529","date_created":"2025-05-21 19:02:11","date_expiry":"2027-03-05 00:00:00","user_id":"2760","batch_number":"VitaminesBeaphar","location":"","quantity":"10.0000","quantity_available":"0.0000","units":"1","status":"archived","order_ids":"[22404,23121,23641,24099,27959,27989,28864,29101,30925]","supplier":"HILLS","po":{"id":"3497","date_created":"2025-05-21 19:02:12","batch_id":"3529","po_number":"","supplier":"HILLS","cost":null,"regular_price":null,"sale_price":null,"price_margin":null,"price_discount":null}},{"id":"6027","date_created":"2025-11-05 15:33:20","date_expiry":"2027-03-05 00:00:00","user_id":"2760","batch_number":"VitaminesBeaphar","location":"","quantity":"2.0000","quantity_available":"0.0000","units":"1","status":"archived","order_ids":"[31013,31639]","supplier":"HILLS","po":{"id":"5971","date_created":"2025-11-05 15:33:20","batch_id":"6027","po_number":"","supplier":"HILLS","cost":null,"regular_price":null,"sale_price":null,"price_margin":null,"price_discount":null}},{"id":"6485","date_created":"2025-12-06 12:51:11","date_expiry":"2027-03-05 00:00:00","user_id":"2760","batch_number":"VitaminesBeaphar","location":"","quantity":"1.0000","quantity_available":"0.0000","units":"1","status":"archived","order_ids":"[32083]","supplier":"HILLS","po":{"id":"6431","date_created":"2025-12-06 12:51:11","batch_id":"6485","po_number":"","supplier":"HILLS","cost":null,"regular_price":null,"sale_price":null,"price_margin":null,"price_discount":null}},{"id":"6749","date_created":"2025-12-18 13:48:37","date_expiry":"2027-03-05 00:00:00","user_id":"2760","batch_number":"VitaminesBeaphar","location":"","quantity":"1.0000","quantity_available":"0.0000","units":"1","status":"archived","order_ids":"[33474]","supplier":"HILLS","po":{"id":"6695","date_created":"2025-12-18 13:48:38","batch_id":"6749","po_number":"","supplier":"HILLS","cost":null,"regular_price":null,"sale_price":null,"price_margin":null,"price_discount":null}},{"id":"7023","date_created":"2026-01-01 12:57:01","date_expiry":"2027-03-05 00:00:00","user_id":"2760","batch_number":"VitaminesBeaphar0327","location":"","quantity":"1.0000","quantity_available":"0.0000","units":"1","status":"archived","order_ids":"[36786]","supplier":"HILLS","po":{"id":"6962","date_created":"2026-01-01 12:57:02","batch_id":"7023","po_number":"","supplier":"HILLS","cost":null,"regular_price":null,"sale_price":null,"price_margin":null,"price_discount":null}},{"id":"7998","date_created":"2026-02-28 11:52:07","date_expiry":"2028-03-10 00:00:00","user_id":"2760","batch_number":"VitaminesBeaphar0828","location":"","quantity":"1.0000","quantity_available":"0.0000","units":"1","status":"archived","order_ids":"[38879]","supplier":"HILLS","po":{"id":"7936","date_created":"2026-02-28 11:52:08","batch_id":"7998","po_number":"","supplier":"HILLS","cost":null,"regular_price":null,"sale_price":null,"price_margin":null,"price_discount":null}},{"id":"8363","date_created":"2026-03-19 10:37:28","date_expiry":"2027-03-05 00:00:00","user_id":"2760","batch_number":"VitaminesBeaphar0327","location":"","quantity":"1.0000","quantity_available":"0.0000","units":"1","status":"archived","order_ids":"[38765]","supplier":"HILLS","po":{"id":"8291","date_created":"2026-03-19 10:37:28","batch_id":"8363","po_number":"","supplier":"HILLS","cost":null,"regular_price":null,"sale_price":null,"price_margin":null,"price_discount":null}},{"id":"8854","date_created":"2026-04-16 18:10:23","date_expiry":"2027-03-05 00:00:00","user_id":"2760","batch_number":"VitaminesBeaphar0327","location":"","quantity":"2.0000","quantity_available":"2.0000","units":"1","status":"active","order_ids":null,"supplier":"HILLS","po":{"id":"8781","date_created":"2026-04-16 18:10:24","batch_id":"8854","po_number":"","supplier":"HILLS","cost":null,"regular_price":null,"sale_price":null,"price_margin":null,"price_discount":null}}],"_links":{"self":[{"href":"https:\/\/petworld.ma\/index.php\/wp-json\/wp\/v2\/product\/22130","targetHints":{"allow":["GET"]}}],"collection":[{"href":"https:\/\/petworld.ma\/index.php\/wp-json\/wp\/v2\/product"}],"about":[{"href":"https:\/\/petworld.ma\/index.php\/wp-json\/wp\/v2\/types\/product"}],"wp:featuredmedia":[{"embeddable":true,"href":"https:\/\/petworld.ma\/index.php\/wp-json\/wp\/v2\/media\/22131"}],"wp:attachment":[{"href":"https:\/\/petworld.ma\/index.php\/wp-json\/wp\/v2\/media?parent=22130"}],"wp:term":[{"taxonomy":"product_brand","embeddable":true,"href":"https:\/\/petworld.ma\/index.php\/wp-json\/wp\/v2\/product_brand?post=22130"},{"taxonomy":"product_cat","embeddable":true,"href":"https:\/\/petworld.ma\/index.php\/wp-json\/wp\/v2\/product_cat?post=22130"},{"taxonomy":"product_tag","embeddable":true,"href":"https:\/\/petworld.ma\/index.php\/wp-json\/wp\/v2\/product_tag?post=22130"}],"curies":[{"name":"wp","href":"https:\/\/api.w.org\/{rel}","templated":true}]}}