{"id":22314,"date":"2025-05-25T14:20:27","date_gmt":"2025-05-25T14:20:27","guid":{"rendered":"https:\/\/petworld.ma\/?post_type=product&#038;p=22314"},"modified":"2026-04-09T16:28:48","modified_gmt":"2026-04-09T16:28:48","slug":"biogance-shampooing-chat-et-chaton-250-ml","status":"publish","type":"product","link":"https:\/\/petworld.ma\/index.php\/produit\/biogance-shampooing-chat-et-chaton-250-ml\/","title":{"rendered":"Shampoing Biogance Chat et Chaton- 250 Ml"},"content":{"rendered":"<h3 class=\"product-characteristics__title c-text c-text--size-m c-text--style-h3 c-text--spacing-default\"><strong>Caract\u00e9ristiques:<\/strong><\/h3>\n<div class=\"product-characteristics__wrap\">\n<div id=\"product-characteristics-description\" class=\"product-content\">\n<div class=\"product-content__title\">\n<p class=\"product-content__title-text c-text c-text--size-m c-text--style-p c-text--bold c-text--spacing-default\"><strong>Description:\u00a0<\/strong><\/p>\n<\/div>\n<div class=\"product-content__content c-text c-text--size-s c-text--style-p c-text--spacing-default\">\n<div>\n<p>\u00c0 la fois nourrissant et r\u00e9parateur, le\u00a0<b>shampooing My Cat Biogance\u00a0<\/b>donnera un pelage magnifique \u00e0 votre chat. Ce produit de fabrication fran\u00e7aise est ce qu\u2019il vous faut pour prendre soin de la fourrure et de la peau de votre animal de compagnie.<\/p>\n<p>Ce\u00a0<b>shampooing chat,<\/b>\u00a0formul\u00e9 \u00e0 partir d\u2019extrait d\u2019ortie et d\u2019huile d\u2019Argan, revigore le pelage tout en prot\u00e9geant la peau de votre boule de poils des agressions ext\u00e9rieures. Garanti sans parab\u00e8ne ni ph\u00e9noxy\u00e9thanol, ni huiles animales, ce produit convient \u00e0 tous les types de fourrure. Ce shampooing hypoallerg\u00e9nique gr\u00e2ce \u00e0 son pH neutre peut \u00e9galement \u00eatre utilis\u00e9 pour faire la toilette de votre chaton.<\/p>\n<p>Ce\u00a0<b>shampooing pour chat<\/b>\u00a0est \u00e9labor\u00e9 \u00e0 partir d\u2019extraits de plantes Bio\u00a0:<\/p>\n<p>&#8211;\u00a0\u00a0\u00a0\u00a0\u00a0\u00a0\u00a0\u00a0\u00a0 l\u2019huile d\u2019Argan, \u00e0 la fois antioxydante, revitalisante et cicatrisante, r\u00e9pare et gaine le poil \u00e9caill\u00e9, rendant ainsi le pelage soyeux\u00a0;<\/p>\n<p>&#8211;\u00a0\u00a0\u00a0\u00a0\u00a0\u00a0\u00a0\u00a0\u00a0 l\u2019ortie, une plante aux propri\u00e9t\u00e9s astringentes qui r\u00e9gule la production de s\u00e9bum. Cet antipelliculaire naturel favorise \u00e9galement la repousse des poils.<\/p>\n<p>Riche en acides gras, en vitamines A et E et en om\u00e9gas 6, ce produit de toilettage nourrit et prot\u00e8ge le pelage. Cette formule hydrate \u00e9galement les couches sup\u00e9rieures de l\u2019\u00e9piderme.<\/p>\n<p>Appliquez ce shampooing apr\u00e8s avoir mouill\u00e9 la fourrure de votre chat. Prenez surtout le soin d\u2019\u00e9viter les yeux. Massez la fourrure pour faire p\u00e9n\u00e9trer les principes actifs et rincez. R\u00e9appliquez ensuite le produit, laissez agir pendant 2 minutes et rincez abondamment.<\/p>\n<\/div>\n<div class=\"product-composition__wrap\">\n<div class=\"product-content\" data-testid=\"product-composition-ingredients\">\n<div class=\"product-content__title\">\n<p class=\"product-content__title-text c-text c-text--size-m c-text--style-p c-text--bold c-text--spacing-default\"><strong>Ingr\u00e9dients:\u00a0<\/strong><\/p>\n<\/div>\n<div class=\"product-content__content c-text c-text--size-s c-text--style-p c-text--spacing-default\">\n<div>Eau, base lavante d&rsquo;origine naturelle, extrait d&rsquo;ortie*, huile d&rsquo;argan*, provitamine B5, parfum, conservateur* Ingr\u00e9dient issu de l\u2019agriculture biologique<\/div>\n<\/div>\n<\/div>\n<\/div>\n<div class=\"product-content\" data-testid=\"product-composition-regulatedName\">\n<div class=\"product-content__title\"><\/div>\n<\/div>\n<\/div>\n<\/div>\n<\/div>\n","protected":false},"excerpt":{"rendered":"<p>Shampoing naturel pour chatons et chats, tous types de poils<\/p>\n","protected":false},"featured_media":22315,"template":"","meta":{"jetpack_publicize_message":"","jetpack_publicize_feature_enabled":true,"jetpack_social_post_already_shared":true,"jetpack_social_options":{"image_generator_settings":{"template":"highway","default_image_id":0,"font":"","enabled":false},"version":2}},"product_brand":[],"product_cat":[215],"product_tag":[],"class_list":{"0":"post-22314","1":"product","2":"type-product","3":"status-publish","4":"has-post-thumbnail","6":"product_cat-parfums-shampoing-hygiene-et-soins-pour-chat","8":"first","9":"instock","10":"taxable","11":"shipping-taxable","12":"purchasable","13":"product-type-simple"},"supplier_id":22725,"supplier_sku":"","barcode":"3770001288086","atum_controlled":true,"out_stock_date":null,"out_stock_threshold":null,"inheritable":false,"inbound_stock":0,"stock_on_hold":0,"sold_today":0,"sales_last_days":0,"reserved_stock":0,"customer_returns":0,"warehouse_damage":0,"lost_in_post":0,"other_logs":0,"out_stock_days":0,"lost_sales":0,"has_location":false,"update_date":"2026-05-08T21:12:56","atum_locations":[],"atum_stock_status":"instock","restock_status":false,"low_stock_amount":10,"sales_update_date":"2026-05-08T21:12:56","calc_backorders":null,"jetpack_publicize_connections":[],"jetpack_sharing_enabled":true,"batches":[{"id":"3616","date_created":"2025-05-25 14:24:33","date_expiry":"2028-12-31 00:00:00","user_id":"2760","batch_number":"Lot311228","location":"","quantity":"10.0000","quantity_available":"0.0000","units":"1","status":"archived","order_ids":"[23367,25380,26909,27173,29714,30475,30493,30622,31487,31625]","supplier":"PETPLANET","po":{"id":"3584","date_created":"2025-05-25 14:24:34","batch_id":"3616","po_number":"","supplier":"PETPLANET","cost":null,"regular_price":null,"sale_price":null,"price_margin":null,"price_discount":null}},{"id":"6078","date_created":"2025-11-11 16:52:56","date_expiry":"2028-12-31 00:00:00","user_id":"2760","batch_number":"Lot311228","location":"","quantity":"10.0000","quantity_available":"1.0000","units":"1","status":"active","order_ids":"[31759,31963,32179,34003,35200,35703,38023,38451,39284]","supplier":"PETPLANET","po":{"id":"6024","date_created":"2025-11-11 16:52:57","batch_id":"6078","po_number":"","supplier":"PETPLANET","cost":null,"regular_price":null,"sale_price":null,"price_margin":null,"price_discount":null}},{"id":"8616","date_created":"2026-04-02 10:12:34","date_expiry":"2029-12-31 00:00:00","user_id":"2760","batch_number":"Lot311229","location":"","quantity":"10.0000","quantity_available":"10.0000","units":"1","status":"active","order_ids":null,"supplier":"PETPLANET","po":{"id":"8544","date_created":"2026-04-02 10:12:34","batch_id":"8616","po_number":"","supplier":"PETPLANET","cost":null,"regular_price":null,"sale_price":null,"price_margin":null,"price_discount":null}}],"_links":{"self":[{"href":"https:\/\/petworld.ma\/index.php\/wp-json\/wp\/v2\/product\/22314","targetHints":{"allow":["GET"]}}],"collection":[{"href":"https:\/\/petworld.ma\/index.php\/wp-json\/wp\/v2\/product"}],"about":[{"href":"https:\/\/petworld.ma\/index.php\/wp-json\/wp\/v2\/types\/product"}],"wp:featuredmedia":[{"embeddable":true,"href":"https:\/\/petworld.ma\/index.php\/wp-json\/wp\/v2\/media\/22315"}],"wp:attachment":[{"href":"https:\/\/petworld.ma\/index.php\/wp-json\/wp\/v2\/media?parent=22314"}],"wp:term":[{"taxonomy":"product_brand","embeddable":true,"href":"https:\/\/petworld.ma\/index.php\/wp-json\/wp\/v2\/product_brand?post=22314"},{"taxonomy":"product_cat","embeddable":true,"href":"https:\/\/petworld.ma\/index.php\/wp-json\/wp\/v2\/product_cat?post=22314"},{"taxonomy":"product_tag","embeddable":true,"href":"https:\/\/petworld.ma\/index.php\/wp-json\/wp\/v2\/product_tag?post=22314"}],"curies":[{"name":"wp","href":"https:\/\/api.w.org\/{rel}","templated":true}]}}