{"id":22548,"date":"2025-05-29T09:58:37","date_gmt":"2025-05-29T09:58:37","guid":{"rendered":"https:\/\/petworld.ma\/?post_type=product&#038;p=22548"},"modified":"2026-04-28T12:36:33","modified_gmt":"2026-04-28T12:36:33","slug":"bac-a-litiere-rectangle-cm-43x33x9-h","status":"publish","type":"product","link":"https:\/\/petworld.ma\/index.php\/produit\/bac-a-litiere-rectangle-cm-43x33x9-h\/","title":{"rendered":"Bac \u00e0 liti\u00e8re Rectangle (cm 43x33x9 h)"},"content":{"rendered":"<ul class=\"a-unordered-list a-vertical a-spacing-mini\">\n<li class=\"a-spacing-mini\"><span class=\"a-list-item\">Bac \u00e0 liti\u00e8re pour chat de haute qualit\u00e9 en plastique de haute qualit\u00e9.<\/span><\/li>\n<li class=\"a-spacing-mini\"><span class=\"a-list-item\">Grand bac \u00e0 liti\u00e8re pour chat en plastique de haute qualit\u00e9.<\/span><\/li>\n<li class=\"a-spacing-mini\"><span class=\"a-list-item\">Design extra profond pour emp\u00eacher la liti\u00e8re de se renverser<\/span><\/li>\n<li class=\"a-spacing-mini\"><span class=\"a-list-item\">Convient pour les chats et les chatons<\/span><\/li>\n<\/ul>\n<p>Dimensions: 43x33x9h\u00a0 cm<\/p>\n","protected":false},"excerpt":{"rendered":"<p><span class=\"a-list-item\">Grand bac \u00e0 liti\u00e8re pour chat en plastique de haute qualit\u00e9<\/span><\/p>\n","protected":false},"featured_media":22631,"template":"","meta":{"jetpack_publicize_message":"","jetpack_publicize_feature_enabled":true,"jetpack_social_post_already_shared":true,"jetpack_social_options":{"image_generator_settings":{"template":"highway","default_image_id":0,"font":"","enabled":false},"version":2}},"product_brand":[],"product_cat":[94],"product_tag":[],"class_list":{"0":"post-22548","1":"product","2":"type-product","3":"status-publish","4":"has-post-thumbnail","6":"product_cat-litieres-et-bacs","8":"first","9":"instock","10":"taxable","11":"shipping-taxable","12":"purchasable","13":"product-type-variable"},"supplier_id":5603,"supplier_sku":"","barcode":null,"atum_controlled":true,"out_stock_date":"2025-05-29 09:58:37","out_stock_threshold":null,"inheritable":true,"inbound_stock":0,"stock_on_hold":0,"sold_today":0,"sales_last_days":1,"reserved_stock":0,"customer_returns":0,"warehouse_damage":0,"lost_in_post":0,"other_logs":0,"out_stock_days":340,"lost_sales":0,"has_location":false,"update_date":"2026-05-05T00:18:22","atum_locations":[],"atum_stock_status":"instock","restock_status":false,"low_stock_amount":"","sales_update_date":"2026-05-05T00:18:22","calc_backorders":null,"jetpack_publicize_connections":[],"jetpack_sharing_enabled":true,"batches":[],"_links":{"self":[{"href":"https:\/\/petworld.ma\/index.php\/wp-json\/wp\/v2\/product\/22548","targetHints":{"allow":["GET"]}}],"collection":[{"href":"https:\/\/petworld.ma\/index.php\/wp-json\/wp\/v2\/product"}],"about":[{"href":"https:\/\/petworld.ma\/index.php\/wp-json\/wp\/v2\/types\/product"}],"wp:featuredmedia":[{"embeddable":true,"href":"https:\/\/petworld.ma\/index.php\/wp-json\/wp\/v2\/media\/22631"}],"wp:attachment":[{"href":"https:\/\/petworld.ma\/index.php\/wp-json\/wp\/v2\/media?parent=22548"}],"wp:term":[{"taxonomy":"product_brand","embeddable":true,"href":"https:\/\/petworld.ma\/index.php\/wp-json\/wp\/v2\/product_brand?post=22548"},{"taxonomy":"product_cat","embeddable":true,"href":"https:\/\/petworld.ma\/index.php\/wp-json\/wp\/v2\/product_cat?post=22548"},{"taxonomy":"product_tag","embeddable":true,"href":"https:\/\/petworld.ma\/index.php\/wp-json\/wp\/v2\/product_tag?post=22548"}],"curies":[{"name":"wp","href":"https:\/\/api.w.org\/{rel}","templated":true}]}}