{"id":22675,"date":"2025-05-31T09:01:07","date_gmt":"2025-05-31T09:01:07","guid":{"rendered":"https:\/\/petworld.ma\/?post_type=product&#038;p=22675"},"modified":"2026-05-04T19:04:34","modified_gmt":"2026-05-04T19:04:34","slug":"purina-gourmet-gold-morceaux-en-sauce-a-la-dinde-et-au-canard","status":"publish","type":"product","link":"https:\/\/petworld.ma\/index.php\/produit\/purina-gourmet-gold-morceaux-en-sauce-a-la-dinde-et-au-canard\/","title":{"rendered":"Purina Gourmet Gold Morceaux en sauce \u00e0 la dinde et au canard"},"content":{"rendered":"<div class=\"field__item\">\n<p>La nourriture pour chat GOURMET\u2122 Gold Fine Bites in Sauce est une d\u00e9licieuse recette pour chouchouter son go\u00fbt raffin\u00e9 avec une exp\u00e9rience gustative diff\u00e9rente chaque jour. De fins morceaux de dinde et de canard, cuits doucement \u00e0 la perfection et baign\u00e9s dans une sauce savoureuse pour ravir votre chat avec une saveur d\u00e9licieuse et riche. Les bouch\u00e9es fines GOURMET\u2122 Gold tentent votre chat avec une friandise juteuse\u00a0! Sans colorants, conservateurs ou ar\u00f4mes artificiels ajout\u00e9s.<\/p>\n<\/div>\n<div class=\"field__item\">\n<p><strong>Composition<\/strong><\/p>\n<ul>\n<li><span>Viande et sous-produits animaux (26 % dont dinde 4 % et canard 4 %)<\/span><\/li>\n<li><span>C\u00e9r\u00e9ales<\/span><\/li>\n<li><span>Min\u00e9raux<\/span><\/li>\n<li><span>Sucre<\/span><\/li>\n<\/ul>\n<\/div>\n","protected":false},"excerpt":{"rendered":"<div class=\"product__short-description no-load\">\n<ul>\n<li><span><span>Avec de tendres morceaux de dinde et de canard dans une sauce savoureuse.<\/span><\/span><\/li>\n<li><span><span>Aliment complet pour chats adultes (1 \u00e0 7 ans).<\/span><\/span><\/li>\n<li><span><span>Cuit d\u00e9licatement \u00e0 la perfection et baign\u00e9 dans une sauce savoureuse.<\/span><\/span><\/li>\n<li><span><span>Servi dans une bo\u00eete de 85 g pour garder chaque repas frais et pratique.<\/span><\/span><\/li>\n<\/ul>\n<\/div>\n<div class=\"product__link-description\"><\/div>\n","protected":false},"featured_media":22676,"template":"","meta":{"jetpack_publicize_message":"","jetpack_publicize_feature_enabled":true,"jetpack_social_post_already_shared":true,"jetpack_social_options":{"image_generator_settings":{"template":"highway","default_image_id":0,"font":"","enabled":false},"version":2}},"product_brand":[],"product_cat":[41],"product_tag":[],"class_list":{"0":"post-22675","1":"product","2":"type-product","3":"status-publish","4":"has-post-thumbnail","6":"product_cat-friandises-et-pate-pour-chat","8":"first","9":"instock","10":"taxable","11":"shipping-taxable","12":"purchasable","13":"product-type-simple"},"supplier_id":5598,"supplier_sku":"","barcode":"7613032946753","atum_controlled":true,"out_stock_date":null,"out_stock_threshold":null,"inheritable":false,"inbound_stock":0,"stock_on_hold":9,"sold_today":0,"sales_last_days":5,"reserved_stock":0,"customer_returns":0,"warehouse_damage":0,"lost_in_post":0,"other_logs":0,"out_stock_days":0,"lost_sales":0,"has_location":false,"update_date":"2026-05-07T11:05:42","atum_locations":[],"atum_stock_status":"instock","restock_status":false,"low_stock_amount":5,"sales_update_date":"2026-05-07T11:05:42","calc_backorders":null,"jetpack_publicize_connections":[],"jetpack_sharing_enabled":true,"batches":[{"id":"3683","date_created":"2025-05-31 09:04:52","date_expiry":"2026-12-31 00:00:00","user_id":"9","batch_number":"lot122026","location":"","quantity":"360.0000","quantity_available":"56.0000","units":"1","status":"active","order_ids":"[22989,23307,23407,23540,23593,23711,23786,23838,23923,23931,24005,24063,24318,24475,24492,24498,24775,24795,24814,25023,25156,25371,25517,25537,25540,25752,25980,25996,26033,26087,26211,26241,26270,26285,26316,26406,26857,26948,26949,26970,27077,27205,27321,27519,27556,27719,27765,27767,27861,28047,28082,28204,28238,28255,28263,28264,28322,28401,28439,28585,28742,29192,29339,29345,29825,29914,30061,30335,30664,31274,32067,32824,33044,33128,33209,33389,33683,33906,35240,35450,36336,36467,36808,37145,37811,37957,38327,38633,38993,40136,40504,41182,41260,41294,41376]","supplier":"Proplan","po":{"id":"3650","date_created":"2025-05-31 09:04:53","batch_id":"3683","po_number":"","supplier":"Proplan","cost":null,"regular_price":null,"sale_price":null,"price_margin":null,"price_discount":null}}],"_links":{"self":[{"href":"https:\/\/petworld.ma\/index.php\/wp-json\/wp\/v2\/product\/22675","targetHints":{"allow":["GET"]}}],"collection":[{"href":"https:\/\/petworld.ma\/index.php\/wp-json\/wp\/v2\/product"}],"about":[{"href":"https:\/\/petworld.ma\/index.php\/wp-json\/wp\/v2\/types\/product"}],"wp:featuredmedia":[{"embeddable":true,"href":"https:\/\/petworld.ma\/index.php\/wp-json\/wp\/v2\/media\/22676"}],"wp:attachment":[{"href":"https:\/\/petworld.ma\/index.php\/wp-json\/wp\/v2\/media?parent=22675"}],"wp:term":[{"taxonomy":"product_brand","embeddable":true,"href":"https:\/\/petworld.ma\/index.php\/wp-json\/wp\/v2\/product_brand?post=22675"},{"taxonomy":"product_cat","embeddable":true,"href":"https:\/\/petworld.ma\/index.php\/wp-json\/wp\/v2\/product_cat?post=22675"},{"taxonomy":"product_tag","embeddable":true,"href":"https:\/\/petworld.ma\/index.php\/wp-json\/wp\/v2\/product_tag?post=22675"}],"curies":[{"name":"wp","href":"https:\/\/api.w.org\/{rel}","templated":true}]}}