{"id":23285,"date":"2025-06-12T21:00:53","date_gmt":"2025-06-12T21:00:53","guid":{"rendered":"https:\/\/petworld.ma\/?post_type=product&#038;p=23285"},"modified":"2026-04-06T08:36:16","modified_gmt":"2026-04-06T08:36:16","slug":"royal-canin-indoor-2kg-pochon-85g-gratuit","status":"publish","type":"product","link":"https:\/\/petworld.ma\/index.php\/produit\/royal-canin-indoor-2kg-pochon-85g-gratuit\/","title":{"rendered":"Royal Canin Indoor 2kg + Pochon 85g Gratuit"},"content":{"rendered":"<div>\n<div>\n<h2>Aliment complet et \u00e9quilibr\u00e9 pour chats adultes (de 1 \u00e0 7 ans), vivant \u00e0 l\u2019int\u00e9rieur.<\/h2>\n<\/div>\n<\/div>\n<div>\n<div data-gtm-vis-first-on-screen-40760133_376=\"164935\" data-gtm-vis-first-on-screen-40760133_379=\"164934\" data-gtm-vis-has-fired-40760133_376=\"1\" data-gtm-vis-has-fired-40760133_379=\"1\" data-gtm-vis-recent-on-screen-40760133_376=\"164935\" data-gtm-vis-recent-on-screen-40760133_379=\"164934\" data-gtm-vis-total-visible-time-40760133_376=\"500\" data-gtm-vis-total-visible-time-40760133_379=\"500\" data-tms=\"Product description\">\n<div>\n<div>\n<div>\n<div>\n<p>Les chats d\u2019int\u00e9rieur adultes comme le v\u00f4tre ont tendance \u00e0 faire moins d\u2019exercice que les chats d\u2019ext\u00e9rieur, c\u2019est pourquoi il est important qu\u2019ils re\u00e7oivent une alimentation \u00e9quilibr\u00e9e et compl\u00e8te contenant des nutriments b\u00e9n\u00e9fiques favorisant une sant\u00e9 optimale. \u00a0 ROYAL CANIN\u00ae Indoor 27 contient des prot\u00e9ines hautement digestibles (L.I.P.) sp\u00e9cifiquement s\u00e9lectionn\u00e9es pour leur tr\u00e8s haute digestibilit\u00e9. Elles contribuent \u00e9galement \u00e0 r\u00e9duire la quantit\u00e9 des selles de votre chat, ainsi que l\u2019odeur qu\u2019elles peuvent produire lorsque les chats ont un transit intestinal moins efficace en raison du manque d\u2019exercice. \u00a0 La teneur mod\u00e9r\u00e9e de cet aliment en mati\u00e8res grasses garantit que l\u2019apport calorique de votre chat est adapt\u00e9 \u00e0 son niveau d\u2019activit\u00e9, cet apport calorique contribuant \u00e9galement \u00e0 maintenir son poids de forme. \u00a0 Il est courant que les chats d\u2019int\u00e9rieur passent de longs moments faire leur toilette. Gr\u00e2ce \u00e0 l\u2019ajout de fibres alimentaires sp\u00e9cifiques, comme le psyllium, cet aliment favorise \u00e9galement l\u2019\u00e9limination des poils ing\u00e9r\u00e9s, r\u00e9duisant ainsi consid\u00e9rablement la formation de boules de poils. \u00a0 \u00a0La gamme ROYAL CANIN\u00ae Indoor est \u00e9galement disponible en fonction du mode de vie, de la morphologie et de l\u2019\u00e2ge de votre chat : Indoor Long Hair et Indoor 7+. \u00a0 Pour r\u00e9pondre aux pr\u00e9f\u00e9rences individuelles de chaque chat, ROYAL CANIN\u00ae Indoor est \u00e9galement disponible sous forme de morceaux en sauce, en gel\u00e9e ou en mousse. Si vous envisagez une alimentation mixte, il vous suffit de suivre nos instructions pour vous assurer que votre chat re\u00e7oit la quantit\u00e9 de nourriture s\u00e8che et humide n\u00e9cessaire pour un b\u00e9n\u00e9fice optimal.<\/p>\n<p><strong>\u00a0 \u00a0BENEFICES :<\/strong><\/p>\n<div data-gtm-vis-first-on-screen-40760133_376=\"164935\" data-gtm-vis-first-on-screen-40760133_379=\"164934\" data-gtm-vis-has-fired-40760133_376=\"1\" data-gtm-vis-has-fired-40760133_379=\"1\" data-gtm-vis-recent-on-screen-40760133_376=\"164935\" data-gtm-vis-recent-on-screen-40760133_379=\"164934\" data-gtm-vis-total-visible-time-40760133_376=\"500\" data-gtm-vis-total-visible-time-40760133_379=\"500\" data-tms=\"Product description\">\n<div>\n<div>\n<div>\n<div>\n<ul>\n<li>\n<div>R\u00e9duction des odeurs de selles<\/div>\n<div>Le manque d\u2019exercice peut entra\u00eener un ralentissement du transit intestinal qui lui-m\u00eame peut donner lieu \u00e0 la production de selles malodorantes. ROYAL CANIN\u00ae Indoor 27 contient des prot\u00e9ines hautement digestibles (L.I.P.)*, une teneur ajust\u00e9e en fibres et des nutriments sp\u00e9cifiques pour favoriser une bonne digestion et aider \u00e0 r\u00e9duire le volume et les odeurs des selles. *L.I.P.\u00a0: prot\u00e9ines s\u00e9lectionn\u00e9es pour leur tr\u00e8s haute digestibilit\u00e9.<\/div>\n<\/li>\n<li>\n<div>Teneur mod\u00e9r\u00e9e en calories<\/div>\n<div>Une teneur mod\u00e9r\u00e9e en calories, adapt\u00e9e \u00e0 la faible activit\u00e9 des chats d\u2019int\u00e9rieur, aide \u00e0 maintenir le poids id\u00e9al.<\/div>\n<\/li>\n<li>\n<div>R\u00e9duction des boules de poils<\/div>\n<div>ROYAL CANIN\u00ae Indoor 27 aide \u00e0 stimuler le transit intestinal et l\u2019\u00e9limination des poils ing\u00e9r\u00e9s gr\u00e2ce \u00e0 des fibres sp\u00e9cifiques, notamment du psyllium.<\/div>\n<\/li>\n<li>\n<div>Sant\u00e9 urinaire<\/div>\n<div>Formul\u00e9 pour contribuer \u00e0 la bonne sant\u00e9 du syst\u00e8me urinaire du chat adulte.<\/div>\n<\/li>\n<\/ul>\n<p><strong>\u00a0 \u00a0 INFORMATIONS NUTRITIONELLES :<\/strong><\/p>\n<p>Composition : prot\u00e9ines de volaille d\u00e9shydrat\u00e9es, riz, bl\u00e9, ma\u00efs, isolat de prot\u00e9ines v\u00e9g\u00e9tales*, graisses animales, hydrolysat de prot\u00e9ines animales, farine de bl\u00e9, fibres v\u00e9g\u00e9tales, pulpe de betterave, levures et composants de levures, huile de soja, sels min\u00e9raux, fructo-oligo-saccharides, huile de poisson, t\u00e9guments et graines de psyllium (0,5 %).<\/p>\n<div data-gtm-vis-first-on-screen-40760133_376=\"164935\" data-gtm-vis-first-on-screen-40760133_379=\"164934\" data-gtm-vis-has-fired-40760133_376=\"1\" data-gtm-vis-has-fired-40760133_379=\"1\" data-gtm-vis-recent-on-screen-40760133_376=\"164935\" data-gtm-vis-recent-on-screen-40760133_379=\"164934\" data-gtm-vis-total-visible-time-40760133_376=\"500\" data-gtm-vis-total-visible-time-40760133_379=\"500\" data-tms=\"Product description\">\n<div>\n<div>\n<div>\n<div>\n<p>\u00a0Additifs (au kg) : Additifs nutritionnels : Vitamine A : 13500 UI, Vitamine D3 : 700 UI, E1 (Fer) : 42 mg, E2 (Iode) : 4,2 mg, E4 (Cuivre) : 13 mg, E5 (Mangan\u00e8se) : 55 mg, E6 (Zinc) : 164 mg, E8 (S\u00e9l\u00e9nium) : 0,09 mg &#8211; Additifs technologiques : Clinoptilolite d\u2019origine s\u00e9dimentaire : 10 g &#8211; Conservateurs &#8211; Antioxyg\u00e8nes.<\/p>\n<p>Constituants analytiques : Prot\u00e9ine : 27 % &#8211; Teneur en mati\u00e8res grasses : 13 % &#8211; Cendres brutes : 7,3 % &#8211; Cellulose brute : 4 %.<\/p>\n<p>*L.I.P. : prot\u00e9ine s\u00e9lectionn\u00e9e pour sa tr\u00e8s haute digestibilit\u00e9.<\/p>\n<p>Mode d&#8217;emploi : voir tableau. Num\u00e9ro de lot et d\u2019identifiant usine, \u00e0 utiliser de pr\u00e9f\u00e9rence avant : voir sur l\u2019emballage. \u00c0 conserver dans un endroit sec et frais.<\/p>\n<p><strong>\u00a0 \u00a0RATIONS :<\/strong><\/p>\n<div data-gtm-vis-first-on-screen-40760133_376=\"164935\" data-gtm-vis-first-on-screen-40760133_379=\"164934\" data-gtm-vis-has-fired-40760133_376=\"1\" data-gtm-vis-has-fired-40760133_379=\"1\" data-gtm-vis-recent-on-screen-40760133_376=\"164935\" data-gtm-vis-recent-on-screen-40760133_379=\"164934\" data-gtm-vis-total-visible-time-40760133_376=\"500\" data-gtm-vis-total-visible-time-40760133_379=\"500\" data-tms=\"Product description\">\n<div>\n<div>\n<div>\n<div>\n<div>\n<table>\n<thead>\n<tr>\n<th>Poids du chat<\/th>\n<th>Poids id\u00e9al<\/th>\n<th>Embonpoint<\/th>\n<\/tr>\n<\/thead>\n<tbody>\n<tr>\n<td>3 kg<\/td>\n<td>45 g (ou 26 g + 1 sachet)<\/td>\n<td>36 g (ou 17g + 1 sachet)<\/td>\n<\/tr>\n<tr>\n<td>4 kg<\/td>\n<td>56 g (ou 36 g + 1 sachet)<\/td>\n<td>44 g (ou 25 g + 1 sachet)<\/td>\n<\/tr>\n<tr>\n<td>5 kg<\/td>\n<td>65 g (ou 46 g + 1 sachet)<\/td>\n<td>52 g (ou 32 g + 1 sachet)<\/td>\n<\/tr>\n<tr>\n<td>6 kg<\/td>\n<td>74 g (ou 55 g + 1 sachet)<\/td>\n<td>59 g (ou 40 g + 1 sachet)<\/td>\n<\/tr>\n<\/tbody>\n<\/table>\n<p><a href=\"https:\/\/wa.me\/212708052510\" target=\"_blank\" rel=\"noopener noreferrer\"><img loading=\"lazy\" decoding=\"async\" class=\"fr-fic fr-dib aligncenter\" src=\"https:\/\/cdn.youcan.shop\/stores\/d0742d556df94ddbc7ae4c9810aff04b\/others\/rZX4X8WjTAEygULUsVpnnhcAAd6YfFnmWqyQN0hz.png\" width=\"296\" height=\"78\" data-name=\"stores\/d0742d556df94ddbc7ae4c9810aff04b\/others\/rZX4X8WjTAEygULUsVpnnhcAAd6YfFnmWqyQN0hz.png\" \/><\/a><\/p>\n<\/div>\n<\/div>\n<\/div>\n<\/div>\n<\/div>\n<\/div>\n<\/div>\n<\/div>\n<\/div>\n<\/div>\n<\/div>\n<\/div>\n<\/div>\n<\/div>\n<\/div>\n<\/div>\n<\/div>\n<\/div>\n<\/div>\n<\/div>\n<\/div>\n<\/div>\n","protected":false},"excerpt":{"rendered":"<p>Aliment complet et \u00e9quilibr\u00e9 pour chats adultes (de 1 \u00e0 7 ans), vivant \u00e0 l\u2019int\u00e9rieur. Les chats d\u2019int\u00e9rieur adultes comme le v\u00f4tre ont tendance \u00e0 faire moins d\u2019exercice que les chats d\u2019ext\u00e9rieur, c\u2019est pourquoi il est important qu\u2019ils re\u00e7oivent une alimentation \u00e9quilibr\u00e9e et compl\u00e8te contenant des nutriments b\u00e9n\u00e9fiques favorisant une sant\u00e9 optimale. \u00a0 ROYAL CANIN\u00ae [&#8230;]\n","protected":false},"featured_media":35623,"template":"","meta":{"jetpack_publicize_message":"","jetpack_publicize_feature_enabled":true,"jetpack_social_post_already_shared":true,"jetpack_social_options":{"image_generator_settings":{"template":"highway","default_image_id":0,"font":"","enabled":false},"version":2}},"product_brand":[],"product_cat":[40,187],"product_tag":[],"class_list":{"0":"post-23285","1":"product","2":"type-product","3":"status-publish","4":"has-post-thumbnail","6":"product_cat-coquettes-pour-chat","7":"product_cat-destockage","9":"first","10":"instock","11":"taxable","12":"shipping-taxable","13":"purchasable","14":"product-type-simple"},"supplier_id":5587,"supplier_sku":"7170-500","barcode":null,"atum_controlled":true,"out_stock_date":null,"out_stock_threshold":null,"inheritable":false,"inbound_stock":0,"stock_on_hold":2,"sold_today":0,"sales_last_days":4,"reserved_stock":0,"customer_returns":0,"warehouse_damage":0,"lost_in_post":0,"other_logs":0,"out_stock_days":0,"lost_sales":0,"has_location":false,"update_date":"2026-04-10T09:17:18","atum_locations":[],"atum_stock_status":"instock","restock_status":true,"low_stock_amount":2,"sales_update_date":"2026-04-10T09:17:17","calc_backorders":null,"jetpack_publicize_connections":[],"jetpack_sharing_enabled":true,"batches":[{"id":"3990","date_created":"2025-06-12 21:04:11","date_expiry":"2026-09-02 00:00:00","user_id":"2760","batch_number":"Royal Canin Indoor 2kg +Pochon 85g Gratuit020926","location":"","quantity":"10.0000","quantity_available":"0.0000","units":"1","status":"archived","order_ids":"[23693,23998,24045,24075,24237,24321,24629,24797,24989,25305]","supplier":"Royal Canin","po":{"id":"3953","date_created":"2025-06-12 21:04:11","batch_id":"3990","po_number":"","supplier":"Royal Canin","cost":null,"regular_price":null,"sale_price":null,"price_margin":null,"price_discount":null}},{"id":"4841","date_created":"2025-08-10 16:37:03","date_expiry":"2026-09-10 00:00:00","user_id":"2760","batch_number":"Royal Canin Indoor 2kg +Pochon 85g Gratuit100926","location":"","quantity":"6.0000","quantity_available":"0.0000","units":"1","status":"archived","order_ids":"[25761,26882,27903,28014,28056]","supplier":"Royal Canin","po":{"id":"4805","date_created":"2025-08-10 16:37:03","batch_id":"4841","po_number":"","supplier":"Royal Canin","cost":null,"regular_price":null,"sale_price":null,"price_margin":null,"price_discount":null}},{"id":"4881","date_created":"2025-08-14 09:12:09","date_expiry":"2026-09-10 00:00:00","user_id":"2760","batch_number":"Royal Canin Indoor 2kg +Pochon 85g Gratuit100926","location":"","quantity":"4.0000","quantity_available":"0.0000","units":"1","status":"archived","order_ids":"[26134,25792,26477]","supplier":"Royal Canin","po":{"id":"4845","date_created":"2025-08-14 09:12:10","batch_id":"4881","po_number":"","supplier":"Royal Canin","cost":null,"regular_price":null,"sale_price":null,"price_margin":null,"price_discount":null}},{"id":"4950","date_created":"2025-08-19 21:18:04","date_expiry":"2026-09-10 00:00:00","user_id":"2760","batch_number":"Royal Canin Indoor 2kg +Pochon 85g Gratuit100926","location":"","quantity":"6.0000","quantity_available":"0.0000","units":"1","status":"archived","order_ids":"[28264,28284,28405,29142,29275,29339]","supplier":"Royal Canin","po":{"id":"4914","date_created":"2025-08-19 21:18:05","batch_id":"4950","po_number":"","supplier":"Royal Canin","cost":null,"regular_price":null,"sale_price":null,"price_margin":null,"price_discount":null}},{"id":"6721","date_created":"2025-12-16 20:33:33","date_expiry":"2027-03-01 00:00:00","user_id":"2760","batch_number":"Royal Canin Indoor 2kg +Pochon 85g Gratuit010327","location":"","quantity":"20.0000","quantity_available":"0.0000","units":"1","status":"archived","order_ids":"[32556,32628,32687,32717,32894,33028,33128,33154,33162,33223,33242,33425,33719,33925,33950,33973]","supplier":"Royal Canin","po":{"id":"6667","date_created":"2025-12-16 20:33:34","batch_id":"6721","po_number":"","supplier":"Royal Canin","cost":null,"regular_price":null,"sale_price":null,"price_margin":null,"price_discount":null}},{"id":"7630","date_created":"2026-02-12 10:15:44","date_expiry":"2027-04-30 00:00:00","user_id":"2760","batch_number":"Royal Canin Indoor 2kg +Pochon 85g Gratuit300427","location":"","quantity":"6.0000","quantity_available":"0.0000","units":"1","status":"archived","order_ids":"[35723,37999,38253,38269,38317]","supplier":"Royal Canin","po":{"id":"7565","date_created":"2026-02-12 10:15:44","batch_id":"7630","po_number":"","supplier":"Royal Canin","cost":null,"regular_price":null,"sale_price":null,"price_margin":null,"price_discount":null}},{"id":"7691","date_created":"2026-02-14 11:04:18","date_expiry":"2027-04-30 00:00:00","user_id":"2760","batch_number":"Royal Canin Indoor 2kg +Pochon 85g Gratuit300427","location":"","quantity":"6.0000","quantity_available":"1.0000","units":"1","status":"active","order_ids":"[38317,38386,38951,38965,38982]","supplier":"Royal Canin","po":{"id":"7626","date_created":"2026-02-14 11:04:18","batch_id":"7691","po_number":"","supplier":"Royal Canin","cost":null,"regular_price":null,"sale_price":null,"price_margin":null,"price_discount":null}},{"id":"7767","date_created":"2026-02-18 12:10:55","date_expiry":"2027-04-30 00:00:00","user_id":"2760","batch_number":"Royal Canin Indoor 2kg +Pochon 85g Gratuit300427","location":"","quantity":"3.0000","quantity_available":"0.0000","units":"1","status":"archived","order_ids":"[36132,36501,36859]","supplier":"Royal Canin","po":{"id":"7702","date_created":"2026-02-18 12:10:56","batch_id":"7767","po_number":"","supplier":"Royal Canin","cost":null,"regular_price":null,"sale_price":null,"price_margin":null,"price_discount":null}},{"id":"7925","date_created":"2026-02-24 20:50:40","date_expiry":"2027-04-30 00:00:00","user_id":"2760","batch_number":"Royal Canin Indoor 2kg +Pochon 85g Gratuit300427","location":"","quantity":"2.0000","quantity_available":"0.0000","units":"1","status":"archived","order_ids":"[37071,37485]","supplier":"Royal Canin","po":{"id":"7863","date_created":"2026-02-24 20:50:40","batch_id":"7925","po_number":"","supplier":"Royal Canin","cost":null,"regular_price":null,"sale_price":null,"price_margin":null,"price_discount":null}}],"_links":{"self":[{"href":"https:\/\/petworld.ma\/index.php\/wp-json\/wp\/v2\/product\/23285","targetHints":{"allow":["GET"]}}],"collection":[{"href":"https:\/\/petworld.ma\/index.php\/wp-json\/wp\/v2\/product"}],"about":[{"href":"https:\/\/petworld.ma\/index.php\/wp-json\/wp\/v2\/types\/product"}],"wp:featuredmedia":[{"embeddable":true,"href":"https:\/\/petworld.ma\/index.php\/wp-json\/wp\/v2\/media\/35623"}],"wp:attachment":[{"href":"https:\/\/petworld.ma\/index.php\/wp-json\/wp\/v2\/media?parent=23285"}],"wp:term":[{"taxonomy":"product_brand","embeddable":true,"href":"https:\/\/petworld.ma\/index.php\/wp-json\/wp\/v2\/product_brand?post=23285"},{"taxonomy":"product_cat","embeddable":true,"href":"https:\/\/petworld.ma\/index.php\/wp-json\/wp\/v2\/product_cat?post=23285"},{"taxonomy":"product_tag","embeddable":true,"href":"https:\/\/petworld.ma\/index.php\/wp-json\/wp\/v2\/product_tag?post=23285"}],"curies":[{"name":"wp","href":"https:\/\/api.w.org\/{rel}","templated":true}]}}