{"id":2397,"date":"2023-05-07T12:46:22","date_gmt":"2023-05-07T12:46:22","guid":{"rendered":"https:\/\/petworld.ma\/?post_type=product&#038;p=2397"},"modified":"2026-04-22T14:13:12","modified_gmt":"2026-04-22T14:13:12","slug":"litiere-parfumee-pour-chat-agglomerant-clumping-5kg-citycat-lavande","status":"publish","type":"product","link":"https:\/\/petworld.ma\/index.php\/produit\/litiere-parfumee-pour-chat-agglomerant-clumping-5kg-citycat-lavande\/","title":{"rendered":"Liti\u00e8re parfum\u00e9e pour chat agglom\u00e9rant Clumping 5kg &#8211; CITYCAT Lavande"},"content":{"rendered":"<p>\u00c9conomique et pratique, la liti\u00e8re City Cat \u00e0 Haut pouvoir agglom\u00e9rant 100% est hygi\u00e9nique et toujours fiable. Elle neutralise les mauvaises odeurs. Il s\u2019agit d\u2019un produit 100% \u00a0naturel, \u00e0 base de bentonite.<\/p>\n<p>Efficace et excellent rapport qualit\u00e9 \/ prix.<\/p>\n<p>Contenance : 5 Kg.<\/p>\n<p><a href=\"https:\/\/wa.me\/212708052510\" target=\"_blank\" rel=\"noopener noreferrer\"><img decoding=\"async\" class=\"fr-fic fr-dib aligncenter\" src=\"https:\/\/cdn.youcan.shop\/stores\/d0742d556df94ddbc7ae4c9810aff04b\/others\/Z7KQmCwi0p0Yegh3Vn5fg0VwhbeZiDkT3bDoY7vn.png\" width=\"326\" height=\"86\" data-name=\"stores\/d0742d556df94ddbc7ae4c9810aff04b\/others\/Z7KQmCwi0p0Yegh3Vn5fg0VwhbeZiDkT3bDoY7vn.png\" \/><\/a><\/p>\n<p>&nbsp;<\/p>\n","protected":false},"excerpt":{"rendered":"<p>\u00c9conomique et pratique, la liti\u00e8re City Cat \u00e0 Haut pouvoir agglom\u00e9rant 100% est hygi\u00e9nique et toujours fiable. Elle neutralise les mauvaises odeurs. Il s\u2019agit d\u2019un produit 100% \u00a0naturel, \u00e0 base de bentonite. Efficace et excellent rapport qualit\u00e9 \/ prix. Contenance : 5 Kg. &nbsp;<\/p>\n","protected":false},"featured_media":4247,"template":"","meta":{"jetpack_publicize_message":"","jetpack_publicize_feature_enabled":true,"jetpack_social_post_already_shared":false,"jetpack_social_options":{"image_generator_settings":{"template":"highway","default_image_id":0,"font":"","enabled":false},"version":2}},"product_brand":[],"product_cat":[94],"product_tag":[],"class_list":{"0":"post-2397","1":"product","2":"type-product","3":"status-publish","4":"has-post-thumbnail","6":"product_cat-litieres-et-bacs","8":"first","9":"instock","10":"sale","11":"taxable","12":"shipping-taxable","13":"purchasable","14":"product-type-simple"},"supplier_id":5587,"supplier_sku":"7319","barcode":null,"atum_controlled":true,"out_stock_date":null,"out_stock_threshold":null,"inheritable":false,"inbound_stock":0,"stock_on_hold":0,"sold_today":0,"sales_last_days":6,"reserved_stock":0,"customer_returns":0,"warehouse_damage":0,"lost_in_post":0,"other_logs":0,"out_stock_days":0,"lost_sales":0,"has_location":false,"update_date":"2026-04-25T08:58:26","atum_locations":[],"atum_stock_status":"instock","restock_status":false,"low_stock_amount":20,"sales_update_date":"2026-04-25T08:58:26","calc_backorders":null,"jetpack_publicize_connections":[],"jetpack_sharing_enabled":true,"batches":[{"id":"3554","date_created":"2025-05-22 21:09:25","date_expiry":"2030-01-01 00:00:00","user_id":"2461","batch_number":"Liti\u00e8re parfum\u00e9e pour chat agglom\u00e9rant Clumping 5kg - CITYCAT Lavande","location":"","quantity":"18.0000","quantity_available":"0.0000","units":"1","status":"archived","order_ids":"[22293,22628,22790,23486,23514]","supplier":"Royal Canin","po":{"id":"3521","date_created":"2025-05-22 21:09:26","batch_id":"3554","po_number":"","supplier":"Royal Canin","cost":null,"regular_price":null,"sale_price":null,"price_margin":null,"price_discount":null}},{"id":"3610","date_created":"2025-05-25 12:59:09","date_expiry":"2030-01-01 00:00:00","user_id":"2461","batch_number":"Liti\u00e8re parfum\u00e9e pour chat agglom\u00e9rant Clumping 5kg - CITYCAT Lavande","location":"","quantity":"2.0000","quantity_available":"0.0000","units":"1","status":"archived","order_ids":"[22397]","supplier":"Royal Canin","po":{"id":"3577","date_created":"2025-05-25 12:59:09","batch_id":"3610","po_number":"","supplier":"Royal Canin","cost":null,"regular_price":null,"sale_price":null,"price_margin":null,"price_discount":null}},{"id":"3892","date_created":"2025-06-05 13:21:45","date_expiry":"2030-01-01 00:00:00","user_id":"2461","batch_number":"Liti\u00e8re parfum\u00e9e pour chat agglom\u00e9rant Clumping 5kg - CITYCAT Lavande","location":"","quantity":"1.0000","quantity_available":"0.0000","units":"1","status":"archived","order_ids":"[23019]","supplier":"Royal Canin","po":{"id":"3856","date_created":"2025-06-05 13:21:46","batch_id":"3892","po_number":"","supplier":"Royal Canin","cost":null,"regular_price":null,"sale_price":null,"price_margin":null,"price_discount":null}},{"id":"3974","date_created":"2025-06-12 09:22:23","date_expiry":"2030-01-01 00:00:00","user_id":"2461","batch_number":"Liti\u00e8re parfum\u00e9e pour chat agglom\u00e9rant Clumping 5kg - CITYCAT Lavande","location":"","quantity":"10.0000","quantity_available":"0.0000","units":"1","status":"archived","order_ids":"[23514,23818]","supplier":"Royal Canin","po":{"id":"3971","date_created":"2025-06-17 18:27:33","batch_id":"3974","po_number":"","supplier":"Royal Canin","cost":null,"regular_price":null,"sale_price":null,"price_margin":null,"price_discount":null}},{"id":"4008","date_created":"2025-06-17 18:27:33","date_expiry":"2030-01-01 00:00:00","user_id":"2461","batch_number":"Liti\u00e8re parfum\u00e9e pour chat agglom\u00e9rant Clumping 5kg - CITYCAT Lavande","location":"","quantity":"10.0000","quantity_available":"0.0000","units":"1","status":"archived","order_ids":"[23818,23819]","supplier":"Royal Canin","po":{"id":"3972","date_created":"2025-06-17 18:27:33","batch_id":"4008","po_number":"","supplier":"Royal Canin","cost":null,"regular_price":null,"sale_price":null,"price_margin":null,"price_discount":null}},{"id":"4237","date_created":"2025-07-06 14:25:20","date_expiry":"2030-01-01 00:00:00","user_id":"2461","batch_number":"Liti\u00e8re parfum\u00e9e pour chat agglom\u00e9rant Clumping 5kg - CITYCAT Lavande","location":"","quantity":"23.0000","quantity_available":"0.0000","units":"1","status":"archived","order_ids":"[24200,24478,24826,24917]","supplier":"Royal Canin","po":{"id":"4200","date_created":"2025-07-06 14:25:20","batch_id":"4237","po_number":"","supplier":"Royal Canin","cost":null,"regular_price":null,"sale_price":null,"price_margin":null,"price_discount":null}},{"id":"4639","date_created":"2025-07-31 22:00:18","date_expiry":"2030-01-01 00:00:00","user_id":"2461","batch_number":"Liti\u00e8re parfum\u00e9e pour chat agglom\u00e9rant Clumping 5kg - CITYCAT Lavande","location":"","quantity":"24.0000","quantity_available":"0.0000","units":"1","status":"archived","order_ids":"[25596,25731,26913,26939,27763,27958]","supplier":"Royal Canin","po":{"id":"4603","date_created":"2025-07-31 22:00:19","batch_id":"4639","po_number":"","supplier":"Royal Canin","cost":null,"regular_price":null,"sale_price":null,"price_margin":null,"price_discount":null}},{"id":"4962","date_created":"2025-08-19 21:49:39","date_expiry":"2030-01-01 00:00:00","user_id":"2461","batch_number":"Liti\u00e8re parfum\u00e9e pour chat agglom\u00e9rant Clumping 5kg - CITYCAT Lavande","location":"","quantity":"12.0000","quantity_available":"0.0000","units":"1","status":"archived","order_ids":"[26429,26597,26665,26913]","supplier":"Royal Canin","po":{"id":"4926","date_created":"2025-08-19 21:49:39","batch_id":"4962","po_number":"","supplier":"Royal Canin","cost":null,"regular_price":null,"sale_price":null,"price_margin":null,"price_discount":null}},{"id":"5341","date_created":"2025-09-16 10:59:00","date_expiry":"2030-01-01 00:00:00","user_id":"2461","batch_number":"Liti\u00e8re parfum\u00e9e pour chat agglom\u00e9rant Clumping 5kg - CITYCAT Lavande","location":"","quantity":"12.0000","quantity_available":"0.0000","units":"1","status":"archived","order_ids":"[27958,28284,28288,28310,28899]","supplier":"Royal Canin","po":{"id":"5298","date_created":"2025-09-16 10:59:01","batch_id":"5341","po_number":"","supplier":"Royal Canin","cost":null,"regular_price":null,"sale_price":null,"price_margin":null,"price_discount":null}},{"id":"5740","date_created":"2025-10-15 12:24:09","date_expiry":"2030-01-01 00:00:00","user_id":"2461","batch_number":"Liti\u00e8re parfum\u00e9e pour chat agglom\u00e9rant Clumping 5kg - CITYCAT Lavande","location":"","quantity":"12.0000","quantity_available":"0.0000","units":"1","status":"archived","order_ids":"[29188,29421,29435,29953]","supplier":"Royal Canin","po":{"id":"5693","date_created":"2025-10-15 12:24:12","batch_id":"5740","po_number":"","supplier":"Royal Canin","cost":null,"regular_price":null,"sale_price":null,"price_margin":null,"price_discount":null}},{"id":"6495","date_created":"2025-12-07 09:54:47","date_expiry":"2030-01-01 00:00:00","user_id":"2461","batch_number":"Liti\u00e8re parfum\u00e9e pour chat agglom\u00e9rant Clumping 5kg - CITYCAT Lavande","location":"","quantity":"12.0000","quantity_available":"0.0000","units":"1","status":"archived","order_ids":"[31646,31745,32013]","supplier":"Royal Canin","po":{"id":"6441","date_created":"2025-12-07 09:54:48","batch_id":"6495","po_number":"","supplier":"Royal Canin","cost":null,"regular_price":null,"sale_price":null,"price_margin":null,"price_discount":null}},{"id":"6716","date_created":"2025-12-16 15:02:28","date_expiry":"2030-01-01 00:00:00","user_id":"2461","batch_number":"Liti\u00e8re parfum\u00e9e pour chat agglom\u00e9rant Clumping 5kg - CITYCAT Lavande","location":"","quantity":"20.0000","quantity_available":"0.0000","units":"1","status":"archived","order_ids":"[32079,32217,32894,32963,33130,33132,33220,33293,33636,33800,33858]","supplier":"Royal Canin","po":{"id":"6662","date_created":"2025-12-16 15:02:28","batch_id":"6716","po_number":"","supplier":"Royal Canin","cost":null,"regular_price":null,"sale_price":null,"price_margin":null,"price_discount":null}},{"id":"6859","date_created":"2025-12-23 13:55:01","date_expiry":"2030-01-01 00:00:00","user_id":"2461","batch_number":"Liti\u00e8re parfum\u00e9e pour chat agglom\u00e9rant Clumping 5kg - CITYCAT Lavande","location":"","quantity":"20.0000","quantity_available":"0.0000","units":"1","status":"archived","order_ids":"[33858,34687,34731,34999,35524]","supplier":"Royal Canin","po":{"id":"6798","date_created":"2025-12-23 13:55:01","batch_id":"6859","po_number":"","supplier":"Royal Canin","cost":null,"regular_price":null,"sale_price":null,"price_margin":null,"price_discount":null}},{"id":"7270","date_created":"2026-01-22 10:46:54","date_expiry":"2030-01-01 00:00:00","user_id":"2461","batch_number":"Liti\u00e8re parfum\u00e9e pour chat agglom\u00e9rant Clumping 5kg - CITYCAT Lavande","location":"","quantity":"4.0000","quantity_available":"0.0000","units":"1","status":"archived","order_ids":"[34028,34687]","supplier":"Royal Canin","po":{"id":"7206","date_created":"2026-01-22 10:46:54","batch_id":"7270","po_number":"","supplier":"Royal Canin","cost":null,"regular_price":null,"sale_price":null,"price_margin":null,"price_discount":null}},{"id":"7335","date_created":"2026-01-26 14:32:26","date_expiry":"2030-01-01 00:00:00","user_id":"2461","batch_number":"Liti\u00e8re parfum\u00e9e pour chat agglom\u00e9rant Clumping 5kg - CITYCAT Lavande","location":"","quantity":"4.0000","quantity_available":"0.0000","units":"1","status":"archived","order_ids":"[34687]","supplier":"Royal Canin","po":{"id":"7271","date_created":"2026-01-26 14:32:26","batch_id":"7335","po_number":"","supplier":"Royal Canin","cost":null,"regular_price":null,"sale_price":null,"price_margin":null,"price_discount":null}},{"id":"7617","date_created":"2026-02-12 09:27:28","date_expiry":"2030-01-01 00:00:00","user_id":"2461","batch_number":"Liti\u00e8re parfum\u00e9e pour chat agglom\u00e9rant Clumping 5kg - CITYCAT Lavande","location":"","quantity":"10.0000","quantity_available":"0.0000","units":"1","status":"archived","order_ids":"[36788,37071,37392]","supplier":"Royal Canin","po":{"id":"7552","date_created":"2026-02-12 09:27:29","batch_id":"7617","po_number":"","supplier":"Royal Canin","cost":null,"regular_price":null,"sale_price":null,"price_margin":null,"price_discount":null}},{"id":"7670","date_created":"2026-02-14 09:36:09","date_expiry":"2030-01-01 00:00:00","user_id":"2461","batch_number":"Liti\u00e8re parfum\u00e9e pour chat agglom\u00e9rant Clumping 5kg - CITYCAT Lavande","location":"","quantity":"5.0000","quantity_available":"0.0000","units":"1","status":"archived","order_ids":"[36324,36508,36788]","supplier":"Royal Canin","po":{"id":"7605","date_created":"2026-02-14 09:36:09","batch_id":"7670","po_number":"","supplier":"Royal Canin","cost":null,"regular_price":null,"sale_price":null,"price_margin":null,"price_discount":null}},{"id":"8023","date_created":"2026-02-28 15:32:23","date_expiry":"2030-01-01 00:00:00","user_id":"2461","batch_number":"Liti\u00e8re parfum\u00e9e pour chat agglom\u00e9rant Clumping 5kg - CITYCAT Lavande","location":"","quantity":"8.0000","quantity_available":"0.0000","units":"1","status":"archived","order_ids":"[37392]","supplier":"Royal Canin","po":{"id":"7961","date_created":"2026-02-28 15:32:23","batch_id":"8023","po_number":"","supplier":"Royal Canin","cost":null,"regular_price":null,"sale_price":null,"price_margin":null,"price_discount":null}},{"id":"8177","date_created":"2026-03-10 10:27:49","date_expiry":"2030-01-01 00:00:00","user_id":"2461","batch_number":"Liti\u00e8re parfum\u00e9e pour chat agglom\u00e9rant Clumping 5kg - CITYCAT Lavande","location":"","quantity":"10.0000","quantity_available":"0.0000","units":"1","status":"archived","order_ids":"[37392,38166,38269]","supplier":"Royal Canin","po":{"id":"8218","date_created":"2026-03-16 21:26:08","batch_id":"8177","po_number":"","supplier":"Royal Canin","cost":null,"regular_price":null,"sale_price":null,"price_margin":null,"price_discount":null}},{"id":"8291","date_created":"2026-03-16 21:26:09","date_expiry":"2030-01-01 00:00:00","user_id":"2461","batch_number":"Liti\u00e8re parfum\u00e9e pour chat agglom\u00e9rant Clumping 5kg - CITYCAT Lavande","location":"","quantity":"11.0000","quantity_available":"0.0000","units":"1","status":"archived","order_ids":"[38669,38933,39124]","supplier":"Royal Canin","po":{"id":"8219","date_created":"2026-03-16 21:26:10","batch_id":"8291","po_number":"","supplier":"Royal Canin","cost":null,"regular_price":null,"sale_price":null,"price_margin":null,"price_discount":null}},{"id":"8661","date_created":"2026-04-04 17:06:50","date_expiry":"2030-01-01 00:00:00","user_id":"2461","batch_number":"Liti\u00e8re parfum\u00e9e pour chat agglom\u00e9rant Clumping 5kg - CITYCAT Lavande","location":"","quantity":"10.0000","quantity_available":"3.0000","units":"1","status":"active","order_ids":"[39358,40399]","supplier":"Royal Canin","po":{"id":"8589","date_created":"2026-04-04 17:06:51","batch_id":"8661","po_number":"","supplier":"Royal Canin","cost":null,"regular_price":null,"sale_price":null,"price_margin":null,"price_discount":null}},{"id":"9035","date_created":"2026-04-22 14:13:11","date_expiry":"2030-01-01 00:00:00","user_id":"2461","batch_number":"Liti\u00e8re parfum\u00e9e pour chat agglom\u00e9rant Clumping 5kg - CITYCAT Lavande","location":"","quantity":"12.0000","quantity_available":"12.0000","units":"1","status":"active","order_ids":null,"supplier":"Royal Canin","po":{"id":"8958","date_created":"2026-04-22 14:13:12","batch_id":"9035","po_number":"","supplier":"Royal Canin","cost":null,"regular_price":null,"sale_price":null,"price_margin":null,"price_discount":null}}],"_links":{"self":[{"href":"https:\/\/petworld.ma\/index.php\/wp-json\/wp\/v2\/product\/2397","targetHints":{"allow":["GET"]}}],"collection":[{"href":"https:\/\/petworld.ma\/index.php\/wp-json\/wp\/v2\/product"}],"about":[{"href":"https:\/\/petworld.ma\/index.php\/wp-json\/wp\/v2\/types\/product"}],"wp:featuredmedia":[{"embeddable":true,"href":"https:\/\/petworld.ma\/index.php\/wp-json\/wp\/v2\/media\/4247"}],"wp:attachment":[{"href":"https:\/\/petworld.ma\/index.php\/wp-json\/wp\/v2\/media?parent=2397"}],"wp:term":[{"taxonomy":"product_brand","embeddable":true,"href":"https:\/\/petworld.ma\/index.php\/wp-json\/wp\/v2\/product_brand?post=2397"},{"taxonomy":"product_cat","embeddable":true,"href":"https:\/\/petworld.ma\/index.php\/wp-json\/wp\/v2\/product_cat?post=2397"},{"taxonomy":"product_tag","embeddable":true,"href":"https:\/\/petworld.ma\/index.php\/wp-json\/wp\/v2\/product_tag?post=2397"}],"curies":[{"name":"wp","href":"https:\/\/api.w.org\/{rel}","templated":true}]}}