{"id":24424,"date":"2025-07-12T21:06:56","date_gmt":"2025-07-12T21:06:56","guid":{"rendered":"https:\/\/petworld.ma\/?post_type=product&#038;p=24424"},"modified":"2026-04-25T09:09:12","modified_gmt":"2026-04-25T09:09:12","slug":"lotion-nettoyante-oreilles-chat-et-chien-vetocare-50ml","status":"publish","type":"product","link":"https:\/\/petworld.ma\/index.php\/produit\/lotion-nettoyante-oreilles-chat-et-chien-vetocare-50ml\/","title":{"rendered":"Lotion Nettoyante Oreilles Chat et Chien Vetocare 50ml"},"content":{"rendered":"<div class=\"mb-2\">\n<p>La lotion nettoyante pour les oreilles de Vetocare est sp\u00e9cialement con\u00e7ue pour le nettoyage en douceur des oreilles des chiens et des chats .<\/p>\n<p>gr\u00e2ce a son embout souple , elle s\u2019applique facilement . son syst\u00e8me d\u2019\u00e9coulement au compte-gouttes permet de maitriser la quantit\u00e9 appliqu\u00e9e .aux extraits de plantes BIO , la lotion va nettoyer la partie externe du conduit auditif de votre animal . convient aux chiots et chattons.<\/p>\n<p>mode d\u2019utilisation :<\/p>\n<ul>\n<li>Appliquer deux fois par semaine 6-8 gouttes dans chaque oreille .<\/li>\n<li>Masser le canal auditif pendant 1 a 2 minutes pour dissoudre le c\u00e9rumen.<\/li>\n<li>\u00c9liminer le c\u00e9rumen avec un coton apr\u00e8s utilisation , bien nettoyer l\u2019embout applicateur.<\/li>\n<\/ul>\n<\/div>\n","protected":false},"excerpt":{"rendered":"<p>La lotion nettoyante pour les oreilles de Vetocare est sp\u00e9cialement con\u00e7ue pour le nettoyage en douceur des oreilles des chiens et des chats . gr\u00e2ce a son embout souple , elle s\u2019applique facilement . son syst\u00e8me d\u2019\u00e9coulement au compte-gouttes permet de maitriser la quantit\u00e9 appliqu\u00e9e .aux extraits de plantes BIO , la lotion va nettoyer [&#8230;]\n","protected":false},"featured_media":24425,"template":"","meta":{"jetpack_publicize_message":"","jetpack_publicize_feature_enabled":true,"jetpack_social_post_already_shared":true,"jetpack_social_options":{"image_generator_settings":{"template":"highway","default_image_id":0,"font":"","enabled":false},"version":2}},"product_brand":[],"product_cat":[225,224],"product_tag":[],"class_list":{"0":"post-24424","1":"product","2":"type-product","3":"status-publish","4":"has-post-thumbnail","6":"product_cat-lingettes-serviettes-hygiene-et-soins-pour-chat","7":"product_cat-lingettes-serviettes","9":"first","10":"instock","11":"taxable","12":"shipping-taxable","13":"purchasable","14":"product-type-simple"},"supplier_id":5588,"supplier_sku":"79585","barcode":"6110201379585","atum_controlled":true,"out_stock_date":null,"out_stock_threshold":null,"inheritable":false,"inbound_stock":0,"stock_on_hold":0,"sold_today":0,"sales_last_days":0,"reserved_stock":0,"customer_returns":0,"warehouse_damage":0,"lost_in_post":0,"other_logs":0,"out_stock_days":0,"lost_sales":0,"has_location":false,"update_date":"2026-05-14T00:00:42","atum_locations":[],"atum_stock_status":"instock","restock_status":false,"low_stock_amount":2,"sales_update_date":"2026-05-14T00:00:42","calc_backorders":null,"jetpack_publicize_connections":[],"jetpack_sharing_enabled":true,"batches":[{"id":"4352","date_created":"2025-07-12 21:11:06","date_expiry":"2028-04-30 00:00:00","user_id":"50","batch_number":"lot042028","location":"","quantity":"10.0000","quantity_available":"0.0000","units":"1","status":"archived","order_ids":"[24943,24973,26055,28010,29518,30331,30527,30562,35325]","supplier":"mera","po":{"id":"4317","date_created":"2025-07-12 21:11:07","batch_id":"4352","po_number":"","supplier":"mera","cost":null,"regular_price":null,"sale_price":null,"price_margin":null,"price_discount":null}},{"id":"6322","date_created":"2025-11-24 01:00:56","date_expiry":"2028-04-30 00:00:00","user_id":"50","batch_number":"lot042028","location":"","quantity":"10.0000","quantity_available":"1.0000","units":"1","status":"active","order_ids":"[32726,33775,33793,33796,35484,36836,38085,39114,39650]","supplier":"MERA","po":{"id":"6268","date_created":"2025-11-24 01:00:57","batch_id":"6322","po_number":"","supplier":"MERA","cost":null,"regular_price":null,"sale_price":null,"price_margin":null,"price_discount":null}},{"id":"9084","date_created":"2026-04-25 09:09:11","date_expiry":"2028-12-30 00:00:00","user_id":"50","batch_number":"lot042028","location":"","quantity":"1.0000","quantity_available":"1.0000","units":"1","status":"active","order_ids":null,"supplier":"mera","po":{"id":"9007","date_created":"2026-04-25 09:09:11","batch_id":"9084","po_number":"","supplier":"mera","cost":null,"regular_price":null,"sale_price":null,"price_margin":null,"price_discount":null}}],"_links":{"self":[{"href":"https:\/\/petworld.ma\/index.php\/wp-json\/wp\/v2\/product\/24424","targetHints":{"allow":["GET"]}}],"collection":[{"href":"https:\/\/petworld.ma\/index.php\/wp-json\/wp\/v2\/product"}],"about":[{"href":"https:\/\/petworld.ma\/index.php\/wp-json\/wp\/v2\/types\/product"}],"wp:featuredmedia":[{"embeddable":true,"href":"https:\/\/petworld.ma\/index.php\/wp-json\/wp\/v2\/media\/24425"}],"wp:attachment":[{"href":"https:\/\/petworld.ma\/index.php\/wp-json\/wp\/v2\/media?parent=24424"}],"wp:term":[{"taxonomy":"product_brand","embeddable":true,"href":"https:\/\/petworld.ma\/index.php\/wp-json\/wp\/v2\/product_brand?post=24424"},{"taxonomy":"product_cat","embeddable":true,"href":"https:\/\/petworld.ma\/index.php\/wp-json\/wp\/v2\/product_cat?post=24424"},{"taxonomy":"product_tag","embeddable":true,"href":"https:\/\/petworld.ma\/index.php\/wp-json\/wp\/v2\/product_tag?post=24424"}],"curies":[{"name":"wp","href":"https:\/\/api.w.org\/{rel}","templated":true}]}}