{"id":24427,"date":"2025-07-12T21:20:37","date_gmt":"2025-07-12T21:20:37","guid":{"rendered":"https:\/\/petworld.ma\/?post_type=product&#038;p=24427"},"modified":"2026-04-29T17:00:44","modified_gmt":"2026-04-29T17:00:44","slug":"lotion-nettoyante-yeux-chat-et-chien-vetocare-50ml","status":"publish","type":"product","link":"https:\/\/petworld.ma\/index.php\/produit\/lotion-nettoyante-yeux-chat-et-chien-vetocare-50ml\/","title":{"rendered":"Lotion Nettoyante Yeux Chat et Chien Vetocare 50ml"},"content":{"rendered":"<div class=\"mb-2\">\n<p>la lotion nettoyante pour les yeux de Vetocare est spectralement con\u00e7ue pour le nettoyage en douceur des yeux des chiens et des chats . gr\u00e2ce a son embout souple , elle s\u2019applique facilement son syst\u00e8me d\u2019\u00e9coulement au compte-gouttes permet de maitriser la quantit\u00e9 appliqu\u00e9e .aux extraits de plantes , la lotion va nettoyer et prot\u00e9ger en profondeur les yeux et les paupi\u00e8res de l\u2019animal . convient aux chiots et chatons.<\/p>\n<p><span style=\"text-decoration: underline\"><strong>Conseils d\u2019utilisation:<\/strong> <\/span><\/p>\n<ul>\n<li>Appliquer deux fois par semaine 2-4 dans le coin interne de chaque \u0153il \u00e0 l\u2019aide d\u2019un tissu imbib\u00e9 de lotion .<\/li>\n<li>Nettoyer le contour et les coins des yeux de mani\u00e9r\u00e9 a retirer toutes les impuret\u00e9s.<\/li>\n<\/ul>\n<\/div>\n","protected":false},"excerpt":{"rendered":"<p>la lotion nettoyante pour les yeux de Vetocare est spectralement con\u00e7ue pour le nettoyage en douceur des yeux des chiens et des chats . gr\u00e2ce a son embout souple , elle s\u2019applique facilement son syst\u00e8me d\u2019\u00e9coulement au compte-gouttes permet de maitriser la quantit\u00e9 appliqu\u00e9e .aux extraits de plantes , la lotion va nettoyer et prot\u00e9ger [&#8230;]\n","protected":false},"featured_media":24428,"template":"","meta":{"jetpack_publicize_message":"","jetpack_publicize_feature_enabled":true,"jetpack_social_post_already_shared":true,"jetpack_social_options":{"image_generator_settings":{"template":"highway","default_image_id":0,"font":"","enabled":false},"version":2}},"product_brand":[],"product_cat":[225,224],"product_tag":[],"class_list":{"0":"post-24427","1":"product","2":"type-product","3":"status-publish","4":"has-post-thumbnail","6":"product_cat-lingettes-serviettes-hygiene-et-soins-pour-chat","7":"product_cat-lingettes-serviettes","9":"first","10":"outofstock","11":"taxable","12":"shipping-taxable","13":"purchasable","14":"product-type-simple"},"supplier_id":5588,"supplier_sku":"79578","barcode":"6110201379578","atum_controlled":true,"out_stock_date":"2026-04-29 17:00:44","out_stock_threshold":null,"inheritable":false,"inbound_stock":0,"stock_on_hold":0,"sold_today":0,"sales_last_days":2,"reserved_stock":0,"customer_returns":0,"warehouse_damage":0,"lost_in_post":0,"other_logs":0,"out_stock_days":12,"lost_sales":168,"has_location":false,"update_date":"2026-05-12T00:22:16","atum_locations":[],"atum_stock_status":"outofstock","restock_status":false,"low_stock_amount":2,"sales_update_date":"2026-05-12T00:22:16","calc_backorders":null,"jetpack_publicize_connections":[],"jetpack_sharing_enabled":true,"batches":[{"id":"4354","date_created":"2025-07-12 21:23:18","date_expiry":"2028-04-30 00:00:00","user_id":"50","batch_number":"lot042028","location":"","quantity":"10.0000","quantity_available":"0.0000","units":"1","status":"archived","order_ids":"[25100,25442,26652,27201,28010,29518,30568,31013,32337,33226]","supplier":"mera","po":{"id":"4319","date_created":"2025-07-12 21:23:19","batch_id":"4354","po_number":"","supplier":"mera","cost":null,"regular_price":null,"sale_price":null,"price_margin":null,"price_discount":null}},{"id":"7082","date_created":"2026-01-07 14:54:17","date_expiry":"2028-11-30 00:00:00","user_id":"50","batch_number":"lot301128","location":"","quantity":"5.0000","quantity_available":"0.0000","units":"1","status":"archived","order_ids":"[33775,34767,35297,40921,41013]","supplier":"mera","po":{"id":"7018","date_created":"2026-01-07 14:54:20","batch_id":"7082","po_number":"","supplier":"mera","cost":null,"regular_price":null,"sale_price":null,"price_margin":null,"price_discount":null}}],"_links":{"self":[{"href":"https:\/\/petworld.ma\/index.php\/wp-json\/wp\/v2\/product\/24427","targetHints":{"allow":["GET"]}}],"collection":[{"href":"https:\/\/petworld.ma\/index.php\/wp-json\/wp\/v2\/product"}],"about":[{"href":"https:\/\/petworld.ma\/index.php\/wp-json\/wp\/v2\/types\/product"}],"wp:featuredmedia":[{"embeddable":true,"href":"https:\/\/petworld.ma\/index.php\/wp-json\/wp\/v2\/media\/24428"}],"wp:attachment":[{"href":"https:\/\/petworld.ma\/index.php\/wp-json\/wp\/v2\/media?parent=24427"}],"wp:term":[{"taxonomy":"product_brand","embeddable":true,"href":"https:\/\/petworld.ma\/index.php\/wp-json\/wp\/v2\/product_brand?post=24427"},{"taxonomy":"product_cat","embeddable":true,"href":"https:\/\/petworld.ma\/index.php\/wp-json\/wp\/v2\/product_cat?post=24427"},{"taxonomy":"product_tag","embeddable":true,"href":"https:\/\/petworld.ma\/index.php\/wp-json\/wp\/v2\/product_tag?post=24427"}],"curies":[{"name":"wp","href":"https:\/\/api.w.org\/{rel}","templated":true}]}}